File: //home/dfwparty/access-logs/smartcardcontacts.com.dfw.party-ssl_log
198.175.150.9 - - [17/Jul/2026:19:32:39 -0600] "POST /wp-cron.php?doing_wp_cron=1784338359.5942230224609375000000 HTTP/1.1" 200 0 "-" "WordPress/7.0.1; https://smartcardcontacts.com"
198.175.150.9 - - [17/Jul/2026:19:32:39 -0600] "POST /wp-cron.php?doing_wp_cron=1784338359.6198348999023437500000 HTTP/1.1" 200 0 "-" "WordPress/7.0.1; https://smartcardcontacts.com"
74.7.175.176 - - [17/Jul/2026:19:32:37 -0600] "GET /robots.txt HTTP/2" 200 103 "-" "Mozilla/5.0 (Macintosh; Intel Mac OS X 10_15_7) AppleWebKit/537.36 (KHTML, like Gecko) Chrome/131.0.0.0 Safari/537.36; compatible; OAI-SearchBot/1.4; robots.txt; +https://openai.com/searchbot"
198.175.150.9 - - [17/Jul/2026:19:32:39 -0600] "POST /wp-cron.php?doing_wp_cron=1784338359.6110839843750000000000 HTTP/1.1" 200 0 "-" "WordPress/7.0.1; https://smartcardcontacts.com"
157.245.38.240 - - [17/Jul/2026:20:02:33 -0600] "GET / HTTP/1.1" 401 53 "-" "Mozilla/5.0 (X11; Linux x86_64; rv:142.0) Gecko/20100101 Firefox/142.0"
157.245.38.240 - - [17/Jul/2026:20:02:35 -0600] "GET /favicon.ico HTTP/1.1" 401 53 "https://cpcontacts.smartcardcontacts.com/" "Mozilla/5.0 (X11; Linux x86_64; rv:142.0) Gecko/20100101 Firefox/142.0"
74.7.243.227 - - [17/Jul/2026:21:24:51 -0600] "GET / HTTP/2" 401 53 "-" "Mozilla/5.0 AppleWebKit/537.36 (KHTML, like Gecko; compatible; GPTBot/1.4; +https://openai.com/gptbot)"
198.175.150.9 - - [17/Jul/2026:21:35:43 -0600] "POST /wp-cron.php?doing_wp_cron=1784345743.3350260257720947265625 HTTP/1.1" 200 0 "-" "WordPress/7.0.1; https://smartcardcontacts.com"
3.225.222.203 - - [17/Jul/2026:21:35:41 -0600] "GET /robots.txt HTTP/1.1" 200 116 "-" "Mozilla/5.0 (Macintosh; Intel Mac OS X 10_10_1) AppleWebKit/600.2.5 (KHTML, like Gecko) Version/8.0.2 Safari/600.2.5 (Gort)"
74.7.175.160 - - [17/Jul/2026:21:24:51 -0600] "GET /robots.txt HTTP/2" 401 53 "-" "Mozilla/5.0 (Macintosh; Intel Mac OS X 10_15_7) AppleWebKit/537.36 (KHTML, like Gecko) Chrome/131.0.0.0 Safari/537.36; compatible; OAI-SearchBot/1.4; robots.txt; +https://openai.com/searchbot"
198.175.150.9 - - [17/Jul/2026:21:35:43 -0600] "POST /wp-cron.php?doing_wp_cron=1784345743.3535320758819580078125 HTTP/1.1" 200 0 "-" "WordPress/7.0.1; https://smartcardcontacts.com"
198.175.150.9 - - [17/Jul/2026:21:35:43 -0600] "POST /wp-cron.php?doing_wp_cron=1784345743.3648819923400878906250 HTTP/1.1" 200 0 "-" "WordPress/7.0.1; https://smartcardcontacts.com"
198.175.150.9 - - [17/Jul/2026:22:08:37 -0600] "POST /wp-cron.php?doing_wp_cron=1784347717.7972590923309326171875 HTTP/1.1" 200 0 "-" "WordPress/7.0.1; https://smartcardcontacts.com"
209.87.162.229 - - [17/Jul/2026:22:08:35 -0600] "GET / HTTP/1.1" 301 0 "-" "Mozilla/5.0 (X11; Ubuntu; Linux x86_64; rv:126.0) Gecko/20100101 Firefox/126.0"
209.87.162.229 - - [17/Jul/2026:22:08:38 -0600] "GET / HTTP/1.1" 200 24946 "-" "Mozilla/5.0 (X11; Ubuntu; Linux x86_64; rv:126.0) Gecko/20100101 Firefox/126.0"
209.87.162.229 - - [17/Jul/2026:22:08:38 -0600] "GET / HTTP/1.1" 200 24946 "-" "Mozilla/5.0 (X11; Ubuntu; Linux x86_64; rv:126.0) Gecko/20100101 Firefox/126.0"
209.87.162.229 - - [17/Jul/2026:22:08:35 -0600] "GET / HTTP/1.1" 200 17972 "-" "Mozilla/5.0 (X11; Ubuntu; Linux x86_64; rv:126.0) Gecko/20100101 Firefox/126.0"
209.87.162.229 - - [17/Jul/2026:22:08:38 -0600] "GET / HTTP/1.1" 200 24946 "-" "Mozilla/5.0 (X11; Ubuntu; Linux x86_64; rv:126.0) Gecko/20100101 Firefox/126.0"
198.175.150.9 - - [17/Jul/2026:22:08:41 -0600] "POST /wp-cron.php?doing_wp_cron=1784347721.1861910820007324218750 HTTP/1.1" 200 0 "-" "WordPress/7.0.1; https://smartcardcontacts.com"
198.175.150.9 - - [17/Jul/2026:22:58:59 -0600] "POST /wp-cron.php?doing_wp_cron=1784350739.0711119174957275390625 HTTP/1.1" 200 0 "-" "WordPress/7.0.1; https://smartcardcontacts.com"
74.7.244.22 - - [17/Jul/2026:22:58:59 -0600] "GET /robots.txt HTTP/2" 200 103 "https://www.smartcardcontacts.com/robots.txt" "Mozilla/5.0 (Macintosh; Intel Mac OS X 10_15_7) AppleWebKit/537.36 (KHTML, like Gecko) Chrome/131.0.0.0 Safari/537.36; compatible; OAI-SearchBot/1.4; robots.txt; +https://openai.com/searchbot"
198.175.150.9 - - [17/Jul/2026:22:58:59 -0600] "POST /wp-cron.php?doing_wp_cron=1784350739.0856831073760986328125 HTTP/1.1" 200 0 "-" "WordPress/7.0.1; https://smartcardcontacts.com"
198.175.150.9 - - [17/Jul/2026:22:58:59 -0600] "POST /wp-cron.php?doing_wp_cron=1784350739.2834899425506591796875 HTTP/1.1" 200 0 "-" "WordPress/7.0.1; https://smartcardcontacts.com"
198.175.150.9 - - [17/Jul/2026:22:58:59 -0600] "POST /wp-cron.php?doing_wp_cron=1784350739.0946888923645019531250 HTTP/1.1" 200 0 "-" "WordPress/7.0.1; https://smartcardcontacts.com"
74.7.242.49 - - [17/Jul/2026:22:58:57 -0600] "GET / HTTP/2" 301 0 "-" "Mozilla/5.0 AppleWebKit/537.36 (KHTML, like Gecko; compatible; GPTBot/1.4; +https://openai.com/gptbot)"
74.7.230.61 - - [17/Jul/2026:23:04:41 -0600] "GET /robots.txt HTTP/2" 200 103 "-" "Mozilla/5.0 (Macintosh; Intel Mac OS X 10_15_7) AppleWebKit/537.36 (KHTML, like Gecko) Chrome/131.0.0.0 Safari/537.36; compatible; OAI-SearchBot/1.4; robots.txt; +https://openai.com/searchbot"
74.7.227.160 - - [17/Jul/2026:23:04:42 -0600] "GET / HTTP/2" 301 0 "-" "Mozilla/5.0 AppleWebKit/537.36 (KHTML, like Gecko; compatible; GPTBot/1.4; +https://openai.com/gptbot)"
74.7.244.22 - - [17/Jul/2026:22:58:58 -0600] "GET /robots.txt HTTP/2" 301 0 "-" "Mozilla/5.0 (Macintosh; Intel Mac OS X 10_15_7) AppleWebKit/537.36 (KHTML, like Gecko) Chrome/131.0.0.0 Safari/537.36; compatible; OAI-SearchBot/1.4; robots.txt; +https://openai.com/searchbot"
43.165.170.119 - - [18/Jul/2026:00:22:27 -0600] "GET / HTTP/1.1" 200 24943 "http://smartcardcontacts.com" "Mozilla/5.0 (iPhone; CPU iPhone OS 13_2_3 like Mac OS X) AppleWebKit/605.1.15 (KHTML, like Gecko) Version/13.0.3 Mobile/15E148 Safari/604.1"
198.175.150.9 - - [18/Jul/2026:02:10:19 -0600] "POST /wp-cron.php?doing_wp_cron=1784362219.0857369899749755859375 HTTP/1.1" 200 0 "-" "WordPress/7.0.1; https://smartcardcontacts.com"
43.166.244.192 - - [18/Jul/2026:02:22:00 -0600] "GET /feed/ HTTP/1.1" 200 6901 "-" "Mozilla/5.0 (iPhone; CPU iPhone OS 13_2_3 like Mac OS X) AppleWebKit/605.1.15 (KHTML, like Gecko) Version/13.0.3 Mobile/15E148 Safari/604.1"
198.175.150.9 - - [18/Jul/2026:01:49:15 -0600] "POST /wp-cron.php?doing_wp_cron=1784360955.6555340290069580078125 HTTP/1.1" 200 0 "-" "WordPress/7.0.1; https://smartcardcontacts.com"
74.7.242.35 - - [18/Jul/2026:02:10:17 -0600] "GET /wp-sitemap.xml HTTP/2" 200 196 "-" "Mozilla/5.0 AppleWebKit/537.36 (KHTML, like Gecko; compatible; GPTBot/1.4; +https://openai.com/gptbot)"
45.132.227.16 - - [18/Jul/2026:01:49:11 -0600] "GET /wp-login.php HTTP/1.1" 200 2343 "-" "Mozilla/5.0 (Windows NT 10.0; Win64; x64) AppleWebKit/537.36 Chrome/129.0.0.0 Safari/537.36"
198.175.150.9 - - [18/Jul/2026:01:49:15 -0600] "POST /wp-cron.php?doing_wp_cron=1784360955.6407740116119384765625 HTTP/1.1" 200 0 "-" "WordPress/7.0.1; https://smartcardcontacts.com"
45.132.227.16 - - [18/Jul/2026:01:49:14 -0600] "GET /?author=1 HTTP/1.1" 301 0 "-" "Mozilla/5.0 (Macintosh; Intel Mac OS X 10_15_7) AppleWebKit/605.1.15 Version/17.0 Safari/605.1.15"
45.132.227.16 - - [18/Jul/2026:01:49:15 -0600] "GET /?rest_route=/wp/v2/users HTTP/1.1" 200 380 "-" "Mozilla/5.0 (Windows NT 10.0; Win64; x64) AppleWebKit/537.36 Chrome/129.0.0.0 Safari/537.36"
74.7.175.176 - - [18/Jul/2026:02:10:17 -0600] "GET /robots.txt HTTP/2" 200 103 "-" "Mozilla/5.0 (Macintosh; Intel Mac OS X 10_15_7) AppleWebKit/537.36 (KHTML, like Gecko) Chrome/131.0.0.0 Safari/537.36; compatible; OAI-SearchBot/1.4; robots.txt; +https://openai.com/searchbot"
198.175.150.9 - - [18/Jul/2026:02:22:02 -0600] "POST /wp-cron.php?doing_wp_cron=1784362922.3549160957336425781250 HTTP/1.1" 200 0 "-" "WordPress/7.0.1; https://smartcardcontacts.com"
139.155.134.17 - - [18/Jul/2026:02:42:03 -0600] "GET / HTTP/1.1" 200 24932 "http://smartcardcontacts.com" "Mozilla/5.0 (iPhone; CPU iPhone OS 13_2_3 like Mac OS X) AppleWebKit/605.1.15 (KHTML, like Gecko) Version/13.0.3 Mobile/15E148 Safari/604.1"
198.175.150.9 - - [18/Jul/2026:03:14:17 -0600] "POST /wp-cron.php?doing_wp_cron=1784366057.9599800109863281250000 HTTP/1.1" 200 0 "-" "WordPress/7.0.1; https://smartcardcontacts.com"
104.237.151.163 - - [18/Jul/2026:03:14:16 -0600] "GET /robots.txt HTTP/1.1" 200 116 "-" "Mozilla/5.0 (compatible; SaaSBrowserBot/1.0; +https://saasbrowser.com/bot)"
198.175.150.9 - - [18/Jul/2026:03:14:17 -0600] "POST /wp-cron.php?doing_wp_cron=1784366057.9391269683837890625000 HTTP/1.1" 200 0 "-" "WordPress/7.0.1; https://smartcardcontacts.com"
198.175.150.9 - - [18/Jul/2026:03:14:17 -0600] "POST /wp-cron.php?doing_wp_cron=1784366057.9729540348052978515625 HTTP/1.1" 200 0 "-" "WordPress/7.0.1; https://smartcardcontacts.com"
104.237.151.163 - - [18/Jul/2026:03:14:21 -0600] "GET / HTTP/1.1" 200 24945 "-" "Mozilla/5.0 (compatible; SaaSBrowserBot/1.0; +https://saasbrowser.com/bot)"
104.237.151.163 - - [18/Jul/2026:03:14:18 -0600] "GET / HTTP/1.1" 200 17973 "-" "Mozilla/5.0 (compatible; SaaSBrowserBot/1.0; +https://saasbrowser.com/bot)"
198.175.150.9 - - [18/Jul/2026:03:38:53 -0600] "POST /wp-cron.php?doing_wp_cron=1784367533.9800910949707031250000 HTTP/1.1" 200 0 "-" "WordPress/7.0.1; https://smartcardcontacts.com"
13.56.237.55 - - [18/Jul/2026:03:37:11 -0600] "GET / HTTP/1.1" 200 24946 "-" "Mozilla/5.0 (X11; Linux x86_64) AppleWebKit/537.36 (KHTML, like Gecko) Chrome/137.0.0.0 Safari/537.36"
43.153.79.218 - - [18/Jul/2026:03:38:52 -0600] "GET /susan-keys/ HTTP/1.1" 200 24567 "-" "Mozilla/5.0 (iPhone; CPU iPhone OS 13_2_3 like Mac OS X) AppleWebKit/605.1.15 (KHTML, like Gecko) Version/13.0.3 Mobile/15E148 Safari/604.1"
198.175.150.9 - - [18/Jul/2026:04:45:13 -0600] "POST /wp-cron.php?doing_wp_cron=1784371513.2921309471130371093750 HTTP/1.1" 200 0 "-" "WordPress/7.0.1; https://smartcardcontacts.com"
198.175.150.9 - - [18/Jul/2026:04:45:20 -0600] "POST /wp-admin/upgrade.php?step=upgrade_db HTTP/1.1" 200 21 "-" "WordPress/7.0.1; https://smartcardcontacts.com"
198.175.150.9 - - [18/Jul/2026:04:45:26 -0600] "HEAD / HTTP/1.1" 200 0 "-" "-"
198.175.150.9 - - [18/Jul/2026:04:44:45 -0600] "POST /wp-cron.php?doing_wp_cron=1784371485.0142300128936767578125 HTTP/1.1" 200 0 "-" "WordPress/7.0.1; https://smartcardcontacts.com"
198.175.150.9 - - [18/Jul/2026:04:45:13 -0600] "POST /wp-cron.php?doing_wp_cron=1784371513.3239660263061523437500 HTTP/1.1" 200 0 "-" "WordPress/7.0.1; https://smartcardcontacts.com"
198.175.150.9 - - [18/Jul/2026:04:45:12 -0600] "HEAD / HTTP/1.1" 200 0 "-" "-"
43.165.186.188 - - [18/Jul/2026:05:36:07 -0600] "GET / HTTP/1.1" 200 24942 "http://www.smartcardcontacts.com" "Mozilla/5.0 (iPhone; CPU iPhone OS 13_2_3 like Mac OS X) AppleWebKit/605.1.15 (KHTML, like Gecko) Version/13.0.3 Mobile/15E148 Safari/604.1"
198.175.150.9 - - [18/Jul/2026:06:22:48 -0600] "POST /wp-cron.php?doing_wp_cron=1784377368.5434300899505615234375 HTTP/1.1" 200 0 "-" "WordPress/7.0.2; https://smartcardcontacts.com"
198.175.150.9 - - [18/Jul/2026:06:22:48 -0600] "POST /wp-cron.php?doing_wp_cron=1784377368.5692429542541503906250 HTTP/1.1" 200 0 "-" "WordPress/7.0.2; https://smartcardcontacts.com"
198.175.150.9 - - [18/Jul/2026:06:22:48 -0600] "POST /wp-cron.php?doing_wp_cron=1784377368.5687699317932128906250 HTTP/1.1" 200 0 "-" "WordPress/7.0.2; https://smartcardcontacts.com"
198.175.150.9 - - [18/Jul/2026:06:22:48 -0600] "POST /wp-cron.php?doing_wp_cron=1784377368.6280300617218017578125 HTTP/1.1" 200 0 "-" "WordPress/7.0.2; https://smartcardcontacts.com"
74.7.243.217 - - [18/Jul/2026:06:22:44 -0600] "GET / HTTP/2" 301 0 "-" "Mozilla/5.0 AppleWebKit/537.36 (KHTML, like Gecko; compatible; GPTBot/1.4; +https://openai.com/gptbot)"
198.175.150.9 - - [18/Jul/2026:07:32:35 -0600] "POST /wp-cron.php?doing_wp_cron=1784381555.9347710609436035156250 HTTP/1.1" 200 0 "-" "WordPress/7.0.2; https://smartcardcontacts.com"
198.175.150.9 - - [18/Jul/2026:06:22:48 -0600] "POST /wp-cron.php?doing_wp_cron=1784377368.5440850257873535156250 HTTP/1.1" 200 0 "-" "WordPress/7.0.2; https://smartcardcontacts.com"
198.175.150.9 - - [18/Jul/2026:06:22:48 -0600] "POST /wp-cron.php?doing_wp_cron=1784377368.6284620761871337890625 HTTP/1.1" 200 0 "-" "WordPress/7.0.2; https://smartcardcontacts.com"
74.7.230.51 - - [18/Jul/2026:06:22:44 -0600] "GET /robots.txt HTTP/2" 200 103 "-" "Mozilla/5.0 (Macintosh; Intel Mac OS X 10_15_7) AppleWebKit/537.36 (KHTML, like Gecko) Chrome/131.0.0.0 Safari/537.36; compatible; OAI-SearchBot/1.4; robots.txt; +https://openai.com/searchbot"
198.175.150.9 - - [18/Jul/2026:09:45:39 -0600] "POST /wp-cron.php?doing_wp_cron=1784389539.9665501117706298828125 HTTP/1.1" 200 0 "-" "WordPress/7.0.2; https://smartcardcontacts.com"
172.237.147.67 - - [18/Jul/2026:09:45:38 -0600] "HEAD / HTTP/2" 200 0 "-" "Mozilla/5.0 (compatible; SSL-Checker/2.0)"
192.36.109.108 - - [18/Jul/2026:10:10:57 -0600] "GET / HTTP/1.1" 200 24946 "http://smartcardcontacts.com/" "Mozilla/5.0 (Windows NT 6.3; Win64; x64; rv:109.0) Gecko/20100101 Firefox/115"
54.159.100.163 - - [18/Jul/2026:11:23:58 -0600] "GET / HTTP/1.1" 200 105131 "-" "Mozilla/5.0 (compatible; DotBot/1.1; http://www.opensiteexplorer.org/dotbot, help@moz.com)"
54.159.100.163 - - [18/Jul/2026:11:40:18 -0600] "GET / HTTP/1.1" 200 105131 "-" "Mozilla/5.0 (compatible; DotBot/1.1; http://www.opensiteexplorer.org/dotbot, help@moz.com)"
198.175.150.9 - - [18/Jul/2026:11:40:15 -0600] "POST /wp-cron.php?doing_wp_cron=1784396415.2475900650024414062500 HTTP/1.1" 200 0 "-" "WordPress/7.0.2; https://smartcardcontacts.com"
54.159.100.163 - - [18/Jul/2026:11:40:13 -0600] "GET /robots.txt HTTP/1.1" 200 122 "-" "Mozilla/5.0 (compatible; DotBot/1.1; http://www.opensiteexplorer.org/dotbot, help@moz.com)"
54.159.100.163 - - [18/Jul/2026:11:40:15 -0600] "GET /feed/ HTTP/1.1" 200 60382 "-" "Mozilla/5.0 (compatible; DotBot/1.1; http://www.opensiteexplorer.org/dotbot, help@moz.com)"
149.56.160.200 - - [18/Jul/2026:12:18:49 -0600] "GET / HTTP/1.1" 200 84432 "-" "Mozilla/5.0 (compatible; Dataprovider.com)"
149.56.150.31 - - [18/Jul/2026:12:19:20 -0600] "GET / HTTP/2" 200 21681 "-" "Mozilla/5.0 (compatible; Dataprovider.com)"
149.56.150.31 - - [18/Jul/2026:12:19:22 -0600] "GET /wp-content/themes/astra/assets/css/minified/main.min.css?ver=4.13.6 HTTP/2" 200 8389 "https://smartcardcontacts.com/" "Mozilla/5.0 (compatible; Dataprovider.com)"
149.56.150.31 - - [18/Jul/2026:12:19:22 -0600] "GET /wp-content/uploads/astra-addon/astra-addon-6a439d8eed5387-96069412.css?ver=4.13.5 HTTP/2" 200 2401 "https://smartcardcontacts.com/" "Mozilla/5.0 (compatible; Dataprovider.com)"
149.56.150.31 - - [18/Jul/2026:12:19:22 -0600] "GET /wp-content/plugins/elementor/assets/lib/eicons/css/elementor-icons.min.css?ver=5.50.0 HTTP/2" 200 4123 "https://smartcardcontacts.com/" "Mozilla/5.0 (compatible; Dataprovider.com)"
149.56.150.31 - - [18/Jul/2026:12:19:22 -0600] "GET /wp-content/plugins/elementor/assets/css/frontend.min.css?ver=4.1.5 HTTP/2" 200 6613 "https://smartcardcontacts.com/" "Mozilla/5.0 (compatible; Dataprovider.com)"
149.56.150.31 - - [18/Jul/2026:12:19:22 -0600] "GET /wp-content/uploads/elementor/css/post-10.css?ver=1784253626 HTTP/2" 200 343 "https://smartcardcontacts.com/" "Mozilla/5.0 (compatible; Dataprovider.com)"
149.56.150.31 - - [18/Jul/2026:12:19:22 -0600] "GET /wp-content/plugins/elementor/assets/css/widget-social-icons.min.css?ver=3.24.0 HTTP/2" 200 1039 "https://smartcardcontacts.com/" "Mozilla/5.0 (compatible; Dataprovider.com)"
149.56.150.31 - - [18/Jul/2026:12:19:22 -0600] "GET /wp-content/plugins/elementor/assets/lib/font-awesome/css/brands.css?ver=5.15.3 HTTP/2" 200 296 "https://smartcardcontacts.com/" "Mozilla/5.0 (compatible; Dataprovider.com)"
149.56.150.31 - - [18/Jul/2026:12:19:22 -0600] "GET /wp-content/plugins/elementor/assets/lib/font-awesome/css/fontawesome.css?ver=5.15.3 HTTP/2" 200 12526 "https://smartcardcontacts.com/" "Mozilla/5.0 (compatible; Dataprovider.com)"
149.56.150.31 - - [18/Jul/2026:12:19:22 -0600] "GET /wp-content/plugins/ultimate-elementor/assets/min-css/uael-frontend.min.css?ver=1.45.1 HTTP/2" 200 78024 "https://smartcardcontacts.com/" "Mozilla/5.0 (compatible; Dataprovider.com)"
149.56.150.31 - - [18/Jul/2026:12:19:22 -0600] "GET /wp-content/uploads/elementor/css/post-15.css?ver=1784253626 HTTP/2" 200 153 "https://smartcardcontacts.com/" "Mozilla/5.0 (compatible; Dataprovider.com)"
149.56.150.31 - - [18/Jul/2026:12:19:22 -0600] "GET /wp-content/plugins/elementor/assets/lib/font-awesome/css/solid.css?ver=5.15.3 HTTP/2" 200 296 "https://smartcardcontacts.com/" "Mozilla/5.0 (compatible; Dataprovider.com)"
149.56.150.31 - - [18/Jul/2026:12:19:22 -0600] "GET /wp-content/uploads/elementor/google-fonts/css/roboto.css?ver=1742226811 HTTP/2" 200 1867 "https://smartcardcontacts.com/" "Mozilla/5.0 (compatible; Dataprovider.com)"
149.56.150.31 - - [18/Jul/2026:12:19:22 -0600] "GET /wp-content/uploads/elementor/google-fonts/css/robotoslab.css?ver=1742226817 HTTP/2" 200 708 "https://smartcardcontacts.com/" "Mozilla/5.0 (compatible; Dataprovider.com)"
149.56.150.31 - - [18/Jul/2026:12:19:22 -0600] "GET /wp-includes/js/jquery/jquery.min.js?ver=3.7.1 HTTP/2" 200 29744 "https://smartcardcontacts.com/" "Mozilla/5.0 (compatible; Dataprovider.com)"
149.56.150.31 - - [18/Jul/2026:12:19:22 -0600] "GET /wp-includes/js/jquery/jquery-migrate.min.js?ver=3.4.1 HTTP/2" 200 4678 "https://smartcardcontacts.com/" "Mozilla/5.0 (compatible; Dataprovider.com)"
149.56.150.31 - - [18/Jul/2026:12:19:22 -0600] "GET /wp-content/themes/astra/assets/js/minified/frontend.min.js?ver=4.13.6 HTTP/2" 200 5693 "https://smartcardcontacts.com/" "Mozilla/5.0 (compatible; Dataprovider.com)"
149.56.150.31 - - [18/Jul/2026:12:19:22 -0600] "GET /wp-content/uploads/astra-addon/astra-addon-6a439d8eee0a37-71681315.js?ver=4.13.5 HTTP/2" 200 3191 "https://smartcardcontacts.com/" "Mozilla/5.0 (compatible; Dataprovider.com)"
149.56.160.200 - - [18/Jul/2026:12:18:43 -0600] "GET / HTTP/2" 200 105131 "-" "Mozilla/5.0 (compatible; Dataprovider.com)"
149.56.160.200 - - [18/Jul/2026:12:18:46 -0600] "GET /robots.txt HTTP/2" 200 122 "-" "Mozilla/5.0 (compatible; Dataprovider.com)"
149.56.160.200 - - [18/Jul/2026:12:18:48 -0600] "GET /wp-sitemap.xml HTTP/2" 200 567 "-" "Mozilla/5.0 (compatible; Dataprovider.com)"
149.56.160.200 - - [18/Jul/2026:12:18:50 -0600] "GET /ads.txt HTTP/2" 404 88600 "-" "Mozilla/5.0 (compatible; Dataprovider.com)"
149.56.160.200 - - [18/Jul/2026:12:18:52 -0600] "GET / HTTP/2" 200 105142 "-" "Mozilla/5.0 (Linux; Android 10; SM-G981B) AppleWebKit/537.36 (KHTML, like Gecko) Chrome/80.0.3987.162 Mobile Safari/537.36"
149.56.160.200 - - [18/Jul/2026:12:18:54 -0600] "GET /llms.txt HTTP/2" 404 88600 "-" "Mozilla/5.0 (compatible; Dataprovider.com)"
149.56.160.200 - - [18/Jul/2026:12:18:55 -0600] "GET /security.txt HTTP/2" 404 88600 "-" "Mozilla/5.0 (compatible; Dataprovider.com)"
149.56.160.200 - - [18/Jul/2026:12:18:57 -0600] "GET /.well-known/security.txt HTTP/2" 404 88600 "-" "Mozilla/5.0 (compatible; Dataprovider.com)"
149.56.160.200 - - [18/Jul/2026:12:18:58 -0600] "GET /humans.txt HTTP/2" 404 88600 "-" "Mozilla/5.0 (compatible; Dataprovider.com)"
149.56.150.31 - - [18/Jul/2026:12:19:27 -0600] "GET /robots.txt HTTP/1.1" 301 0 "-" "Mozilla/5.0 (compatible; Dataprovider.com)"
149.56.150.31 - - [18/Jul/2026:12:19:24 -0600] "GET / HTTP/1.1" 301 0 "-" "Mozilla/5.0 (compatible; Dataprovider.com)"
149.56.150.31 - - [18/Jul/2026:12:19:29 -0600] "GET /robots.txt HTTP/1.1" 200 103 "-" "Mozilla/5.0 (compatible; Dataprovider.com)"
149.56.150.31 - - [18/Jul/2026:12:19:30 -0600] "OPTIONS / HTTP/1.1" 200 21680 "-" "Mozilla/5.0 (compatible; Dataprovider.com)"
149.56.150.31 - - [18/Jul/2026:12:19:25 -0600] "GET / HTTP/1.1" 200 21679 "-" "Mozilla/5.0 (compatible; Dataprovider.com)"
149.56.150.31 - - [18/Jul/2026:12:19:22 -0600] "GET /wp-content/plugins/astra-addon/assets/js/minified/purify.min.js?ver=4.13.5 HTTP/2" 200 10151 "https://smartcardcontacts.com/" "Mozilla/5.0 (compatible; Dataprovider.com)"
149.56.150.31 - - [18/Jul/2026:12:19:22 -0600] "GET /wp-content/plugins/elementor/assets/js/webpack.runtime.min.js?ver=4.1.5 HTTP/2" 200 2338 "https://smartcardcontacts.com/" "Mozilla/5.0 (compatible; Dataprovider.com)"
149.56.150.31 - - [18/Jul/2026:12:19:22 -0600] "GET /wp-content/plugins/elementor/assets/js/frontend-modules.min.js?ver=4.1.5 HTTP/2" 200 15445 "https://smartcardcontacts.com/" "Mozilla/5.0 (compatible; Dataprovider.com)"
149.56.150.31 - - [18/Jul/2026:12:19:22 -0600] "GET /wp-includes/js/jquery/ui/core.min.js?ver=1.13.3 HTTP/2" 200 6812 "https://smartcardcontacts.com/" "Mozilla/5.0 (compatible; Dataprovider.com)"
149.56.150.31 - - [18/Jul/2026:12:19:22 -0600] "GET /wp-content/plugins/elementor/assets/js/frontend.min.js?ver=4.1.5 HTTP/2" 200 10124 "https://smartcardcontacts.com/" "Mozilla/5.0 (compatible; Dataprovider.com)"
149.56.150.31 - - [18/Jul/2026:12:19:22 -0600] "GET /wp-content/plugins/elementor-pro/assets/js/webpack-pro.runtime.min.js?ver=4.1.3 HTTP/2" 200 2606 "https://smartcardcontacts.com/" "Mozilla/5.0 (compatible; Dataprovider.com)"
149.56.150.31 - - [18/Jul/2026:12:19:22 -0600] "GET /wp-includes/js/dist/hooks.min.js?ver=7496969728ca0f95732d HTTP/2" 200 1734 "https://smartcardcontacts.com/" "Mozilla/5.0 (compatible; Dataprovider.com)"
149.56.150.31 - - [18/Jul/2026:12:19:22 -0600] "GET /wp-includes/js/dist/i18n.min.js?ver=781d11515ad3d91786ec HTTP/2" 200 2354 "https://smartcardcontacts.com/" "Mozilla/5.0 (compatible; Dataprovider.com)"
149.56.150.31 - - [18/Jul/2026:12:19:22 -0600] "GET /wp-content/plugins/elementor-pro/assets/js/frontend.min.js?ver=4.1.3 HTTP/2" 200 6191 "https://smartcardcontacts.com/" "Mozilla/5.0 (compatible; Dataprovider.com)"
149.56.150.31 - - [18/Jul/2026:12:19:22 -0600] "GET /wp-content/plugins/elementor-pro/assets/js/elements-handlers.min.js?ver=4.1.3 HTTP/2" 200 10079 "https://smartcardcontacts.com/" "Mozilla/5.0 (compatible; Dataprovider.com)"
149.56.150.31 - - [18/Jul/2026:12:19:22 -0600] "GET /wp-content/uploads/elementor/google-fonts/fonts/roboto-kfo7cnqeu92fr1me7ksn66agldtyluama3yuba.woff2 HTTP/2" 200 40128 "https://smartcardcontacts.com/wp-content/uploads/elementor/google-fonts/css/roboto.css?ver=1742226811" "Mozilla/5.0 (compatible; Dataprovider.com)"
149.56.150.31 - - [18/Jul/2026:12:19:22 -0600] "GET /wp-content/plugins/elementor/assets/js/section-frontend-handlers.d85ab872da118940910d.bundle.min.js HTTP/2" 200 229 "https://smartcardcontacts.com/" "Mozilla/5.0 (compatible; Dataprovider.com)"
149.56.150.31 - - [18/Jul/2026:12:19:22 -0600] "GET /wp-content/plugins/elementor/assets/js/shared-frontend-handlers.03caa53373b56d3bab67.bundle.min.js HTTP/2" 200 2511 "https://smartcardcontacts.com/" "Mozilla/5.0 (compatible; Dataprovider.com)"
149.56.150.31 - - [18/Jul/2026:12:19:22 -0600] "GET /wp-content/plugins/elementor/assets/js/text-editor.45609661e409413f1cef.bundle.min.js HTTP/2" 200 592 "https://smartcardcontacts.com/" "Mozilla/5.0 (compatible; Dataprovider.com)"
149.56.150.31 - - [18/Jul/2026:12:19:22 -0600] "GET /wp-includes/js/wp-emoji-release.min.js?ver=7.0.2 HTTP/2" 200 4974 "https://smartcardcontacts.com/" "Mozilla/5.0 (compatible; Dataprovider.com)"
198.175.150.9 - - [18/Jul/2026:14:26:11 -0600] "POST /wp-cron.php?doing_wp_cron=1784406371.5919620990753173828125 HTTP/1.1" 200 0 "-" "WordPress/7.0.2; https://smartcardcontacts.com"
172.56.189.43 - - [18/Jul/2026:14:26:12 -0600] "GET /wp-content/themes/astra/assets/css/minified/main.min.css?ver=4.13.6 HTTP/2" 200 8389 "https://smartcardcontacts.com/carol-clown/" "Mozilla/5.0 (Linux; Android 10; K) AppleWebKit/537.36 (KHTML, like Gecko) Chrome/150.0.0.0 Mobile Safari/537.36"
172.56.189.43 - - [18/Jul/2026:14:26:12 -0600] "GET /wp-content/uploads/astra-addon/astra-addon-6a439d8eed5387-96069412.css?ver=4.13.5 HTTP/2" 200 2401 "https://smartcardcontacts.com/carol-clown/" "Mozilla/5.0 (Linux; Android 10; K) AppleWebKit/537.36 (KHTML, like Gecko) Chrome/150.0.0.0 Mobile Safari/537.36"
172.56.189.43 - - [18/Jul/2026:14:26:12 -0600] "GET /wp-content/uploads/elementor/css/post-10.css?ver=1784253626 HTTP/2" 200 343 "https://smartcardcontacts.com/carol-clown/" "Mozilla/5.0 (Linux; Android 10; K) AppleWebKit/537.36 (KHTML, like Gecko) Chrome/150.0.0.0 Mobile Safari/537.36"
172.56.189.43 - - [18/Jul/2026:14:26:12 -0600] "GET /wp-content/plugins/elementor/assets/lib/eicons/css/elementor-icons.min.css?ver=5.50.0 HTTP/2" 200 4123 "https://smartcardcontacts.com/carol-clown/" "Mozilla/5.0 (Linux; Android 10; K) AppleWebKit/537.36 (KHTML, like Gecko) Chrome/150.0.0.0 Mobile Safari/537.36"
172.56.189.43 - - [18/Jul/2026:14:26:12 -0600] "GET /wp-content/plugins/elementor/assets/css/frontend.min.css?ver=4.1.5 HTTP/2" 200 6613 "https://smartcardcontacts.com/carol-clown/" "Mozilla/5.0 (Linux; Android 10; K) AppleWebKit/537.36 (KHTML, like Gecko) Chrome/150.0.0.0 Mobile Safari/537.36"
172.56.189.43 - - [18/Jul/2026:14:26:12 -0600] "GET /wp-content/plugins/elementor/assets/css/widget-social-icons.min.css?ver=3.24.0 HTTP/2" 200 1039 "https://smartcardcontacts.com/carol-clown/" "Mozilla/5.0 (Linux; Android 10; K) AppleWebKit/537.36 (KHTML, like Gecko) Chrome/150.0.0.0 Mobile Safari/537.36"
172.56.189.43 - - [18/Jul/2026:14:26:12 -0600] "GET /wp-content/plugins/elementor/assets/lib/font-awesome/css/brands.css?ver=5.15.3 HTTP/2" 200 296 "https://smartcardcontacts.com/carol-clown/" "Mozilla/5.0 (Linux; Android 10; K) AppleWebKit/537.36 (KHTML, like Gecko) Chrome/150.0.0.0 Mobile Safari/537.36"
172.56.189.43 - - [18/Jul/2026:14:26:12 -0600] "GET /wp-content/plugins/elementor/assets/lib/font-awesome/css/solid.css?ver=5.15.3 HTTP/2" 200 296 "https://smartcardcontacts.com/carol-clown/" "Mozilla/5.0 (Linux; Android 10; K) AppleWebKit/537.36 (KHTML, like Gecko) Chrome/150.0.0.0 Mobile Safari/537.36"
172.56.189.43 - - [18/Jul/2026:14:26:12 -0600] "GET /wp-content/plugins/elementor/assets/css/widget-image.min.css?ver=4.1.5 HTTP/2" 200 96 "https://smartcardcontacts.com/carol-clown/" "Mozilla/5.0 (Linux; Android 10; K) AppleWebKit/537.36 (KHTML, like Gecko) Chrome/150.0.0.0 Mobile Safari/537.36"
172.56.189.43 - - [18/Jul/2026:14:26:12 -0600] "GET /wp-content/plugins/ultimate-elementor/assets/min-css/uael-frontend.min.css?ver=1.45.1 HTTP/2" 200 78024 "https://smartcardcontacts.com/carol-clown/" "Mozilla/5.0 (Linux; Android 10; K) AppleWebKit/537.36 (KHTML, like Gecko) Chrome/150.0.0.0 Mobile Safari/537.36"
172.56.189.43 - - [18/Jul/2026:14:26:12 -0600] "GET /wp-content/uploads/elementor/css/post-322.css?ver=1784269741 HTTP/2" 200 486 "https://smartcardcontacts.com/carol-clown/" "Mozilla/5.0 (Linux; Android 10; K) AppleWebKit/537.36 (KHTML, like Gecko) Chrome/150.0.0.0 Mobile Safari/537.36"
172.56.189.43 - - [18/Jul/2026:14:26:12 -0600] "GET /wp-content/plugins/elementor/assets/lib/font-awesome/css/fontawesome.css?ver=5.15.3 HTTP/2" 200 12526 "https://smartcardcontacts.com/carol-clown/" "Mozilla/5.0 (Linux; Android 10; K) AppleWebKit/537.36 (KHTML, like Gecko) Chrome/150.0.0.0 Mobile Safari/537.36"
172.56.189.43 - - [18/Jul/2026:14:26:12 -0600] "GET /wp-content/uploads/elementor/google-fonts/css/roboto.css?ver=1742226811 HTTP/2" 200 1867 "https://smartcardcontacts.com/carol-clown/" "Mozilla/5.0 (Linux; Android 10; K) AppleWebKit/537.36 (KHTML, like Gecko) Chrome/150.0.0.0 Mobile Safari/537.36"
172.56.189.43 - - [18/Jul/2026:14:26:12 -0600] "GET /wp-content/uploads/elementor/google-fonts/css/robotoslab.css?ver=1742226817 HTTP/2" 200 708 "https://smartcardcontacts.com/carol-clown/" "Mozilla/5.0 (Linux; Android 10; K) AppleWebKit/537.36 (KHTML, like Gecko) Chrome/150.0.0.0 Mobile Safari/537.36"
172.56.189.43 - - [18/Jul/2026:14:26:12 -0600] "GET /wp-content/plugins/elementor/assets/lib/font-awesome/css/fontawesome.min.css?ver=5.15.3 HTTP/2" 200 12164 "https://smartcardcontacts.com/carol-clown/" "Mozilla/5.0 (Linux; Android 10; K) AppleWebKit/537.36 (KHTML, like Gecko) Chrome/150.0.0.0 Mobile Safari/537.36"
172.56.189.43 - - [18/Jul/2026:14:26:12 -0600] "GET /wp-content/plugins/elementor/assets/lib/font-awesome/css/solid.min.css?ver=5.15.3 HTTP/2" 200 286 "https://smartcardcontacts.com/carol-clown/" "Mozilla/5.0 (Linux; Android 10; K) AppleWebKit/537.36 (KHTML, like Gecko) Chrome/150.0.0.0 Mobile Safari/537.36"
172.56.189.43 - - [18/Jul/2026:14:26:12 -0600] "GET /wp-includes/js/jquery/jquery-migrate.min.js?ver=3.4.1 HTTP/2" 200 4678 "https://smartcardcontacts.com/carol-clown/" "Mozilla/5.0 (Linux; Android 10; K) AppleWebKit/537.36 (KHTML, like Gecko) Chrome/150.0.0.0 Mobile Safari/537.36"
172.56.189.43 - - [18/Jul/2026:14:26:12 -0600] "GET /wp-includes/js/jquery/jquery.min.js?ver=3.7.1 HTTP/2" 200 29744 "https://smartcardcontacts.com/carol-clown/" "Mozilla/5.0 (Linux; Android 10; K) AppleWebKit/537.36 (KHTML, like Gecko) Chrome/150.0.0.0 Mobile Safari/537.36"
198.175.150.9 - - [18/Jul/2026:14:26:12 -0600] "POST /wp-cron.php?doing_wp_cron=1784406372.5377299785614013671875 HTTP/1.1" 200 0 "-" "WordPress/7.0.2; https://smartcardcontacts.com"
172.56.189.43 - - [18/Jul/2026:14:26:09 -0600] "GET /carol-clown/ HTTP/2" 200 21490 "-" "Mozilla/5.0 (Linux; Android 10; K) AppleWebKit/537.36 (KHTML, like Gecko) Chrome/150.0.0.0 Mobile Safari/537.36"
172.56.189.43 - - [18/Jul/2026:14:26:12 -0600] "GET /wp-content/plugins/unlimited-elements-for-elementor-premium/assets_libraries/font-awesome6/fontawesome-all.min.css HTTP/2" 200 22276 "https://smartcardcontacts.com/carol-clown/" "Mozilla/5.0 (Linux; Android 10; K) AppleWebKit/537.36 (KHTML, like Gecko) Chrome/150.0.0.0 Mobile Safari/537.36"
172.56.189.43 - - [18/Jul/2026:14:26:12 -0600] "GET /wp-content/uploads/2024/09/Candy-The-Clown.jpg HTTP/2" 200 45888 "https://smartcardcontacts.com/carol-clown/" "Mozilla/5.0 (Linux; Android 10; K) AppleWebKit/537.36 (KHTML, like Gecko) Chrome/150.0.0.0 Mobile Safari/537.36"
172.56.189.43 - - [18/Jul/2026:14:26:12 -0600] "GET /wp-content/plugins/unlimited-elements-for-elementor-premium/assets_libraries/font-awesome6/fontawesome-v4-shims.min.css HTTP/2" 200 3829 "https://smartcardcontacts.com/carol-clown/" "Mozilla/5.0 (Linux; Android 10; K) AppleWebKit/537.36 (KHTML, like Gecko) Chrome/150.0.0.0 Mobile Safari/537.36"
172.56.189.43 - - [18/Jul/2026:14:26:12 -0600] "GET /wp-content/uploads/2024/09/candy.jpg HTTP/2" 200 87110 "https://smartcardcontacts.com/carol-clown/" "Mozilla/5.0 (Linux; Android 10; K) AppleWebKit/537.36 (KHTML, like Gecko) Chrome/150.0.0.0 Mobile Safari/537.36"
172.56.189.43 - - [18/Jul/2026:14:26:12 -0600] "GET /wp-content/uploads/astra-addon/astra-addon-6a439d8eee0a37-71681315.js?ver=4.13.5 HTTP/2" 200 3191 "https://smartcardcontacts.com/carol-clown/" "Mozilla/5.0 (Linux; Android 10; K) AppleWebKit/537.36 (KHTML, like Gecko) Chrome/150.0.0.0 Mobile Safari/537.36"
172.56.189.43 - - [18/Jul/2026:14:26:12 -0600] "GET /wp-content/plugins/elementor/assets/js/webpack.runtime.min.js?ver=4.1.5 HTTP/2" 200 2338 "https://smartcardcontacts.com/carol-clown/" "Mozilla/5.0 (Linux; Android 10; K) AppleWebKit/537.36 (KHTML, like Gecko) Chrome/150.0.0.0 Mobile Safari/537.36"
172.56.189.43 - - [18/Jul/2026:14:26:12 -0600] "GET /wp-includes/js/jquery/ui/core.min.js?ver=1.13.3 HTTP/2" 200 6812 "https://smartcardcontacts.com/carol-clown/" "Mozilla/5.0 (Linux; Android 10; K) AppleWebKit/537.36 (KHTML, like Gecko) Chrome/150.0.0.0 Mobile Safari/537.36"
172.56.189.43 - - [18/Jul/2026:14:26:12 -0600] "GET /wp-content/plugins/elementor/assets/js/frontend.min.js?ver=4.1.5 HTTP/2" 200 10124 "https://smartcardcontacts.com/carol-clown/" "Mozilla/5.0 (Linux; Android 10; K) AppleWebKit/537.36 (KHTML, like Gecko) Chrome/150.0.0.0 Mobile Safari/537.36"
172.56.189.43 - - [18/Jul/2026:14:26:12 -0600] "GET /wp-content/uploads/ac_assets/ue_vcard_button/vard-creator-v0.6.0.js?ver=2.0.13 HTTP/2" 200 3710 "https://smartcardcontacts.com/carol-clown/" "Mozilla/5.0 (Linux; Android 10; K) AppleWebKit/537.36 (KHTML, like Gecko) Chrome/150.0.0.0 Mobile Safari/537.36"
172.56.189.43 - - [18/Jul/2026:14:26:12 -0600] "GET /wp-content/plugins/elementor-pro/assets/js/webpack-pro.runtime.min.js?ver=4.1.3 HTTP/2" 200 2606 "https://smartcardcontacts.com/carol-clown/" "Mozilla/5.0 (Linux; Android 10; K) AppleWebKit/537.36 (KHTML, like Gecko) Chrome/150.0.0.0 Mobile Safari/537.36"
172.56.189.43 - - [18/Jul/2026:14:26:12 -0600] "GET /wp-includes/js/dist/hooks.min.js?ver=7496969728ca0f95732d HTTP/2" 200 1734 "https://smartcardcontacts.com/carol-clown/" "Mozilla/5.0 (Linux; Android 10; K) AppleWebKit/537.36 (KHTML, like Gecko) Chrome/150.0.0.0 Mobile Safari/537.36"
172.56.189.43 - - [18/Jul/2026:14:26:12 -0600] "GET /wp-includes/js/dist/i18n.min.js?ver=781d11515ad3d91786ec HTTP/2" 200 2354 "https://smartcardcontacts.com/carol-clown/" "Mozilla/5.0 (Linux; Android 10; K) AppleWebKit/537.36 (KHTML, like Gecko) Chrome/150.0.0.0 Mobile Safari/537.36"
172.56.189.43 - - [18/Jul/2026:14:26:12 -0600] "GET /wp-content/plugins/elementor-pro/assets/js/frontend.min.js?ver=4.1.3 HTTP/2" 200 6191 "https://smartcardcontacts.com/carol-clown/" "Mozilla/5.0 (Linux; Android 10; K) AppleWebKit/537.36 (KHTML, like Gecko) Chrome/150.0.0.0 Mobile Safari/537.36"
172.56.189.43 - - [18/Jul/2026:14:26:12 -0600] "GET /wp-content/uploads/2024/10/Powered-By-Smart-QR.jpg HTTP/2" 200 3580 "https://smartcardcontacts.com/carol-clown/" "Mozilla/5.0 (Linux; Android 10; K) AppleWebKit/537.36 (KHTML, like Gecko) Chrome/150.0.0.0 Mobile Safari/537.36"
172.56.189.43 - - [18/Jul/2026:14:26:12 -0600] "GET /wp-content/themes/astra/assets/js/minified/frontend.min.js?ver=4.13.6 HTTP/2" 200 5693 "https://smartcardcontacts.com/carol-clown/" "Mozilla/5.0 (Linux; Android 10; K) AppleWebKit/537.36 (KHTML, like Gecko) Chrome/150.0.0.0 Mobile Safari/537.36"
172.56.189.43 - - [18/Jul/2026:14:26:12 -0600] "GET /wp-content/plugins/astra-addon/assets/js/minified/purify.min.js?ver=4.13.5 HTTP/2" 200 10151 "https://smartcardcontacts.com/carol-clown/" "Mozilla/5.0 (Linux; Android 10; K) AppleWebKit/537.36 (KHTML, like Gecko) Chrome/150.0.0.0 Mobile Safari/537.36"
172.56.189.43 - - [18/Jul/2026:14:26:12 -0600] "GET /wp-content/plugins/elementor/assets/js/frontend-modules.min.js?ver=4.1.5 HTTP/2" 200 15445 "https://smartcardcontacts.com/carol-clown/" "Mozilla/5.0 (Linux; Android 10; K) AppleWebKit/537.36 (KHTML, like Gecko) Chrome/150.0.0.0 Mobile Safari/537.36"
172.56.189.43 - - [18/Jul/2026:14:26:12 -0600] "GET /wp-content/uploads/elementor/google-fonts/fonts/roboto-kfo7cnqeu92fr1me7ksn66agldtyluama3yuba.woff2 HTTP/2" 200 40128 "https://smartcardcontacts.com/wp-content/uploads/elementor/google-fonts/css/roboto.css?ver=1742226811" "Mozilla/5.0 (Linux; Android 10; K) AppleWebKit/537.36 (KHTML, like Gecko) Chrome/150.0.0.0 Mobile Safari/537.36"
172.56.189.43 - - [18/Jul/2026:14:26:12 -0600] "GET /wp-content/plugins/elementor-pro/assets/js/elements-handlers.min.js?ver=4.1.3 HTTP/2" 200 10079 "https://smartcardcontacts.com/carol-clown/" "Mozilla/5.0 (Linux; Android 10; K) AppleWebKit/537.36 (KHTML, like Gecko) Chrome/150.0.0.0 Mobile Safari/537.36"
198.175.150.9 - - [18/Jul/2026:14:26:11 -0600] "POST /wp-cron.php?doing_wp_cron=1784406371.6291780471801757812500 HTTP/1.1" 200 0 "-" "WordPress/7.0.2; https://smartcardcontacts.com"
172.56.189.43 - - [18/Jul/2026:14:26:12 -0600] "GET /wp-content/plugins/unlimited-elements-for-elementor-premium/assets_libraries/font-awesome6/fa-solid-900.woff2 HTTP/2" 200 156496 "https://smartcardcontacts.com/wp-content/plugins/unlimited-elements-for-elementor-premium/assets_libraries/font-awesome6/fontawesome-all.min.css" "Mozilla/5.0 (Linux; Android 10; K) AppleWebKit/537.36 (KHTML, like Gecko) Chrome/150.0.0.0 Mobile Safari/537.36"
172.56.189.43 - - [18/Jul/2026:14:26:12 -0600] "GET /wp-content/plugins/unlimited-elements-for-elementor-premium/assets_libraries/font-awesome6/fa-regular-400.woff2 HTTP/2" 200 25452 "https://smartcardcontacts.com/wp-content/plugins/unlimited-elements-for-elementor-premium/assets_libraries/font-awesome6/fontawesome-all.min.css" "Mozilla/5.0 (Linux; Android 10; K) AppleWebKit/537.36 (KHTML, like Gecko) Chrome/150.0.0.0 Mobile Safari/537.36"
172.56.189.43 - - [18/Jul/2026:14:26:13 -0600] "GET /wp-content/plugins/elementor/assets/js/section-frontend-handlers.d85ab872da118940910d.bundle.min.js HTTP/2" 200 229 "https://smartcardcontacts.com/carol-clown/" "Mozilla/5.0 (Linux; Android 10; K) AppleWebKit/537.36 (KHTML, like Gecko) Chrome/150.0.0.0 Mobile Safari/537.36"
172.56.189.43 - - [18/Jul/2026:14:26:13 -0600] "GET /wp-content/plugins/elementor/assets/js/shared-frontend-handlers.03caa53373b56d3bab67.bundle.min.js HTTP/2" 200 2511 "https://smartcardcontacts.com/carol-clown/" "Mozilla/5.0 (Linux; Android 10; K) AppleWebKit/537.36 (KHTML, like Gecko) Chrome/150.0.0.0 Mobile Safari/537.36"
172.56.189.43 - - [18/Jul/2026:14:26:13 -0600] "GET /wp-content/uploads/2025/01/cropped-smartqr-icon-logo-192x192.jpg HTTP/2" 200 6691 "https://smartcardcontacts.com/carol-clown/" "Mozilla/5.0 (Linux; Android 10; K) AppleWebKit/537.36 (KHTML, like Gecko) Chrome/150.0.0.0 Mobile Safari/537.36"
172.56.189.43 - - [18/Jul/2026:14:26:13 -0600] "GET /wp-content/uploads/2025/01/cropped-smartqr-icon-logo-180x180.jpg HTTP/2" 200 6130 "https://smartcardcontacts.com/carol-clown/" "Mozilla/5.0 (Linux; Android 10; K) AppleWebKit/537.36 (KHTML, like Gecko) Chrome/150.0.0.0 Mobile Safari/537.36"
172.56.189.43 - - [18/Jul/2026:14:26:13 -0600] "GET /wp-includes/js/wp-emoji-release.min.js?ver=7.0.2 HTTP/2" 200 4974 "https://smartcardcontacts.com/carol-clown/" "Mozilla/5.0 (Linux; Android 10; K) AppleWebKit/537.36 (KHTML, like Gecko) Chrome/150.0.0.0 Mobile Safari/537.36"
43.164.1.211 - - [18/Jul/2026:14:48:19 -0600] "GET / HTTP/1.1" 200 24943 "http://www.smartcardcontacts.com" "Mozilla/5.0 (iPhone; CPU iPhone OS 13_2_3 like Mac OS X) AppleWebKit/605.1.15 (KHTML, like Gecko) Version/13.0.3 Mobile/15E148 Safari/604.1"
129.211.229.121 - - [18/Jul/2026:15:05:38 -0600] "GET / HTTP/1.1" 200 24943 "http://smartcardcontacts.com" "Mozilla/5.0 (iPhone; CPU iPhone OS 13_2_3 like Mac OS X) AppleWebKit/605.1.15 (KHTML, like Gecko) Version/13.0.3 Mobile/15E148 Safari/604.1"
198.175.150.9 - - [18/Jul/2026:16:28:37 -0600] "POST /wp-cron.php?doing_wp_cron=1784413717.3188400268554687500000 HTTP/1.1" 200 0 "-" "WordPress/7.0.2; https://smartcardcontacts.com"
52.2.88.173 - - [18/Jul/2026:16:28:33 -0600] "GET /robots.txt HTTP/1.1" 200 116 "-" "Mozilla/5.0 (Macintosh; Intel Mac OS X 10_10_1) AppleWebKit/600.2.5 (KHTML, like Gecko) Version/8.0.2 Safari/600.2.5 (Gort)"
198.175.150.9 - - [18/Jul/2026:16:28:37 -0600] "POST /wp-cron.php?doing_wp_cron=1784413717.2150990962982177734375 HTTP/1.1" 200 0 "-" "WordPress/7.0.2; https://smartcardcontacts.com"
198.175.150.9 - - [18/Jul/2026:16:28:37 -0600] "POST /wp-cron.php?doing_wp_cron=1784413717.2332720756530761718750 HTTP/1.1" 200 0 "-" "WordPress/7.0.2; https://smartcardcontacts.com"