HEX
Server: LiteSpeed
System: Linux node612.namehero.net 4.18.0-553.121.1.lve.el8.x86_64 #1 SMP Thu Apr 30 16:40:41 UTC 2026 x86_64
User: dfwparty (1186)
PHP: 8.3.31
Disabled: NONE
Upload Files
File: //home/dfwparty/access-logs/sonicchocobliss.com.dfw.party
198.175.150.9 - - [17/Jul/2026:21:44:11 -0600] "POST /wp-cron.php?doing_wp_cron=1784346251.9497249126434326171875 HTTP/1.1" 200 0 "-" "WordPress/7.0.1; https://sonicchocobliss.com"
139.155.126.16 - - [17/Jul/2026:21:44:10 -0600] "GET / HTTP/1.1" 301 0 "-" "Mozilla/5.0 (iPhone; CPU iPhone OS 13_2_3 like Mac OS X) AppleWebKit/605.1.15 (KHTML, like Gecko) Version/13.0.3 Mobile/15E148 Safari/604.1"
198.175.150.9 - - [17/Jul/2026:23:36:43 -0600] "POST /wp-cron.php?doing_wp_cron=1784353003.0090630054473876953125 HTTP/1.1" 200 0 "-" "WordPress/7.0.1; https://sonicchocobliss.com"
93.158.90.12 - - [17/Jul/2026:23:36:42 -0600] "GET /robots.txt HTTP/1.1" 200 117 "-" "Mozilla/5.0 (X11; CrOS x86_64 14541.0.0) AppleWebKit/537.36 (KHTML, like Gecko) Chrome/121.0.0.0 Safari/537.3"
198.175.150.9 - - [17/Jul/2026:23:36:43 -0600] "POST /wp-cron.php?doing_wp_cron=1784353003.0290160179138183593750 HTTP/1.1" 200 0 "-" "WordPress/7.0.1; https://sonicchocobliss.com"
198.175.150.9 - - [17/Jul/2026:23:36:43 -0600] "POST /wp-cron.php?doing_wp_cron=1784353003.0871019363403320312500 HTTP/1.1" 200 0 "-" "WordPress/7.0.1; https://sonicchocobliss.com"
93.158.90.12 - - [17/Jul/2026:23:36:43 -0600] "GET / HTTP/1.1" 301 0 "-" "Mozilla/5.0 (X11; CrOS x86_64 14541.0.0) AppleWebKit/537.36 (KHTML, like Gecko) Chrome/121.0.0.0 Safari/537.3"
106.52.49.148 - - [18/Jul/2026:02:52:58 -0600] "GET / HTTP/1.1" 403 1242 "-" "Mozilla/5.0 (iPhone; CPU iPhone OS 13_2_3 like Mac OS X) AppleWebKit/605.1.15 (KHTML, like Gecko) Version/13.0.3 Mobile/15E148 Safari/604.1"
64.23.184.111 - - [18/Jul/2026:00:18:11 -0600] "GET /favicon.ico HTTP/1.1" 404 1251 "http://mail.sonicchocobliss.com/" "Mozilla/5.0 (X11; Linux x86_64) AppleWebKit/537.36 (KHTML, like Gecko) Chrome/142.0.0.0 Safari/537.36"
13.203.202.209 - - [18/Jul/2026:01:15:22 -0600] "GET /config.js HTTP/1.1" 200 0 "-" "Mozilla/5.0 (compatible; SecurityResearch/1.0)"
13.203.202.209 - - [18/Jul/2026:01:15:23 -0600] "GET /credentials.json HTTP/1.1" 200 0 "-" "Mozilla/5.0 (compatible; SecurityResearch/1.0)"
13.203.202.209 - - [18/Jul/2026:01:15:23 -0600] "GET /db.sql HTTP/1.1" 200 0 "-" "Mozilla/5.0 (compatible; SecurityResearch/1.0)"
13.203.202.209 - - [18/Jul/2026:01:15:23 -0600] "GET /config.php HTTP/1.1" 200 0 "-" "Mozilla/5.0 (compatible; SecurityResearch/1.0)"
13.203.202.209 - - [18/Jul/2026:01:15:23 -0600] "GET /backup.sql HTTP/1.1" 200 0 "-" "Mozilla/5.0 (compatible; SecurityResearch/1.0)"
13.203.202.209 - - [18/Jul/2026:01:15:24 -0600] "GET /configuration.php.bak HTTP/1.1" 200 0 "-" "Mozilla/5.0 (compatible; SecurityResearch/1.0)"
64.23.184.111 - - [18/Jul/2026:00:18:09 -0600] "GET / HTTP/1.1" 301 0 "-" "Mozilla/5.0 (X11; Linux x86_64) AppleWebKit/537.36 (KHTML, like Gecko) Chrome/142.0.0.0 Safari/537.36"
13.203.202.209 - - [18/Jul/2026:01:15:22 -0600] "GET /wp-config.old HTTP/1.1" 200 0 "-" "Mozilla/5.0 (compatible; SecurityResearch/1.0)"
13.203.202.209 - - [18/Jul/2026:01:15:22 -0600] "GET /wp-config.php HTTP/1.1" 200 0 "-" "Mozilla/5.0 (compatible; SecurityResearch/1.0)"
13.203.202.209 - - [18/Jul/2026:01:15:22 -0600] "GET /secrets.json HTTP/1.1" 200 0 "-" "Mozilla/5.0 (compatible; SecurityResearch/1.0)"
13.203.202.209 - - [18/Jul/2026:01:15:22 -0600] "GET /settings.py HTTP/1.1" 200 0 "-" "Mozilla/5.0 (compatible; SecurityResearch/1.0)"
13.203.202.209 - - [18/Jul/2026:01:15:22 -0600] "GET /config.yml HTTP/1.1" 200 0 "-" "Mozilla/5.0 (compatible; SecurityResearch/1.0)"
13.203.202.209 - - [18/Jul/2026:01:15:22 -0600] "GET /dump.sql HTTP/1.1" 200 0 "-" "Mozilla/5.0 (compatible; SecurityResearch/1.0)"
13.203.202.209 - - [18/Jul/2026:01:15:22 -0600] "GET /wp-config.php.old HTTP/1.1" 200 0 "-" "Mozilla/5.0 (compatible; SecurityResearch/1.0)"
13.203.202.209 - - [18/Jul/2026:01:15:22 -0600] "GET /config/database.yml HTTP/1.1" 200 0 "-" "Mozilla/5.0 (compatible; SecurityResearch/1.0)"
13.203.202.209 - - [18/Jul/2026:01:15:22 -0600] "GET /wp-config.php.bak HTTP/1.1" 200 0 "-" "Mozilla/5.0 (compatible; SecurityResearch/1.0)"
13.203.202.209 - - [18/Jul/2026:01:15:22 -0600] "GET /.env.staging HTTP/1.1" 200 0 "-" "Mozilla/5.0 (compatible; SecurityResearch/1.0)"
13.203.202.209 - - [18/Jul/2026:01:15:22 -0600] "GET /.env.dev HTTP/1.1" 200 0 "-" "Mozilla/5.0 (compatible; SecurityResearch/1.0)"
13.203.202.209 - - [18/Jul/2026:01:15:23 -0600] "GET /data.sql HTTP/1.1" 200 0 "-" "Mozilla/5.0 (compatible; SecurityResearch/1.0)"
13.203.202.209 - - [18/Jul/2026:01:15:23 -0600] "GET /app/config/parameters.yml HTTP/1.1" 200 0 "-" "Mozilla/5.0 (compatible; SecurityResearch/1.0)"
13.203.202.209 - - [18/Jul/2026:01:15:23 -0600] "GET /docker-compose.yml HTTP/1.1" 200 0 "-" "Mozilla/5.0 (compatible; SecurityResearch/1.0)"
13.203.202.209 - - [18/Jul/2026:01:15:23 -0600] "GET /configuration.php HTTP/1.1" 200 0 "-" "Mozilla/5.0 (compatible; SecurityResearch/1.0)"
13.203.202.209 - - [18/Jul/2026:01:15:24 -0600] "GET /config.json HTTP/1.1" 200 0 "-" "Mozilla/5.0 (compatible; SecurityResearch/1.0)"
13.203.202.209 - - [18/Jul/2026:01:15:24 -0600] "GET /.env.local HTTP/1.1" 200 0 "-" "Mozilla/5.0 (compatible; SecurityResearch/1.0)"
198.175.150.9 - - [18/Jul/2026:00:18:11 -0600] "POST /wp-cron.php?doing_wp_cron=1784355491.4305899143218994140625 HTTP/1.1" 200 0 "-" "WordPress/7.0.1; https://sonicchocobliss.com"
13.203.202.209 - - [18/Jul/2026:01:15:22 -0600] "GET /.env.production HTTP/1.1" 200 0 "-" "Mozilla/5.0 (compatible; SecurityResearch/1.0)"
13.203.202.209 - - [18/Jul/2026:01:15:22 -0600] "GET /database.sql HTTP/1.1" 200 0 "-" "Mozilla/5.0 (compatible; SecurityResearch/1.0)"
13.203.202.209 - - [18/Jul/2026:01:15:22 -0600] "GET /.env.backup HTTP/1.1" 200 0 "-" "Mozilla/5.0 (compatible; SecurityResearch/1.0)"
13.203.202.209 - - [18/Jul/2026:01:15:22 -0600] "GET /.env HTTP/1.1" 200 0 "-" "Mozilla/5.0 (compatible; SecurityResearch/1.0)"
13.203.202.209 - - [18/Jul/2026:01:15:23 -0600] "GET /.npmrc HTTP/1.1" 200 0 "-" "Mozilla/5.0 (compatible; SecurityResearch/1.0)"
13.203.202.209 - - [18/Jul/2026:01:15:24 -0600] "GET /.aws/credentials HTTP/1.1" 200 0 "-" "Mozilla/5.0 (compatible; SecurityResearch/1.0)"
192.36.109.104 - - [18/Jul/2026:04:08:50 -0600] "GET / HTTP/1.1" 301 0 "-" "Mozilla/5.0 (Windows NT 10.0; Win64; x64) AppleWebKit/537.36 (KHTML, like Gecko) Chrome/121.0.0.0 Safari/537.3"
198.175.150.9 - - [18/Jul/2026:04:08:51 -0600] "POST /wp-cron.php?doing_wp_cron=1784369331.8952870368957519531250 HTTP/1.1" 200 0 "-" "WordPress/7.0.1; https://sonicchocobliss.com"
198.175.150.9 - - [18/Jul/2026:04:03:29 -0600] "POST /wp-cron.php?doing_wp_cron=1784369009.7258460521697998046875 HTTP/1.1" 200 0 "-" "WordPress/7.0.1; https://sonicchocobliss.com"
205.210.31.24 - - [18/Jul/2026:04:03:28 -0600] "GET / HTTP/1.1" 301 0 "-" "Hello from Palo Alto Networks, find out more about our scans in https://docs-cortex.paloaltonetworks.com/r/1/Cortex-Xpanse/Scanning-activity"
106.52.49.148 - - [18/Jul/2026:08:22:51 -0600] "GET / HTTP/1.1" 403 1242 "-" "Mozilla/5.0 (iPhone; CPU iPhone OS 13_2_3 like Mac OS X) AppleWebKit/605.1.15 (KHTML, like Gecko) Version/13.0.3 Mobile/15E148 Safari/604.1"
123.207.65.62 - - [18/Jul/2026:13:42:22 -0600] "GET / HTTP/1.1" 403 1242 "-" "Mozilla/5.0 (iPhone; CPU iPhone OS 13_2_3 like Mac OS X) AppleWebKit/605.1.15 (KHTML, like Gecko) Version/13.0.3 Mobile/15E148 Safari/604.1"
39.154.204.148 - - [18/Jul/2026:13:58:04 -0600] "GET / HTTP/1.1" 403 1242 "http://sonicchocobliss.com/" "Mozilla/5.0 (Windows NT 6.1; WOW64) AppleWebKit/537.36 (KHTML, like Gecko) Chrome/50.0.2661.102 Safari/537.36"
198.175.150.9 - - [18/Jul/2026:15:17:19 -0600] "POST /wp-cron.php?doing_wp_cron=1784409439.2217888832092285156250 HTTP/1.1" 200 0 "-" "WordPress/7.0.2; https://sonicchocobliss.com"
216.244.66.230 - - [18/Jul/2026:15:17:17 -0600] "GET /robots.txt HTTP/1.1" 200 123 "-" "Mozilla/5.0 (compatible; DotBot/1.2; +https://opensiteexplorer.org/dotbot; help@moz.com)"