HEX
Server: LiteSpeed
System: Linux node612.namehero.net 4.18.0-553.121.1.lve.el8.x86_64 #1 SMP Thu Apr 30 16:40:41 UTC 2026 x86_64
User: dfwparty (1186)
PHP: 8.3.31
Disabled: NONE
Upload Files
File: //home/dfwparty/access-logs/sonicchocobliss.com.dfw.party-ssl_log
43.135.138.128 - - [17/Jul/2026:18:40:49 -0600] "GET /wp-json/wp/v2/pages/28 HTTP/1.1" 200 14347 "-" "Mozilla/5.0 (iPhone; CPU iPhone OS 13_2_3 like Mac OS X) AppleWebKit/605.1.15 (KHTML, like Gecko) Version/13.0.3 Mobile/15E148 Safari/604.1"
170.106.113.235 - - [17/Jul/2026:18:51:33 -0600] "GET /feed/ HTTP/1.1" 200 495 "-" "Mozilla/5.0 (iPhone; CPU iPhone OS 13_2_3 like Mac OS X) AppleWebKit/605.1.15 (KHTML, like Gecko) Version/13.0.3 Mobile/15E148 Safari/604.1"
198.175.150.9 - - [17/Jul/2026:18:40:50 -0600] "POST /wp-cron.php?doing_wp_cron=1784335250.6794400215148925781250 HTTP/1.1" 200 0 "-" "WordPress/7.0.1; https://sonicchocobliss.com"
198.175.150.9 - - [17/Jul/2026:18:51:33 -0600] "POST /wp-cron.php?doing_wp_cron=1784335893.9462120532989501953125 HTTP/1.1" 200 0 "-" "WordPress/7.0.1; https://sonicchocobliss.com"
198.175.150.9 - - [17/Jul/2026:19:13:23 -0600] "POST /wp-cron.php?doing_wp_cron=1784337203.5985150337219238281250 HTTP/1.1" 200 0 "-" "WordPress/7.0.1; https://sonicchocobliss.com"
43.130.34.74 - - [17/Jul/2026:19:31:11 -0600] "GET /wp-json/wp/v2/pages/35 HTTP/1.1" 200 16670 "-" "Mozilla/5.0 (iPhone; CPU iPhone OS 13_2_3 like Mac OS X) AppleWebKit/605.1.15 (KHTML, like Gecko) Version/13.0.3 Mobile/15E148 Safari/604.1"
198.175.150.9 - - [17/Jul/2026:19:24:52 -0600] "POST /wp-cron.php?doing_wp_cron=1784337892.7871980667114257812500 HTTP/1.1" 200 0 "-" "WordPress/7.0.1; https://sonicchocobliss.com"
198.175.150.9 - - [17/Jul/2026:19:31:12 -0600] "POST /wp-cron.php?doing_wp_cron=1784338272.4209890365600585937500 HTTP/1.1" 200 0 "-" "WordPress/7.0.1; https://sonicchocobliss.com"
43.153.74.75 - - [17/Jul/2026:19:13:22 -0600] "GET /wp-json/wp/v2/categories/1 HTTP/1.1" 200 300 "-" "Mozilla/5.0 (iPhone; CPU iPhone OS 13_2_3 like Mac OS X) AppleWebKit/605.1.15 (KHTML, like Gecko) Version/13.0.3 Mobile/15E148 Safari/604.1"
170.106.180.153 - - [17/Jul/2026:19:24:51 -0600] "GET /category/uncategorized/feed/ HTTP/1.1" 200 522 "-" "Mozilla/5.0 (iPhone; CPU iPhone OS 13_2_3 like Mac OS X) AppleWebKit/605.1.15 (KHTML, like Gecko) Version/13.0.3 Mobile/15E148 Safari/604.1"
43.131.36.84 - - [17/Jul/2026:19:44:39 -0600] "GET /?p=35 HTTP/1.1" 301 0 "-" "Mozilla/5.0 (iPhone; CPU iPhone OS 13_2_3 like Mac OS X) AppleWebKit/605.1.15 (KHTML, like Gecko) Version/13.0.3 Mobile/15E148 Safari/604.1"
43.131.36.84 - - [17/Jul/2026:19:44:42 -0600] "GET /about/ HTTP/1.1" 200 29643 "https://sonicchocobliss.com/?p=35" "Mozilla/5.0 (iPhone; CPU iPhone OS 13_2_3 like Mac OS X) AppleWebKit/605.1.15 (KHTML, like Gecko) Version/13.0.3 Mobile/15E148 Safari/604.1"
198.175.150.9 - - [17/Jul/2026:19:44:40 -0600] "POST /wp-cron.php?doing_wp_cron=1784339080.1112489700317382812500 HTTP/1.1" 200 0 "-" "WordPress/7.0.1; https://sonicchocobliss.com"
43.130.131.18 - - [17/Jul/2026:19:57:42 -0600] "GET /?s= HTTP/1.1" 200 22019 "-" "Mozilla/5.0 (iPhone; CPU iPhone OS 13_2_3 like Mac OS X) AppleWebKit/605.1.15 (KHTML, like Gecko) Version/13.0.3 Mobile/15E148 Safari/604.1"
198.175.150.9 - - [17/Jul/2026:19:44:40 -0600] "POST /wp-cron.php?doing_wp_cron=1784339080.1743640899658203125000 HTTP/1.1" 200 0 "-" "WordPress/7.0.1; https://sonicchocobliss.com"
198.175.150.9 - - [17/Jul/2026:19:44:40 -0600] "POST /wp-cron.php?doing_wp_cron=1784339080.1331059932708740234375 HTTP/1.1" 200 0 "-" "WordPress/7.0.1; https://sonicchocobliss.com"
198.175.150.9 - - [17/Jul/2026:19:57:42 -0600] "POST /wp-cron.php?doing_wp_cron=1784339862.9362299442291259765625 HTTP/1.1" 200 0 "-" "WordPress/7.0.1; https://sonicchocobliss.com"
198.175.150.9 - - [17/Jul/2026:20:18:55 -0600] "POST /wp-cron.php?doing_wp_cron=1784341135.2248170375823974609375 HTTP/1.1" 200 0 "-" "WordPress/7.0.1; https://sonicchocobliss.com"
198.175.150.9 - - [17/Jul/2026:20:29:54 -0600] "POST /wp-cron.php?doing_wp_cron=1784341794.6142549514770507812500 HTTP/1.1" 200 0 "-" "WordPress/7.0.1; https://sonicchocobliss.com"
43.131.23.154 - - [17/Jul/2026:20:29:53 -0600] "GET /feed/ HTTP/1.1" 200 495 "-" "Mozilla/5.0 (iPhone; CPU iPhone OS 13_2_3 like Mac OS X) AppleWebKit/605.1.15 (KHTML, like Gecko) Version/13.0.3 Mobile/15E148 Safari/604.1"
198.175.150.9 - - [17/Jul/2026:20:09:28 -0600] "POST /wp-cron.php?doing_wp_cron=1784340568.5480771064758300781250 HTTP/1.1" 200 0 "-" "WordPress/7.0.1; https://sonicchocobliss.com"
43.153.96.233 - - [17/Jul/2026:20:41:38 -0600] "GET /wp-include HTTP/1.1" 404 22489 "-" "Mozilla/5.0 (iPhone; CPU iPhone OS 13_2_3 like Mac OS X) AppleWebKit/605.1.15 (KHTML, like Gecko) Version/13.0.3 Mobile/15E148 Safari/604.1"
49.51.178.45 - - [17/Jul/2026:20:09:27 -0600] "GET /wp-json/wp/v2/pages/15 HTTP/1.1" 200 12943 "-" "Mozilla/5.0 (iPhone; CPU iPhone OS 13_2_3 like Mac OS X) AppleWebKit/605.1.15 (KHTML, like Gecko) Version/13.0.3 Mobile/15E148 Safari/604.1"
43.157.20.63 - - [17/Jul/2026:20:18:54 -0600] "GET /author/johnfite/ HTTP/1.1" 200 23083 "-" "Mozilla/5.0 (iPhone; CPU iPhone OS 13_2_3 like Mac OS X) AppleWebKit/605.1.15 (KHTML, like Gecko) Version/13.0.3 Mobile/15E148 Safari/604.1"
198.175.150.9 - - [17/Jul/2026:20:41:38 -0600] "POST /wp-cron.php?doing_wp_cron=1784342498.9156010150909423828125 HTTP/1.1" 200 0 "-" "WordPress/7.0.1; https://sonicchocobliss.com"
198.175.150.9 - - [17/Jul/2026:20:49:22 -0600] "POST /wp-cron.php?doing_wp_cron=1784342962.5073831081390380859375 HTTP/1.1" 200 0 "-" "WordPress/7.0.1; https://sonicchocobliss.com"
43.134.56.214 - - [17/Jul/2026:20:49:21 -0600] "GET /wp-json/wp/v2/users/2 HTTP/1.1" 200 377 "-" "Mozilla/5.0 (iPhone; CPU iPhone OS 13_2_3 like Mac OS X) AppleWebKit/605.1.15 (KHTML, like Gecko) Version/13.0.3 Mobile/15E148 Safari/604.1"
129.226.193.111 - - [17/Jul/2026:21:03:46 -0600] "GET /wp-json/ HTTP/1.1" 200 40544 "-" "Mozilla/5.0 (iPhone; CPU iPhone OS 13_2_3 like Mac OS X) AppleWebKit/605.1.15 (KHTML, like Gecko) Version/13.0.3 Mobile/15E148 Safari/604.1"
198.175.150.9 - - [17/Jul/2026:21:03:47 -0600] "POST /wp-cron.php?doing_wp_cron=1784343827.0487670898437500000000 HTTP/1.1" 200 0 "-" "WordPress/7.0.1; https://sonicchocobliss.com"
198.175.150.9 - - [17/Jul/2026:21:30:08 -0600] "POST /wp-cron.php?doing_wp_cron=1784345408.5070419311523437500000 HTTP/1.1" 200 0 "-" "WordPress/7.0.1; https://sonicchocobliss.com"
43.134.78.217 - - [17/Jul/2026:21:30:05 -0600] "GET /logo-ideas/embed/ HTTP/1.1" 200 7148 "-" "Mozilla/5.0 (iPhone; CPU iPhone OS 13_2_3 like Mac OS X) AppleWebKit/605.1.15 (KHTML, like Gecko) Version/13.0.3 Mobile/15E148 Safari/604.1"
198.175.150.9 - - [17/Jul/2026:21:30:08 -0600] "POST /wp-cron.php?doing_wp_cron=1784345408.4806940555572509765625 HTTP/1.1" 200 0 "-" "WordPress/7.0.1; https://sonicchocobliss.com"
198.175.150.9 - - [17/Jul/2026:21:30:08 -0600] "POST /wp-cron.php?doing_wp_cron=1784345408.6145720481872558593750 HTTP/1.1" 200 0 "-" "WordPress/7.0.1; https://sonicchocobliss.com"
43.153.67.21 - - [17/Jul/2026:21:49:15 -0600] "GET /wp-json/wp/v2/categories/1 HTTP/1.1" 200 300 "-" "Mozilla/5.0 (iPhone; CPU iPhone OS 13_2_3 like Mac OS X) AppleWebKit/605.1.15 (KHTML, like Gecko) Version/13.0.3 Mobile/15E148 Safari/604.1"
198.175.150.9 - - [17/Jul/2026:21:57:42 -0600] "POST /wp-cron.php?doing_wp_cron=1784347062.3940169811248779296875 HTTP/1.1" 200 0 "-" "WordPress/7.0.1; https://sonicchocobliss.com"
198.175.150.9 - - [17/Jul/2026:21:49:16 -0600] "POST /wp-cron.php?doing_wp_cron=1784346556.7944190502166748046875 HTTP/1.1" 200 0 "-" "WordPress/7.0.1; https://sonicchocobliss.com"
43.130.72.40 - - [17/Jul/2026:21:57:41 -0600] "GET /category/uncategorized/feed/ HTTP/1.1" 200 522 "-" "Mozilla/5.0 (iPhone; CPU iPhone OS 13_2_3 like Mac OS X) AppleWebKit/605.1.15 (KHTML, like Gecko) Version/13.0.3 Mobile/15E148 Safari/604.1"
198.175.150.9 - - [17/Jul/2026:22:34:31 -0600] "POST /wp-cron.php?doing_wp_cron=1784349271.2699449062347412109375 HTTP/1.1" 200 0 "-" "WordPress/7.0.1; https://sonicchocobliss.com"
198.175.150.9 - - [17/Jul/2026:22:34:31 -0600] "POST /wp-cron.php?doing_wp_cron=1784349271.2213470935821533203125 HTTP/1.1" 200 0 "-" "WordPress/7.0.1; https://sonicchocobliss.com"
173.252.82.29 - - [17/Jul/2026:22:34:30 -0600] "GET /robots.txt HTTP/2" 200 123 "-" "facebookexternalhit/1.1 (+http://www.facebook.com/externalhit_uatext.php)"
198.175.150.9 - - [17/Jul/2026:22:34:31 -0600] "POST /wp-cron.php?doing_wp_cron=1784349271.2418038845062255859375 HTTP/1.1" 200 0 "-" "WordPress/7.0.1; https://sonicchocobliss.com"
74.7.242.17 - - [17/Jul/2026:22:59:58 -0600] "GET / HTTP/2" 200 22343 "-" "Mozilla/5.0 AppleWebKit/537.36 (KHTML, like Gecko; compatible; GPTBot/1.4; +https://openai.com/gptbot)"
74.7.242.17 - - [17/Jul/2026:23:00:01 -0600] "GET /wp-content/uploads/astra-addon/astra-addon-6851bbc8806f53-50765273.css?ver=4.11.2 HTTP/2" 200 2401 "https://sonicchocobliss.com/" "Mozilla/5.0 AppleWebKit/537.36 (KHTML, like Gecko; compatible; GPTBot/1.4; +https://openai.com/gptbot)"
74.7.242.17 - - [17/Jul/2026:23:00:04 -0600] "GET /wp-content/plugins/elementor/assets/js/frontend-modules.min.js?ver=3.29.2 HTTP/2" 200 14423 "https://sonicchocobliss.com/" "Mozilla/5.0 AppleWebKit/537.36 (KHTML, like Gecko; compatible; GPTBot/1.4; +https://openai.com/gptbot)"
74.7.242.17 - - [17/Jul/2026:23:00:06 -0600] "GET /wp-content/plugins/elementor-pro/assets/js/webpack-pro.runtime.min.js?ver=3.29.2 HTTP/2" 200 2620 "https://sonicchocobliss.com/" "Mozilla/5.0 AppleWebKit/537.36 (KHTML, like Gecko; compatible; GPTBot/1.4; +https://openai.com/gptbot)"
74.7.242.17 - - [17/Jul/2026:23:00:09 -0600] "GET /wp-content/uploads/elementor/css/post-10.css?ver=1759283734 HTTP/2" 200 343 "https://sonicchocobliss.com/" "Mozilla/5.0 AppleWebKit/537.36 (KHTML, like Gecko; compatible; GPTBot/1.4; +https://openai.com/gptbot)"
74.7.242.17 - - [17/Jul/2026:23:00:11 -0600] "GET /wp-content/plugins/elementor/assets/js/frontend.min.js?ver=3.29.2 HTTP/2" 200 10288 "https://sonicchocobliss.com/" "Mozilla/5.0 AppleWebKit/537.36 (KHTML, like Gecko; compatible; GPTBot/1.4; +https://openai.com/gptbot)"
74.7.242.17 - - [17/Jul/2026:23:00:13 -0600] "GET /wp-content/plugins/elementor/assets/lib/font-awesome/css/solid.css?ver=5.15.3 HTTP/2" 200 296 "https://sonicchocobliss.com/" "Mozilla/5.0 AppleWebKit/537.36 (KHTML, like Gecko; compatible; GPTBot/1.4; +https://openai.com/gptbot)"
74.7.242.17 - - [17/Jul/2026:23:00:14 -0600] "GET /wp-content/themes/astra/assets/js/minified/frontend.min.js?ver=4.11.3 HTTP/2" 200 5736 "https://sonicchocobliss.com/" "Mozilla/5.0 AppleWebKit/537.36 (KHTML, like Gecko; compatible; GPTBot/1.4; +https://openai.com/gptbot)"
74.7.242.17 - - [17/Jul/2026:23:00:16 -0600] "GET /feed/ HTTP/2" 200 459 "https://sonicchocobliss.com/" "Mozilla/5.0 AppleWebKit/537.36 (KHTML, like Gecko; compatible; GPTBot/1.4; +https://openai.com/gptbot)"
74.7.242.17 - - [17/Jul/2026:23:00:17 -0600] "GET /wp-content/plugins/elementor-pro/assets/js/frontend.min.js?ver=3.29.2 HTTP/2" 200 6279 "https://sonicchocobliss.com/" "Mozilla/5.0 AppleWebKit/537.36 (KHTML, like Gecko; compatible; GPTBot/1.4; +https://openai.com/gptbot)"
74.7.242.17 - - [17/Jul/2026:23:00:18 -0600] "GET /comments/feed/ HTTP/2" 200 422 "https://sonicchocobliss.com/" "Mozilla/5.0 AppleWebKit/537.36 (KHTML, like Gecko; compatible; GPTBot/1.4; +https://openai.com/gptbot)"
74.7.242.17 - - [17/Jul/2026:23:00:19 -0600] "GET /wp-content/plugins/ultimate-elementor/assets/img/snowflake.svg HTTP/2" 200 758 "https://sonicchocobliss.com/" "Mozilla/5.0 AppleWebKit/537.36 (KHTML, like Gecko; compatible; GPTBot/1.4; +https://openai.com/gptbot)"
74.7.242.17 - - [17/Jul/2026:23:00:20 -0600] "GET /logo-ideas/ HTTP/2" 200 23603 "https://sonicchocobliss.com/" "Mozilla/5.0 AppleWebKit/537.36 (KHTML, like Gecko; compatible; GPTBot/1.4; +https://openai.com/gptbot)"
74.7.242.17 - - [17/Jul/2026:23:00:22 -0600] "GET /wp-content/plugins/elementor-pro/modules/lottie/assets/animations/default.json HTTP/2" 200 14301 "https://sonicchocobliss.com/" "Mozilla/5.0 AppleWebKit/537.36 (KHTML, like Gecko; compatible; GPTBot/1.4; +https://openai.com/gptbot)"
74.7.242.17 - - [17/Jul/2026:23:00:23 -0600] "GET /about/ HTTP/2" 200 25910 "https://sonicchocobliss.com/" "Mozilla/5.0 AppleWebKit/537.36 (KHTML, like Gecko; compatible; GPTBot/1.4; +https://openai.com/gptbot)"
74.7.242.17 - - [17/Jul/2026:23:00:24 -0600] "GET /xmlrpc.php?rsd HTTP/2" 200 298 "https://sonicchocobliss.com/" "Mozilla/5.0 AppleWebKit/537.36 (KHTML, like Gecko; compatible; GPTBot/1.4; +https://openai.com/gptbot)"
74.7.242.17 - - [17/Jul/2026:23:00:25 -0600] "GET /wp-content/plugins/ultimate-elementor/assets/min-js/uael-particles.min.js HTTP/2" 200 34638 "https://sonicchocobliss.com/" "Mozilla/5.0 AppleWebKit/537.36 (KHTML, like Gecko; compatible; GPTBot/1.4; +https://openai.com/gptbot)"
74.7.242.17 - - [17/Jul/2026:23:00:26 -0600] "GET /category/uncategorized/ HTTP/2" 200 19747 "https://sonicchocobliss.com/" "Mozilla/5.0 AppleWebKit/537.36 (KHTML, like Gecko; compatible; GPTBot/1.4; +https://openai.com/gptbot)"
74.7.242.17 - - [17/Jul/2026:23:00:27 -0600] "GET /wp-includes/js/jquery/jquery.min.js?ver=3.7.1 HTTP/2" 200 29744 "https://sonicchocobliss.com/" "Mozilla/5.0 AppleWebKit/537.36 (KHTML, like Gecko; compatible; GPTBot/1.4; +https://openai.com/gptbot)"
74.7.242.17 - - [17/Jul/2026:23:00:27 -0600] "GET /wp-includes/js/jquery/jquery-migrate.min.js?ver=3.4.1 HTTP/2" 200 4678 "https://sonicchocobliss.com/" "Mozilla/5.0 AppleWebKit/537.36 (KHTML, like Gecko; compatible; GPTBot/1.4; +https://openai.com/gptbot)"
74.7.242.17 - - [17/Jul/2026:23:00:28 -0600] "GET /wp-includes/js/jquery/ui/core.min.js?ver=1.13.3 HTTP/2" 200 6812 "https://sonicchocobliss.com/" "Mozilla/5.0 AppleWebKit/537.36 (KHTML, like Gecko; compatible; GPTBot/1.4; +https://openai.com/gptbot)"
74.7.242.17 - - [17/Jul/2026:23:00:28 -0600] "GET /wp-content/uploads/astra-addon/astra-addon-6851bbc880ce02-86619179.js?ver=4.11.2 HTTP/2" 200 2596 "https://sonicchocobliss.com/" "Mozilla/5.0 AppleWebKit/537.36 (KHTML, like Gecko; compatible; GPTBot/1.4; +https://openai.com/gptbot)"
74.7.242.17 - - [17/Jul/2026:23:00:29 -0600] "GET /wp-includes/js/dist/hooks.min.js?ver=7496969728ca0f95732d HTTP/2" 200 1734 "https://sonicchocobliss.com/" "Mozilla/5.0 AppleWebKit/537.36 (KHTML, like Gecko; compatible; GPTBot/1.4; +https://openai.com/gptbot)"
74.7.242.17 - - [17/Jul/2026:23:00:30 -0600] "GET /?p=28 HTTP/2" 301 0 "https://sonicchocobliss.com/logo-ideas/" "Mozilla/5.0 AppleWebKit/537.36 (KHTML, like Gecko; compatible; GPTBot/1.4; +https://openai.com/gptbot)"
74.7.242.17 - - [17/Jul/2026:23:00:31 -0600] "GET /wp-includes/js/dist/i18n.min.js?ver=781d11515ad3d91786ec HTTP/2" 200 2354 "https://sonicchocobliss.com/" "Mozilla/5.0 AppleWebKit/537.36 (KHTML, like Gecko; compatible; GPTBot/1.4; +https://openai.com/gptbot)"
74.7.242.17 - - [17/Jul/2026:23:00:31 -0600] "GET /?p=35 HTTP/2" 301 0 "https://sonicchocobliss.com/about/" "Mozilla/5.0 AppleWebKit/537.36 (KHTML, like Gecko; compatible; GPTBot/1.4; +https://openai.com/gptbot)"
74.7.242.17 - - [17/Jul/2026:23:00:32 -0600] "GET /wp-content/plugins/astra-addon/assets/js/minified/purify.min.js?ver=4.11.2 HTTP/2" 200 8193 "https://sonicchocobliss.com/" "Mozilla/5.0 AppleWebKit/537.36 (KHTML, like Gecko; compatible; GPTBot/1.4; +https://openai.com/gptbot)"
74.7.242.17 - - [17/Jul/2026:23:00:33 -0600] "GET /wp-content/plugins/elementor/assets/js/webpack.runtime.min.js?ver=3.29.2 HTTP/2" 200 2319 "https://sonicchocobliss.com/" "Mozilla/5.0 AppleWebKit/537.36 (KHTML, like Gecko; compatible; GPTBot/1.4; +https://openai.com/gptbot)"
74.7.242.17 - - [17/Jul/2026:23:00:33 -0600] "GET /wp-content/plugins/elementor-pro/assets/js/elements-handlers.min.js?ver=3.29.2 HTTP/2" 200 10221 "https://sonicchocobliss.com/" "Mozilla/5.0 AppleWebKit/537.36 (KHTML, like Gecko; compatible; GPTBot/1.4; +https://openai.com/gptbot)"
74.7.242.17 - - [17/Jul/2026:23:00:34 -0600] "GET /wp-content/themes/astra/assets/css/minified/main.min.css?ver=4.11.3 HTTP/2" 200 8478 "https://sonicchocobliss.com/" "Mozilla/5.0 AppleWebKit/537.36 (KHTML, like Gecko; compatible; GPTBot/1.4; +https://openai.com/gptbot)"
74.7.242.17 - - [17/Jul/2026:23:00:34 -0600] "GET /wp-content/plugins/elementor/assets/lib/font-awesome/css/fontawesome.css?ver=5.15.3 HTTP/2" 200 12526 "https://sonicchocobliss.com/" "Mozilla/5.0 AppleWebKit/537.36 (KHTML, like Gecko; compatible; GPTBot/1.4; +https://openai.com/gptbot)"
150.109.230.210 - - [17/Jul/2026:23:02:38 -0600] "GET /wp-json/oembed/1.0/embed?url=https%3A%2F%2Fsonicchocobliss.com%2Fabout%2F HTTP/1.1" 403 1242 "-" "Mozilla/5.0 (iPhone; CPU iPhone OS 13_2_3 like Mac OS X) AppleWebKit/605.1.15 (KHTML, like Gecko) Version/13.0.3 Mobile/15E148 Safari/604.1"
74.7.242.17 - - [17/Jul/2026:23:00:35 -0600] "GET /wp-content/plugins/elementor/assets/lib/font-awesome/css/brands.css?ver=5.15.3 HTTP/2" 200 296 "https://sonicchocobliss.com/" "Mozilla/5.0 AppleWebKit/537.36 (KHTML, like Gecko; compatible; GPTBot/1.4; +https://openai.com/gptbot)"
74.7.242.17 - - [17/Jul/2026:23:00:35 -0600] "GET /wp-content/plugins/elementor/assets/css/frontend.min.css?ver=3.29.2 HTTP/2" 200 6472 "https://sonicchocobliss.com/" "Mozilla/5.0 AppleWebKit/537.36 (KHTML, like Gecko; compatible; GPTBot/1.4; +https://openai.com/gptbot)"
74.7.242.17 - - [17/Jul/2026:23:00:36 -0600] "GET /wp-content/plugins/ultimate-elementor/assets/min-css/uael-frontend.min.css?ver=1.39.8 HTTP/2" 200 66781 "https://sonicchocobliss.com/" "Mozilla/5.0 AppleWebKit/537.36 (KHTML, like Gecko; compatible; GPTBot/1.4; +https://openai.com/gptbot)"
74.7.242.17 - - [17/Jul/2026:23:00:37 -0600] "GET /wp-content/plugins/elementor/assets/css/widget-social-icons.min.css?ver=3.24.0 HTTP/2" 200 1069 "https://sonicchocobliss.com/" "Mozilla/5.0 AppleWebKit/537.36 (KHTML, like Gecko; compatible; GPTBot/1.4; +https://openai.com/gptbot)"
74.7.242.17 - - [17/Jul/2026:23:00:37 -0600] "GET /wp-content/uploads/elementor/google-fonts/css/robotoslab.css?ver=1750191737 HTTP/2" 200 715 "https://sonicchocobliss.com/" "Mozilla/5.0 AppleWebKit/537.36 (KHTML, like Gecko; compatible; GPTBot/1.4; +https://openai.com/gptbot)"
74.7.242.17 - - [17/Jul/2026:23:00:38 -0600] "GET /wp-content/uploads/elementor/google-fonts/css/roboto.css?ver=1750191730 HTTP/2" 200 1879 "https://sonicchocobliss.com/" "Mozilla/5.0 AppleWebKit/537.36 (KHTML, like Gecko; compatible; GPTBot/1.4; +https://openai.com/gptbot)"
198.175.150.9 - - [17/Jul/2026:22:59:59 -0600] "POST /wp-cron.php?doing_wp_cron=1784350799.2957079410552978515625 HTTP/1.1" 200 0 "-" "WordPress/7.0.1; https://sonicchocobliss.com"
74.7.244.49 - - [17/Jul/2026:22:59:58 -0600] "GET /robots.txt HTTP/2" 200 102 "-" "Mozilla/5.0 (Macintosh; Intel Mac OS X 10_15_7) AppleWebKit/537.36 (KHTML, like Gecko) Chrome/131.0.0.0 Safari/537.36; compatible; OAI-SearchBot/1.4; robots.txt; +https://openai.com/searchbot"
93.158.90.40 - - [17/Jul/2026:23:36:45 -0600] "GET / HTTP/1.1" 200 25862 "http://sonicchocobliss.com/" "Mozilla/5.0 (X11; CrOS x86_64 14541.0.0) AppleWebKit/537.36 (KHTML, like Gecko) Chrome/121.0.0.0 Safari/537.3"
64.23.184.111 - - [18/Jul/2026:00:18:13 -0600] "GET /favicon.ico HTTP/1.1" 404 1251 "https://mail.sonicchocobliss.com/" "Mozilla/5.0 (X11; Linux x86_64; rv:142.0) Gecko/20100101 Firefox/142.0"
13.203.202.209 - - [18/Jul/2026:01:15:18 -0600] "GET /dump.sql HTTP/1.1" 200 0 "-" "Mozilla/5.0 (compatible; SecurityResearch/1.0)"
13.203.202.209 - - [18/Jul/2026:01:15:18 -0600] "GET /config/database.yml HTTP/1.1" 200 0 "-" "Mozilla/5.0 (compatible; SecurityResearch/1.0)"
13.203.202.209 - - [18/Jul/2026:01:15:18 -0600] "GET /secrets.json HTTP/1.1" 200 0 "-" "Mozilla/5.0 (compatible; SecurityResearch/1.0)"
13.203.202.209 - - [18/Jul/2026:01:15:18 -0600] "GET /settings.py HTTP/1.1" 200 0 "-" "Mozilla/5.0 (compatible; SecurityResearch/1.0)"
13.203.202.209 - - [18/Jul/2026:01:15:19 -0600] "GET /configuration.php HTTP/1.1" 200 0 "-" "Mozilla/5.0 (compatible; SecurityResearch/1.0)"
198.175.150.9 - - [18/Jul/2026:01:15:32 -0600] "POST /wp-cron.php?doing_wp_cron=1784358932.2199320793151855468750 HTTP/1.1" 200 0 "-" "WordPress/7.0.1; https://sonicchocobliss.com"
13.203.202.209 - - [18/Jul/2026:01:15:20 -0600] "GET /.htpasswd HTTP/1.1" 403 1242 "-" "Mozilla/5.0 (compatible; SecurityResearch/1.0)"
13.203.202.209 - - [18/Jul/2026:01:15:18 -0600] "GET /backup.sql HTTP/1.1" 200 0 "-" "Mozilla/5.0 (compatible; SecurityResearch/1.0)"
13.203.202.209 - - [18/Jul/2026:01:15:18 -0600] "GET /.env.production HTTP/1.1" 200 0 "-" "Mozilla/5.0 (compatible; SecurityResearch/1.0)"
13.203.202.209 - - [18/Jul/2026:01:15:18 -0600] "GET /.env.staging HTTP/1.1" 200 0 "-" "Mozilla/5.0 (compatible; SecurityResearch/1.0)"
13.203.202.209 - - [18/Jul/2026:01:15:18 -0600] "GET /wp-config.php HTTP/1.1" 200 0 "-" "Mozilla/5.0 (compatible; SecurityResearch/1.0)"
13.203.202.209 - - [18/Jul/2026:01:15:18 -0600] "GET /db.sql HTTP/1.1" 200 0 "-" "Mozilla/5.0 (compatible; SecurityResearch/1.0)"
13.203.202.209 - - [18/Jul/2026:01:15:19 -0600] "GET /config.json HTTP/1.1" 200 0 "-" "Mozilla/5.0 (compatible; SecurityResearch/1.0)"
13.203.202.209 - - [18/Jul/2026:01:15:19 -0600] "GET /.npmrc HTTP/1.1" 200 0 "-" "Mozilla/5.0 (compatible; SecurityResearch/1.0)"
13.203.202.209 - - [18/Jul/2026:01:15:19 -0600] "GET /configuration.php.bak HTTP/1.1" 200 0 "-" "Mozilla/5.0 (compatible; SecurityResearch/1.0)"
13.203.202.209 - - [18/Jul/2026:01:15:19 -0600] "GET /credentials.json HTTP/1.1" 200 0 "-" "Mozilla/5.0 (compatible; SecurityResearch/1.0)"
13.203.202.209 - - [18/Jul/2026:01:15:19 -0600] "GET /app/config/parameters.yml HTTP/1.1" 200 0 "-" "Mozilla/5.0 (compatible; SecurityResearch/1.0)"
198.175.150.9 - - [18/Jul/2026:01:15:32 -0600] "POST /wp-cron.php?doing_wp_cron=1784358932.4166760444641113281250 HTTP/1.1" 200 0 "-" "WordPress/7.0.1; https://sonicchocobliss.com"
198.175.150.9 - - [18/Jul/2026:01:15:32 -0600] "POST /wp-cron.php?doing_wp_cron=1784358932.6241629123687744140625 HTTP/1.1" 200 0 "-" "WordPress/7.0.1; https://sonicchocobliss.com"
198.175.150.9 - - [18/Jul/2026:01:15:32 -0600] "POST /wp-cron.php?doing_wp_cron=1784358932.7128601074218750000000 HTTP/1.1" 200 0 "-" "WordPress/7.0.1; https://sonicchocobliss.com"
198.175.150.9 - - [18/Jul/2026:01:15:32 -0600] "POST /wp-cron.php?doing_wp_cron=1784358932.7242960929870605468750 HTTP/1.1" 200 0 "-" "WordPress/7.0.1; https://sonicchocobliss.com"
13.203.202.209 - - [18/Jul/2026:01:15:18 -0600] "GET /.env.backup HTTP/1.1" 200 0 "-" "Mozilla/5.0 (compatible; SecurityResearch/1.0)"
13.203.202.209 - - [18/Jul/2026:01:15:18 -0600] "GET /.env.dev HTTP/1.1" 200 0 "-" "Mozilla/5.0 (compatible; SecurityResearch/1.0)"
13.203.202.209 - - [18/Jul/2026:01:15:18 -0600] "GET /wp-config.php.old HTTP/1.1" 200 0 "-" "Mozilla/5.0 (compatible; SecurityResearch/1.0)"
13.203.202.209 - - [18/Jul/2026:01:15:18 -0600] "GET /wp-config.php.bak HTTP/1.1" 200 0 "-" "Mozilla/5.0 (compatible; SecurityResearch/1.0)"
13.203.202.209 - - [18/Jul/2026:01:15:19 -0600] "GET /.aws/credentials HTTP/1.1" 200 0 "-" "Mozilla/5.0 (compatible; SecurityResearch/1.0)"
198.175.150.9 - - [18/Jul/2026:01:15:32 -0600] "POST /wp-cron.php?doing_wp_cron=1784358932.3212950229644775390625 HTTP/1.1" 200 0 "-" "WordPress/7.0.1; https://sonicchocobliss.com"
64.23.184.111 - - [18/Jul/2026:00:18:11 -0600] "GET / HTTP/1.1" 301 0 "-" "Mozilla/5.0 (X11; Linux x86_64; rv:142.0) Gecko/20100101 Firefox/142.0"
13.203.202.209 - - [18/Jul/2026:01:15:20 -0600] "GET /.git/config HTTP/1.1" 403 1242 "-" "Mozilla/5.0 (compatible; SecurityResearch/1.0)"
13.203.202.209 - - [18/Jul/2026:01:15:18 -0600] "GET /data.sql HTTP/1.1" 200 0 "-" "Mozilla/5.0 (compatible; SecurityResearch/1.0)"
13.203.202.209 - - [18/Jul/2026:01:15:18 -0600] "GET /config.js HTTP/1.1" 200 0 "-" "Mozilla/5.0 (compatible; SecurityResearch/1.0)"
13.203.202.209 - - [18/Jul/2026:01:15:18 -0600] "GET /docker-compose.yml HTTP/1.1" 200 0 "-" "Mozilla/5.0 (compatible; SecurityResearch/1.0)"
13.203.202.209 - - [18/Jul/2026:01:15:18 -0600] "GET /config.yml HTTP/1.1" 200 0 "-" "Mozilla/5.0 (compatible; SecurityResearch/1.0)"
13.203.202.209 - - [18/Jul/2026:01:15:18 -0600] "GET /.env HTTP/1.1" 200 0 "-" "Mozilla/5.0 (compatible; SecurityResearch/1.0)"
13.203.202.209 - - [18/Jul/2026:01:15:18 -0600] "GET /database.sql HTTP/1.1" 200 0 "-" "Mozilla/5.0 (compatible; SecurityResearch/1.0)"
13.203.202.209 - - [18/Jul/2026:01:15:18 -0600] "GET /wp-config.old HTTP/1.1" 200 0 "-" "Mozilla/5.0 (compatible; SecurityResearch/1.0)"
13.203.202.209 - - [18/Jul/2026:01:15:19 -0600] "GET /config.php HTTP/1.1" 200 0 "-" "Mozilla/5.0 (compatible; SecurityResearch/1.0)"
13.203.202.209 - - [18/Jul/2026:01:15:19 -0600] "GET /.env.local HTTP/1.1" 200 0 "-" "Mozilla/5.0 (compatible; SecurityResearch/1.0)"
198.175.150.9 - - [18/Jul/2026:01:15:32 -0600] "POST /wp-cron.php?doing_wp_cron=1784358932.3215880393981933593750 HTTP/1.1" 200 0 "-" "WordPress/7.0.1; https://sonicchocobliss.com"
198.175.150.9 - - [18/Jul/2026:03:38:39 -0600] "POST /wp-cron.php?doing_wp_cron=1784367519.3477089405059814453125 HTTP/1.1" 200 0 "-" "WordPress/7.0.1; https://sonicchocobliss.com"
198.175.150.9 - - [18/Jul/2026:03:38:39 -0600] "POST /wp-cron.php?doing_wp_cron=1784367519.3782370090484619140625 HTTP/1.1" 200 0 "-" "WordPress/7.0.1; https://sonicchocobliss.com"
198.175.150.9 - - [18/Jul/2026:03:38:39 -0600] "POST /wp-cron.php?doing_wp_cron=1784367519.4098598957061767578125 HTTP/1.1" 200 0 "-" "WordPress/7.0.1; https://sonicchocobliss.com"
74.7.228.21 - - [18/Jul/2026:03:38:37 -0600] "GET /robots.txt HTTP/2" 200 102 "-" "Mozilla/5.0 (Macintosh; Intel Mac OS X 10_15_7) AppleWebKit/537.36 (KHTML, like Gecko) Chrome/131.0.0.0 Safari/537.36; compatible; OAI-SearchBot/1.4; robots.txt; +https://openai.com/searchbot"
198.175.150.9 - - [18/Jul/2026:03:38:39 -0600] "POST /wp-cron.php?doing_wp_cron=1784367519.3471329212188720703125 HTTP/1.1" 200 0 "-" "WordPress/7.0.1; https://sonicchocobliss.com"
74.7.227.149 - - [18/Jul/2026:03:38:37 -0600] "GET / HTTP/2" 301 0 "-" "Mozilla/5.0 AppleWebKit/537.36 (KHTML, like Gecko; compatible; GPTBot/1.4; +https://openai.com/gptbot)"
198.175.150.9 - - [18/Jul/2026:03:38:39 -0600] "POST /wp-cron.php?doing_wp_cron=1784367519.3789560794830322265625 HTTP/1.1" 200 0 "-" "WordPress/7.0.1; https://sonicchocobliss.com"
198.175.150.9 - - [18/Jul/2026:03:38:39 -0600] "POST /wp-cron.php?doing_wp_cron=1784367519.4079630374908447265625 HTTP/1.1" 200 0 "-" "WordPress/7.0.1; https://sonicchocobliss.com"
192.36.109.104 - - [18/Jul/2026:04:08:52 -0600] "GET / HTTP/1.1" 200 25862 "http://sonicchocobliss.com/" "Mozilla/5.0 (Windows NT 10.0; Win64; x64) AppleWebKit/537.36 (KHTML, like Gecko) Chrome/121.0.0.0 Safari/537.3"
192.36.109.114 - - [18/Jul/2026:04:08:57 -0600] "GET /about/ HTTP/1.1" 200 29640 "-" "Mozilla/5.0 (Windows NT 10.0; Win64; x64) AppleWebKit/537.36 (KHTML, like Gecko) Chrome/121.0.0.0 Safari/537.3"
205.210.31.24 - - [18/Jul/2026:04:03:29 -0600] "GET / HTTP/1.1" 200 111971 "http://www.sonicchocobliss.com.dfw.party/" "Hello from Palo Alto Networks, find out more about our scans in https://docs-cortex.paloaltonetworks.com/r/1/Cortex-Xpanse/Scanning-activity"
192.36.109.128 - - [18/Jul/2026:04:08:54 -0600] "GET /category/uncategorized/ HTTP/1.1" 200 22801 "-" "Mozilla/5.0 (Windows NT 10.0; Win64; x64) AppleWebKit/537.36 (KHTML, like Gecko) Chrome/121.0.0.0 Safari/537.3"
192.36.109.129 - - [18/Jul/2026:04:08:55 -0600] "GET /logo-ideas/ HTTP/1.1" 200 27223 "-" "Mozilla/5.0 (Windows NT 10.0; Win64; x64) AppleWebKit/537.36 (KHTML, like Gecko) Chrome/121.0.0.0 Safari/537.3"
198.175.150.9 - - [18/Jul/2026:05:22:10 -0600] "POST /wp-cron.php?doing_wp_cron=1784373730.1228530406951904296875 HTTP/1.1" 200 0 "-" "WordPress/7.0.1; https://sonicchocobliss.com"
198.235.24.28 - - [18/Jul/2026:05:22:07 -0600] "GET / HTTP/1.1" 200 111971 "-" "Hello from Palo Alto Networks, find out more about our scans in https://docs-cortex.paloaltonetworks.com/r/1/Cortex-Xpanse/Scanning-activity"
198.175.150.9 - - [18/Jul/2026:05:22:10 -0600] "POST /wp-cron.php?doing_wp_cron=1784373730.0539689064025878906250 HTTP/1.1" 200 0 "-" "WordPress/7.0.1; https://sonicchocobliss.com"
198.175.150.9 - - [18/Jul/2026:05:22:10 -0600] "POST /wp-cron.php?doing_wp_cron=1784373730.7245450019836425781250 HTTP/1.1" 200 0 "-" "WordPress/7.0.1; https://sonicchocobliss.com"
198.175.150.9 - - [18/Jul/2026:05:47:10 -0600] "HEAD / HTTP/1.1" 200 0 "-" "-"
198.175.150.9 - - [18/Jul/2026:05:46:49 -0600] "POST /wp-cron.php?doing_wp_cron=1784375209.6336529254913330078125 HTTP/1.1" 200 0 "-" "WordPress/7.0.1; https://sonicchocobliss.com"
198.175.150.9 - - [18/Jul/2026:05:47:19 -0600] "POST /wp-admin/upgrade.php?step=upgrade_db HTTP/1.1" 200 21 "-" "WordPress/7.0.1; https://sonicchocobliss.com"
198.175.150.9 - - [18/Jul/2026:05:47:28 -0600] "HEAD / HTTP/1.1" 200 0 "-" "-"
198.175.150.9 - - [18/Jul/2026:05:46:41 -0600] "POST /wp-cron.php?doing_wp_cron=1784375201.2499639987945556640625 HTTP/1.1" 200 0 "-" "WordPress/7.0.1; https://sonicchocobliss.com"
198.175.150.9 - - [18/Jul/2026:07:05:10 -0600] "POST /wp-cron.php?doing_wp_cron=1784379910.4398570060729980468750 HTTP/1.1" 200 0 "-" "WordPress/7.0.2; https://sonicchocobliss.com"
198.175.150.9 - - [18/Jul/2026:07:05:10 -0600] "POST /wp-cron.php?doing_wp_cron=1784379910.2863900661468505859375 HTTP/1.1" 200 0 "-" "WordPress/7.0.2; https://sonicchocobliss.com"
198.175.150.9 - - [18/Jul/2026:07:05:10 -0600] "POST /wp-cron.php?doing_wp_cron=1784379910.2862169742584228515625 HTTP/1.1" 200 0 "-" "WordPress/7.0.2; https://sonicchocobliss.com"
74.7.230.6 - - [18/Jul/2026:07:05:06 -0600] "GET /robots.txt HTTP/2" 200 102 "-" "Mozilla/5.0 (Macintosh; Intel Mac OS X 10_15_7) AppleWebKit/537.36 (KHTML, like Gecko) Chrome/131.0.0.0 Safari/537.36; compatible; OAI-SearchBot/1.4; robots.txt; +https://openai.com/searchbot"
198.175.150.9 - - [18/Jul/2026:07:05:10 -0600] "POST /wp-cron.php?doing_wp_cron=1784379910.3426549434661865234375 HTTP/1.1" 200 0 "-" "WordPress/7.0.2; https://sonicchocobliss.com"
198.175.150.9 - - [18/Jul/2026:07:05:10 -0600] "POST /wp-cron.php?doing_wp_cron=1784379910.3430750370025634765625 HTTP/1.1" 200 0 "-" "WordPress/7.0.2; https://sonicchocobliss.com"
74.7.242.53 - - [18/Jul/2026:07:05:06 -0600] "GET / HTTP/2" 301 0 "-" "Mozilla/5.0 AppleWebKit/537.36 (KHTML, like Gecko; compatible; GPTBot/1.4; +https://openai.com/gptbot)"
198.175.150.9 - - [18/Jul/2026:07:34:21 -0600] "POST /wp-cron.php?doing_wp_cron=1784381661.7428450584411621093750 HTTP/1.1" 200 0 "-" "WordPress/7.0.2; https://sonicchocobliss.com"
198.175.150.9 - - [18/Jul/2026:10:57:20 -0600] "POST /wp-cron.php?doing_wp_cron=1784393840.5190188884735107421875 HTTP/1.1" 200 0 "-" "WordPress/7.0.2; https://sonicchocobliss.com"
172.232.7.86 - - [18/Jul/2026:10:57:18 -0600] "HEAD / HTTP/2" 200 0 "-" "Mozilla/5.0 (compatible; SSL-Checker/2.0)"
198.175.150.9 - - [18/Jul/2026:10:57:20 -0600] "POST /wp-cron.php?doing_wp_cron=1784393840.4040288925170898437500 HTTP/1.1" 200 0 "-" "WordPress/7.0.2; https://sonicchocobliss.com"
198.175.150.9 - - [18/Jul/2026:10:57:20 -0600] "POST /wp-cron.php?doing_wp_cron=1784393840.4428989887237548828125 HTTP/1.1" 200 0 "-" "WordPress/7.0.2; https://sonicchocobliss.com"
198.175.150.9 - - [18/Jul/2026:11:22:18 -0600] "POST /wp-cron.php?doing_wp_cron=1784395338.4349548816680908203125 HTTP/1.1" 200 0 "-" "WordPress/7.0.2; https://sonicchocobliss.com"
216.73.216.153 - - [18/Jul/2026:11:22:16 -0600] "GET /robots.txt HTTP/2" 200 102 "-" "Mozilla/5.0 AppleWebKit/537.36 (KHTML, like Gecko; compatible; ClaudeBot/1.0; +claudebot@anthropic.com)"
216.73.216.153 - - [18/Jul/2026:11:22:18 -0600] "GET /sitemap_index.xml HTTP/2" 200 267 "-" "Mozilla/5.0 AppleWebKit/537.36 (KHTML, like Gecko; compatible; ClaudeBot/1.0; +claudebot@anthropic.com)"
198.175.150.9 - - [18/Jul/2026:11:56:52 -0600] "POST /wp-cron.php?doing_wp_cron=1784397412.6605141162872314453125 HTTP/1.1" 200 0 "-" "WordPress/7.0.2; https://sonicchocobliss.com"
173.252.95.19 - - [18/Jul/2026:11:56:52 -0600] "GET /robots.txt HTTP/2" 200 123 "-" "facebookexternalhit/1.1 (+http://www.facebook.com/externalhit_uatext.php)"
173.252.95.19 - - [18/Jul/2026:11:56:50 -0600] "GET /robots.txt HTTP/2" 301 0 "-" "facebookexternalhit/1.1 (+http://www.facebook.com/externalhit_uatext.php)"
198.175.150.9 - - [18/Jul/2026:12:25:04 -0600] "POST /wp-cron.php?doing_wp_cron=1784399104.2279829978942871093750 HTTP/1.1" 200 0 "-" "WordPress/7.0.2; https://sonicchocobliss.com"
198.175.150.9 - - [18/Jul/2026:12:25:04 -0600] "POST /wp-cron.php?doing_wp_cron=1784399104.2586660385131835937500 HTTP/1.1" 200 0 "-" "WordPress/7.0.2; https://sonicchocobliss.com"
54.147.178.160 - - [18/Jul/2026:12:25:03 -0600] "GET /robots.txt HTTP/1.1" 200 117 "-" "Mozilla/5.0 (Macintosh; Intel Mac OS X 10_10_1) AppleWebKit/600.2.5 (KHTML, like Gecko) Version/8.0.2 Safari/600.2.5 (Gort)"
198.175.150.9 - - [18/Jul/2026:12:25:04 -0600] "POST /wp-cron.php?doing_wp_cron=1784399104.1872229576110839843750 HTTP/1.1" 200 0 "-" "WordPress/7.0.2; https://sonicchocobliss.com"
74.7.242.17 - - [18/Jul/2026:13:24:09 -0600] "GET /sitemap_index.xml HTTP/2" 200 267 "-" "Mozilla/5.0 AppleWebKit/537.36 (KHTML, like Gecko; compatible; GPTBot/1.4; +https://openai.com/gptbot)"
198.175.150.9 - - [18/Jul/2026:13:24:12 -0600] "POST /wp-cron.php?doing_wp_cron=1784402652.2832419872283935546875 HTTP/1.1" 200 0 "-" "WordPress/7.0.2; https://sonicchocobliss.com"
74.7.244.49 - - [18/Jul/2026:13:24:09 -0600] "GET /robots.txt HTTP/2" 200 102 "-" "Mozilla/5.0 (Macintosh; Intel Mac OS X 10_15_7) AppleWebKit/537.36 (KHTML, like Gecko) Chrome/131.0.0.0 Safari/537.36; compatible; OAI-SearchBot/1.4; robots.txt; +https://openai.com/searchbot"
198.175.150.9 - - [18/Jul/2026:13:38:28 -0600] "POST /wp-cron.php?doing_wp_cron=1784403508.9326720237731933593750 HTTP/1.1" 200 0 "-" "WordPress/7.0.2; https://sonicchocobliss.com"
198.175.150.9 - - [18/Jul/2026:13:38:30 -0600] "POST /wp-cron.php?doing_wp_cron=1784403510.6213700771331787109375 HTTP/1.1" 200 0 "-" "WordPress/7.0.2; https://sonicchocobliss.com"
198.175.150.9 - - [18/Jul/2026:13:38:29 -0600] "POST /wp-cron.php?doing_wp_cron=1784403509.0300099849700927734375 HTTP/1.1" 200 0 "-" "WordPress/7.0.2; https://sonicchocobliss.com"
198.175.150.9 - - [18/Jul/2026:13:42:26 -0600] "POST /wp-cron.php?doing_wp_cron=1784403746.1412711143493652343750 HTTP/1.1" 200 0 "-" "WordPress/7.0.2; https://sonicchocobliss.com"
216.73.216.153 - - [18/Jul/2026:13:42:22 -0600] "GET /robots.txt HTTP/2" 200 102 "-" "Mozilla/5.0 AppleWebKit/537.36 (KHTML, like Gecko; compatible; ClaudeBot/1.0; +claudebot@anthropic.com)"
216.73.216.153 - - [18/Jul/2026:13:42:27 -0600] "GET /sitemap_index.xml HTTP/2" 200 267 "-" "Mozilla/5.0 AppleWebKit/537.36 (KHTML, like Gecko; compatible; ClaudeBot/1.0; +claudebot@anthropic.com)"
51.79.64.101 - - [18/Jul/2026:13:38:25 -0600] "GET / HTTP/1.1" 200 25859 "-" "Mozilla/5.0 (X11; Linux x86_64) AppleWebKit/537.36 (KHTML, like Gecko) Chrome/124 Safari/537.36"
42.48.191.113 - - [18/Jul/2026:14:29:42 -0600] "GET / HTTP/2" 403 1242 "https://sonicchocobliss.com/" "Mozilla/5.0 (Windows NT 6.1; WOW64) AppleWebKit/537.36 (KHTML, like Gecko) Chrome/50.0.2661.102 Safari/537.36"
172.98.32.123 - - [18/Jul/2026:14:55:33 -0600] "GET /wp-login.php HTTP/1.1" 200 2222 "-" "Mozilla/5.0 (Windows NT 10.0; Win64; rv:143.0) Gecko/20100101 Firefox/143.0"
172.98.32.123 - - [18/Jul/2026:14:55:37 -0600] "GET /?author=1 HTTP/1.1" 404 22489 "-" "Mozilla/5.0 (Windows NT 10.0; Win64; rv:143.0) Gecko/20100101 Firefox/143.0"
172.98.32.123 - - [18/Jul/2026:14:55:42 -0600] "GET /?rest_route=/wp/v2/users HTTP/1.1" 200 378 "-" "Mozilla/5.0 (Windows NT 10.0; Win64; rv:143.0) Gecko/20100101 Firefox/143.0"
172.98.32.123 - - [18/Jul/2026:14:55:46 -0600] "GET /feed HTTP/1.1" 301 0 "-" "Mozilla/5.0 (Windows NT 10.0; Win64; rv:143.0) Gecko/20100101 Firefox/143.0"
172.98.32.123 - - [18/Jul/2026:14:55:49 -0600] "GET /feed/ HTTP/1.1" 200 495 "-" "Mozilla/5.0 (Windows NT 10.0; Win64; rv:143.0) Gecko/20100101 Firefox/143.0"
198.175.150.9 - - [18/Jul/2026:14:55:36 -0600] "POST /wp-cron.php?doing_wp_cron=1784408136.8237779140472412109375 HTTP/1.1" 200 0 "-" "WordPress/7.0.2; https://sonicchocobliss.com"
198.175.150.9 - - [18/Jul/2026:14:55:49 -0600] "POST /wp-cron.php?doing_wp_cron=1784408149.4312450885772705078125 HTTP/1.1" 200 0 "-" "WordPress/7.0.2; https://sonicchocobliss.com"
198.175.150.9 - - [18/Jul/2026:14:55:40 -0600] "POST /wp-cron.php?doing_wp_cron=1784408140.8307549953460693359375 HTTP/1.1" 200 0 "-" "WordPress/7.0.2; https://sonicchocobliss.com"
198.175.150.9 - - [18/Jul/2026:14:55:41 -0600] "POST /wp-cron.php?doing_wp_cron=1784408141.0190539360046386718750 HTTP/1.1" 200 0 "-" "WordPress/7.0.2; https://sonicchocobliss.com"
198.175.150.9 - - [18/Jul/2026:15:42:03 -0600] "POST /wp-cron.php?doing_wp_cron=1784410923.3619449138641357421875 HTTP/1.1" 200 0 "-" "WordPress/7.0.2; https://sonicchocobliss.com"
216.73.216.153 - - [18/Jul/2026:15:42:02 -0600] "GET /robots.txt HTTP/2" 200 102 "-" "Mozilla/5.0 AppleWebKit/537.36 (KHTML, like Gecko; compatible; ClaudeBot/1.0; +claudebot@anthropic.com)"
216.73.216.153 - - [18/Jul/2026:15:42:03 -0600] "GET /sitemap_index.xml HTTP/2" 200 267 "-" "Mozilla/5.0 AppleWebKit/537.36 (KHTML, like Gecko; compatible; ClaudeBot/1.0; +claudebot@anthropic.com)"