38.92.7.36 - - [18/Jul/2026:22:12:48 -0600] "GET /wp-content/uploads/2026/07/logo.jpg HTTP/2" 200 80779 "https://dfwsingingtelegrams.com/" "Mozilla/5.0 (iPhone; CPU iPhone OS 18_7 like Mac OS X) AppleWebKit/605.1.15 (KHTML, like Gecko) Version/26.5.2 Mobile/15E148 Safari/604.1"
38.92.7.36 - - [18/Jul/2026:22:13:01 -0600] "GET /category/uncategorized/ HTTP/2" 200 0 "https://dfwsingingtelegrams.com/" "Mozilla/5.0 (iPhone; CPU iPhone OS 18_7 like Mac OS X) AppleWebKit/605.1.15 (KHTML, like Gecko) Version/26.5.2 Mobile/15E148 Safari/604.1"
38.92.7.36 - - [18/Jul/2026:22:13:04 -0600] "GET /category/uncategorized/ HTTP/2" 200 0 "https://dfwsingingtelegrams.com/" "Mozilla/5.0 (iPhone; CPU iPhone OS 18_7 like Mac OS X) AppleWebKit/605.1.15 (KHTML, like Gecko) Version/26.5.2 Mobile/15E148 Safari/604.1"
38.92.7.36 - - [18/Jul/2026:22:13:06 -0600] "GET /category/uncategorized/ HTTP/2" 200 0 "https://dfwsingingtelegrams.com/" "Mozilla/5.0 (iPhone; CPU iPhone OS 18_7 like Mac OS X) AppleWebKit/605.1.15 (KHTML, like Gecko) Version/26.5.2 Mobile/15E148 Safari/604.1"
38.92.7.36 - - [18/Jul/2026:22:13:06 -0600] "GET /order-online/ HTTP/2" 200 0 "https://dfwsingingtelegrams.com/" "Mozilla/5.0 (iPhone; CPU iPhone OS 18_7 like Mac OS X) AppleWebKit/605.1.15 (KHTML, like Gecko) Version/26.5.2 Mobile/15E148 Safari/604.1"
38.92.7.36 - - [18/Jul/2026:22:13:09 -0600] "GET /order-online/ HTTP/2" 200 0 "https://dfwsingingtelegrams.com/" "Mozilla/5.0 (iPhone; CPU iPhone OS 18_7 like Mac OS X) AppleWebKit/605.1.15 (KHTML, like Gecko) Version/26.5.2 Mobile/15E148 Safari/604.1"
38.92.7.36 - - [18/Jul/2026:22:13:13 -0600] "GET /order-online/ HTTP/2" 200 0 "https://dfwsingingtelegrams.com/" "Mozilla/5.0 (iPhone; CPU iPhone OS 18_7 like Mac OS X) AppleWebKit/605.1.15 (KHTML, like Gecko) Version/26.5.2 Mobile/15E148 Safari/604.1"
38.92.7.36 - - [18/Jul/2026:22:13:14 -0600] "GET /order-online/ HTTP/2" 200 0 "https://dfwsingingtelegrams.com/" "Mozilla/5.0 (iPhone; CPU iPhone OS 18_7 like Mac OS X) AppleWebKit/605.1.15 (KHTML, like Gecko) Version/26.5.2 Mobile/15E148 Safari/604.1"
38.92.7.36 - - [18/Jul/2026:22:13:14 -0600] "GET /order-online/ HTTP/2" 200 0 "https://dfwsingingtelegrams.com/" "Mozilla/5.0 (iPhone; CPU iPhone OS 18_7 like Mac OS X) AppleWebKit/605.1.15 (KHTML, like Gecko) Version/26.5.2 Mobile/15E148 Safari/604.1"
38.92.7.36 - - [18/Jul/2026:22:13:16 -0600] "GET /category/uncategorized/ HTTP/2" 200 0 "https://dfwsingingtelegrams.com/" "Mozilla/5.0 (iPhone; CPU iPhone OS 18_7 like Mac OS X) AppleWebKit/605.1.15 (KHTML, like Gecko) Version/26.5.2 Mobile/15E148 Safari/604.1"
38.92.7.36 - - [18/Jul/2026:22:13:19 -0600] "GET /crazy-bubba/ HTTP/2" 200 15495 "https://dfwsingingtelegrams.com/" "Mozilla/5.0 (iPhone; CPU iPhone OS 18_7 like Mac OS X) AppleWebKit/605.1.15 (KHTML, like Gecko) Version/26.5.2 Mobile/15E148 Safari/604.1"
38.92.7.36 - - [18/Jul/2026:22:13:24 -0600] "GET /category/uncategorized/ HTTP/2" 200 0 "https://dfwsingingtelegrams.com/" "Mozilla/5.0 (iPhone; CPU iPhone OS 18_7 like Mac OS X) AppleWebKit/605.1.15 (KHTML, like Gecko) Version/26.5.2 Mobile/15E148 Safari/604.1"
38.92.7.36 - - [18/Jul/2026:22:13:25 -0600] "GET /category/uncategorized/ HTTP/2" 200 0 "https://dfwsingingtelegrams.com/" "Mozilla/5.0 (iPhone; CPU iPhone OS 18_7 like Mac OS X) AppleWebKit/605.1.15 (KHTML, like Gecko) Version/26.5.2 Mobile/15E148 Safari/604.1"
38.92.7.36 - - [18/Jul/2026:22:15:19 -0600] "GET /wp-content/uploads/2025/05/office-surprise-gorilla.jpg HTTP/2" 200 110234 "https://dfwsingingtelegrams.com/category/uncategorized/" "Mozilla/5.0 (iPhone; CPU iPhone OS 18_7 like Mac OS X) AppleWebKit/605.1.15 (KHTML, like Gecko) Version/26.5.2 Mobile/15E148 Safari/604.1"
38.92.7.36 - - [18/Jul/2026:22:15:19 -0600] "GET /wp-content/uploads/2025/03/Introducing-Crazy-Bubba-and-Bubba-Pimp.jpg HTTP/2" 200 101630 "https://dfwsingingtelegrams.com/category/uncategorized/" "Mozilla/5.0 (iPhone; CPU iPhone OS 18_7 like Mac OS X) AppleWebKit/605.1.15 (KHTML, like Gecko) Version/26.5.2 Mobile/15E148 Safari/604.1"
38.92.7.36 - - [18/Jul/2026:22:15:19 -0600] "GET /wp-content/uploads/2025/02/book-online-button.png HTTP/2" 200 23957 "https://dfwsingingtelegrams.com/category/uncategorized/" "Mozilla/5.0 (iPhone; CPU iPhone OS 18_7 like Mac OS X) AppleWebKit/605.1.15 (KHTML, like Gecko) Version/26.5.2 Mobile/15E148 Safari/604.1"
38.92.7.36 - - [18/Jul/2026:22:15:13 -0600] "GET /category/uncategorized/ HTTP/2" 200 22573 "-" "Mozilla/5.0 (iPhone; CPU iPhone OS 18_7 like Mac OS X) AppleWebKit/605.1.15 (KHTML, like Gecko) Version/26.5.2 Mobile/15E148 Safari/604.1"
54.39.210.42 - - [18/Jul/2026:22:10:00 -0600] "GET /crazy-bubba-and-bubba-pimp-perform-singing-telegram-grams-in-highland-park/ HTTP/2" 200 28921 "-" "Mozilla/5.0 (compatible; AhrefsBot/7.0; +http://ahrefs.com/robot/)"
54.39.0.172 - - [18/Jul/2026:22:11:43 -0600] "GET /wp-content/uploads/elementor/css/post-1895.css?ver=1784346388 HTTP/2" 200 153 "-" "Mozilla/5.0 (compatible; AhrefsBot/7.0; +http://ahrefs.com/robot/)"
15.235.27.215 - - [18/Jul/2026:21:44:42 -0600] "GET /cow/ HTTP/2" 404 18865 "-" "Mozilla/5.0 (compatible; AhrefsBot/7.0; +http://ahrefs.com/robot/)"
198.175.150.9 - - [18/Jul/2026:22:02:46 -0600] "POST /wp-cron.php?doing_wp_cron=1784433766.0209729671478271484375 HTTP/1.1" 200 0 "-" "WordPress/7.0.2; https://dfwsingingtelegrams.com"
74.7.241.60 - - [18/Jul/2026:22:02:38 -0600] "GET /sitemap_index.xml HTTP/2" 200 327 "-" "Mozilla/5.0 AppleWebKit/537.36 (KHTML, like Gecko; compatible; GPTBot/1.4; +https://openai.com/gptbot)"
198.175.150.9 - - [18/Jul/2026:22:29:23 -0600] "POST /wp-cron.php?doing_wp_cron=1784435363.0393939018249511718750 HTTP/1.1" 200 0 "-" "WordPress/7.0.2; https://dfwsingingtelegrams.com"
77.75.77.36 - - [18/Jul/2026:22:41:26 -0600] "GET /robots.txt HTTP/1.1" 200 134 "-" "Mozilla/5.0 (compatible; SeznamBot/4.0; +https://o-seznam.cz/napoveda/vyhledavani/en/seznambot-crawler/)"
77.75.77.36 - - [18/Jul/2026:22:41:26 -0600] "GET /best-office-birthday-surprise-in-little-elm-tx/ HTTP/1.1" 200 31936 "-" "Mozilla/5.0 (compatible; SeznamBot/4.0; +https://o-seznam.cz/napoveda/vyhledavani/en/seznambot-crawler/)"
77.75.77.36 - - [18/Jul/2026:22:42:15 -0600] "GET /best-office-birthday-surprise-in-carrollton-tx/ HTTP/1.1" 200 32004 "-" "Mozilla/5.0 (compatible; SeznamBot/4.0; +https://o-seznam.cz/napoveda/vyhledavani/en/seznambot-crawler/)"
43.138.68.113 - - [18/Jul/2026:22:20:47 -0600] "GET / HTTP/1.1" 200 29033 "http://www.dfwsingingtelegrams.com" "Mozilla/5.0 (iPhone; CPU iPhone OS 13_2_3 like Mac OS X) AppleWebKit/605.1.15 (KHTML, like Gecko) Version/13.0.3 Mobile/15E148 Safari/604.1"
52.167.144.195 - - [18/Jul/2026:22:23:47 -0600] "GET /wp-content/uploads/2026/06/banner-300x75.jpg HTTP/2" 200 11525 "-" "Mozilla/5.0 AppleWebKit/537.36 (KHTML, like Gecko; compatible; bingbot/2.0; +http://www.bing.com/bingbot.htm) Chrome/116.0.1938.76 Safari/537.36"
185.191.171.15 - - [18/Jul/2026:22:27:14 -0600] "GET /disco-bubba-2/ HTTP/1.1" 200 27396 "-" "Mozilla/5.0 (compatible; SemrushBot/7~bl; +http://www.semrush.com/bot.html)"
104.210.140.134 - - [18/Jul/2026:22:29:18 -0600] "GET /robots.txt HTTP/2" 301 0 "-" "Mozilla/5.0 (Macintosh; Intel Mac OS X 10_15_7) AppleWebKit/537.36 (KHTML, like Gecko) Chrome/131.0.0.0 Safari/537.36; compatible; OAI-SearchBot/1.0; +https://openai.com/searchbot"
85.208.96.210 - - [18/Jul/2026:22:27:10 -0600] "GET /robots.txt HTTP/1.1" 200 134 "-" "Mozilla/5.0 (compatible; SemrushBot/7~bl; +http://www.semrush.com/bot.html)"
198.175.150.9 - - [18/Jul/2026:22:29:23 -0600] "POST /wp-cron.php?doing_wp_cron=1784435363.0147590637207031250000 HTTP/1.1" 200 0 "-" "WordPress/7.0.2; https://dfwsingingtelegrams.com"
216.73.217.24 - - [18/Jul/2026:22:42:50 -0600] "GET /robots.txt HTTP/2" 200 117 "-" "Mozilla/5.0 AppleWebKit/537.36 (KHTML, like Gecko; compatible; ClaudeBot/1.0; +claudebot@anthropic.com)"
216.73.217.24 - - [18/Jul/2026:22:42:53 -0600] "GET /sitemap_index.xml HTTP/2" 200 327 "-" "Mozilla/5.0 AppleWebKit/537.36 (KHTML, like Gecko; compatible; ClaudeBot/1.0; +claudebot@anthropic.com)"
77.75.79.109 - - [18/Jul/2026:23:04:14 -0600] "GET /best-office-birthday-surprise-in-grapevine-tx/ HTTP/1.1" 200 31844 "-" "Mozilla/5.0 (compatible; SeznamBot/4.0; +https://o-seznam.cz/napoveda/vyhledavani/en/seznambot-crawler/)"
77.75.79.109 - - [18/Jul/2026:23:05:09 -0600] "GET /best-office-birthday-surprise-in-denton-tx/ HTTP/1.1" 200 31991 "-" "Mozilla/5.0 (compatible; SeznamBot/4.0; +https://o-seznam.cz/napoveda/vyhledavani/en/seznambot-crawler/)"
77.75.79.109 - - [18/Jul/2026:23:09:20 -0600] "GET /gorilla-grams-available-in-addison-texas/ HTTP/1.1" 200 31714 "-" "Mozilla/5.0 (compatible; SeznamBot/4.0; +https://o-seznam.cz/napoveda/vyhledavani/en/seznambot-crawler/)"
216.73.217.24 - - [18/Jul/2026:23:05:43 -0600] "GET /send-a-valentines-day-singing-telegram-in-dallas-tx HTTP/2" 301 0 "-" "Mozilla/5.0 AppleWebKit/537.36 (KHTML, like Gecko; compatible; ClaudeBot/1.0; +claudebot@anthropic.com)"
216.73.217.24 - - [18/Jul/2026:23:05:47 -0600] "GET /send-a-valentines-day-singing-telegram-in-dallas-tx/ HTTP/2" 200 27259 "https://dfwsingingtelegrams.com/send-a-valentines-day-singing-telegram-in-dallas-tx" "Mozilla/5.0 AppleWebKit/537.36 (KHTML, like Gecko; compatible; ClaudeBot/1.0; +claudebot@anthropic.com)"
77.75.79.109 - - [18/Jul/2026:23:08:11 -0600] "GET /crazy-bubba-and-bubba-pimp-perform-singing-telegram-grams-in-kaufman-texas/ HTTP/1.1" 200 32480 "-" "Mozilla/5.0 (compatible; SeznamBot/4.0; +https://o-seznam.cz/napoveda/vyhledavani/en/seznambot-crawler/)"
77.75.79.109 - - [18/Jul/2026:23:10:10 -0600] "GET /singing-telegrams-in-prosper-tx-crazy-bubba-and-more/ HTTP/1.1" 200 32870 "-" "Mozilla/5.0 (compatible; SeznamBot/4.0; +https://o-seznam.cz/napoveda/vyhledavani/en/seznambot-crawler/)"
77.75.79.109 - - [18/Jul/2026:23:04:33 -0600] "GET /best-office-birthday-surprise-in-mckinney-tx/ HTTP/1.1" 200 32019 "-" "Mozilla/5.0 (compatible; SeznamBot/4.0; +https://o-seznam.cz/napoveda/vyhledavani/en/seznambot-crawler/)"
77.75.79.109 - - [18/Jul/2026:23:07:13 -0600] "GET /celebrate-mothers-day-with-a-singing-heart-singing-telegram-in-dallas/ HTTP/1.1" 200 31752 "-" "Mozilla/5.0 (compatible; SeznamBot/4.0; +https://o-seznam.cz/napoveda/vyhledavani/en/seznambot-crawler/)"
198.175.150.9 - - [18/Jul/2026:23:04:19 -0600] "POST /wp-cron.php?doing_wp_cron=1784437459.8261899948120117187500 HTTP/1.1" 200 0 "-" "WordPress/7.0.2; https://dfwsingingtelegrams.com"
77.75.79.109 - - [18/Jul/2026:23:06:27 -0600] "GET /best-office-birthday-surprise-in-southlake-tx/ HTTP/1.1" 503 807 "-" "Mozilla/5.0 (compatible; SeznamBot/4.0; +https://o-seznam.cz/napoveda/vyhledavani/en/seznambot-crawler/)"
77.75.79.109 - - [18/Jul/2026:23:13:27 -0600] "GET /crazy-bubba-and-bubba-pimp-perform-singing-telegram-grams-in-ennis/ HTTP/1.1" 200 32967 "-" "Mozilla/5.0 (compatible; SeznamBot/4.0; +https://o-seznam.cz/napoveda/vyhledavani/en/seznambot-crawler/)"
77.75.79.109 - - [18/Jul/2026:23:14:18 -0600] "GET /crazy-bubba-and-bubba-pimp-perform-singing-telegram-grams-in-bedford/ HTTP/1.1" 200 33111 "-" "Mozilla/5.0 (compatible; SeznamBot/4.0; +https://o-seznam.cz/napoveda/vyhledavani/en/seznambot-crawler/)"
5.39.1.252 - - [18/Jul/2026:23:14:22 -0600] "GET /robots.txt HTTP/2" 200 117 "-" "Mozilla/5.0 (compatible; AhrefsBot/7.0; +http://ahrefs.com/robot/)"
77.75.79.109 - - [18/Jul/2026:23:18:23 -0600] "GET /crazy-bubba-and-bubba-pimp-perform-singing-telegram-grams-in-benbrook/ HTTP/1.1" 200 32762 "-" "Mozilla/5.0 (compatible; SeznamBot/4.0; +https://o-seznam.cz/napoveda/vyhledavani/en/seznambot-crawler/)"
77.75.79.109 - - [18/Jul/2026:23:12:19 -0600] "GET /best-office-birthday-surprise-in-coppell-tx/ HTTP/1.1" 200 31972 "-" "Mozilla/5.0 (compatible; SeznamBot/4.0; +https://o-seznam.cz/napoveda/vyhledavani/en/seznambot-crawler/)"
77.75.79.109 - - [18/Jul/2026:23:16:19 -0600] "GET /crazy-bubba-and-bubba-pimp-perform-singing-telegram-grams-in-cleburne/ HTTP/1.1" 200 32648 "-" "Mozilla/5.0 (compatible; SeznamBot/4.0; +https://o-seznam.cz/napoveda/vyhledavani/en/seznambot-crawler/)"
77.75.79.109 - - [18/Jul/2026:23:17:23 -0600] "GET /best-office-birthday-surprise-in-plano-tx/ HTTP/1.1" 200 31980 "-" "Mozilla/5.0 (compatible; SeznamBot/4.0; +https://o-seznam.cz/napoveda/vyhledavani/en/seznambot-crawler/)"
77.75.79.109 - - [18/Jul/2026:23:19:18 -0600] "GET /crazy-bubba-and-bubba-pimp-perform-singing-telegram-in-mckinney-texas/ HTTP/1.1" 200 32665 "-" "Mozilla/5.0 (compatible; SeznamBot/4.0; +https://o-seznam.cz/napoveda/vyhledavani/en/seznambot-crawler/)"
77.75.79.109 - - [18/Jul/2026:23:11:16 -0600] "GET /crazy-bubba-and-bubba-pimp-perform-singing-telegram-grams-in-flower-mound/ HTTP/1.1" 200 33048 "-" "Mozilla/5.0 (compatible; SeznamBot/4.0; +https://o-seznam.cz/napoveda/vyhledavani/en/seznambot-crawler/)"
77.75.79.109 - - [18/Jul/2026:23:11:23 -0600] "GET /crazy-bubba-and-bubba-pimp-perform-singing-telegrams-in-addison/ HTTP/1.1" 200 31621 "-" "Mozilla/5.0 (compatible; SeznamBot/4.0; +https://o-seznam.cz/napoveda/vyhledavani/en/seznambot-crawler/)"
198.244.183.12 - - [18/Jul/2026:23:14:27 -0600] "GET /crazy-bubba-and-bubba-pimp-perform-singing-telegram-in-weatherford-texas/ HTTP/2" 200 28694 "-" "Mozilla/5.0 (compatible; AhrefsBot/7.0; +http://ahrefs.com/robot/)"
51.195.215.90 - - [18/Jul/2026:23:16:57 -0600] "GET /wp-content/uploads/elementor/css/post-2106.css?ver=1784438072 HTTP/2" 200 153 "-" "Mozilla/5.0 (compatible; AhrefsBot/7.0; +http://ahrefs.com/robot/)"
77.75.79.109 - - [18/Jul/2026:23:17:26 -0600] "GET /best-office-birthday-surprise-in-highland-park-tx/ HTTP/1.1" 200 32093 "-" "Mozilla/5.0 (compatible; SeznamBot/4.0; +https://o-seznam.cz/napoveda/vyhledavani/en/seznambot-crawler/)"
40.77.167.24 - - [18/Jul/2026:23:19:42 -0600] "GET /super-bubba-2/ HTTP/2" 200 23885 "-" "Mozilla/5.0 AppleWebKit/537.36 (KHTML, like Gecko; compatible; bingbot/2.0; +http://www.bing.com/bingbot.htm) Chrome/116.0.1938.76 Safari/537.36"
77.75.79.109 - - [18/Jul/2026:23:15:16 -0600] "GET /dfw-singing-telegrams-now-available-in-the-colony-tx/ HTTP/1.1" 200 32119 "-" "Mozilla/5.0 (compatible; SeznamBot/4.0; +https://o-seznam.cz/napoveda/vyhledavani/en/seznambot-crawler/)"
40.77.167.132 - - [18/Jul/2026:23:27:52 -0600] "GET /super-bubba/ HTTP/2" 301 0 "-" "Mozilla/5.0 AppleWebKit/537.36 (KHTML, like Gecko; compatible; bingbot/2.0; +http://www.bing.com/bingbot.htm) Chrome/116.0.1938.76 Safari/537.36"
40.77.167.132 - - [18/Jul/2026:23:27:55 -0600] "GET /wp-content/uploads/2026/06/super-bubba.jpg HTTP/2" 200 200190 "-" "Mozilla/5.0 AppleWebKit/537.36 (KHTML, like Gecko; compatible; bingbot/2.0; +http://www.bing.com/bingbot.htm) Chrome/116.0.1938.76 Safari/537.36"
77.75.79.109 - - [18/Jul/2026:23:28:11 -0600] "GET /crazy-bubba-and-bubba-pimp-perform-singing-telegram-grams-in-corinth-texas/ HTTP/1.1" 200 33018 "-" "Mozilla/5.0 (compatible; SeznamBot/4.0; +https://o-seznam.cz/napoveda/vyhledavani/en/seznambot-crawler/)"
77.75.79.109 - - [18/Jul/2026:23:29:28 -0600] "GET /crazy-bubba-and-bubba-pimp-perform-singing-telegram-in-southlake-texas/ HTTP/1.1" 200 32509 "-" "Mozilla/5.0 (compatible; SeznamBot/4.0; +https://o-seznam.cz/napoveda/vyhledavani/en/seznambot-crawler/)"
77.75.79.109 - - [18/Jul/2026:23:31:20 -0600] "GET /crazy-bubba-and-bubba-pimp-perform-singing-telegram-grams-in-hutchins-texas/ HTTP/1.1" 200 33075 "-" "Mozilla/5.0 (compatible; SeznamBot/4.0; +https://o-seznam.cz/napoveda/vyhledavani/en/seznambot-crawler/)"
77.75.79.109 - - [18/Jul/2026:23:34:23 -0600] "GET /crazy-bubba-and-bubba-pimp-perform-singing-telegram-grams-in-highland-park/ HTTP/1.1" 200 33077 "-" "Mozilla/5.0 (compatible; SeznamBot/4.0; +https://o-seznam.cz/napoveda/vyhledavani/en/seznambot-crawler/)"
77.75.79.109 - - [18/Jul/2026:23:35:29 -0600] "GET /crazy-bubba-and-bubba-pimp-perform-singing-telegram-in-mineral-wells-texas/ HTTP/1.1" 200 31824 "-" "Mozilla/5.0 (compatible; SeznamBot/4.0; +https://o-seznam.cz/napoveda/vyhledavani/en/seznambot-crawler/)"
77.75.79.109 - - [18/Jul/2026:23:36:17 -0600] "GET /crazy-bubba-and-bubba-pimp-perform-singing-telegram-in-red-oak-texas/ HTTP/1.1" 200 32657 "-" "Mozilla/5.0 (compatible; SeznamBot/4.0; +https://o-seznam.cz/napoveda/vyhledavani/en/seznambot-crawler/)"
77.75.79.109 - - [18/Jul/2026:23:25:19 -0600] "GET /crazy-bubba-and-bubba-pimp-perform-singing-telegram-grams-in-hillsboro/ HTTP/1.1" 200 32881 "-" "Mozilla/5.0 (compatible; SeznamBot/4.0; +https://o-seznam.cz/napoveda/vyhledavani/en/seznambot-crawler/)"
77.75.79.109 - - [18/Jul/2026:23:22:23 -0600] "GET /crazy-bubba-and-bubba-pimp-perform-singing-telegrams-in-balch-springs/ HTTP/1.1" 200 32458 "-" "Mozilla/5.0 (compatible; SeznamBot/4.0; +https://o-seznam.cz/napoveda/vyhledavani/en/seznambot-crawler/)"
77.75.79.109 - - [18/Jul/2026:23:24:17 -0600] "GET /crazy-bubba-and-bubba-pimp-perform-singing-telegram-in-seagoville-texas/ HTTP/1.1" 200 32637 "-" "Mozilla/5.0 (compatible; SeznamBot/4.0; +https://o-seznam.cz/napoveda/vyhledavani/en/seznambot-crawler/)"
77.75.79.109 - - [18/Jul/2026:23:26:21 -0600] "GET /crazy-bubba-and-bubba-pimp-perform-singing-telegram-grams-in-allen-texas/ HTTP/1.1" 200 31547 "-" "Mozilla/5.0 (compatible; SeznamBot/4.0; +https://o-seznam.cz/napoveda/vyhledavani/en/seznambot-crawler/)"
77.75.79.109 - - [18/Jul/2026:23:30:13 -0600] "GET /crazy-bubba-and-bubba-pimp-perform-singing-telegram-grams-in-euless/ HTTP/1.1" 200 32641 "-" "Mozilla/5.0 (compatible; SeznamBot/4.0; +https://o-seznam.cz/napoveda/vyhledavani/en/seznambot-crawler/)"
77.75.79.109 - - [18/Jul/2026:23:33:12 -0600] "GET /crazy-bubba-and-bubba-pimp-perform-singing-telegram-grams-in-hurst/ HTTP/1.1" 200 32205 "-" "Mozilla/5.0 (compatible; SeznamBot/4.0; +https://o-seznam.cz/napoveda/vyhledavani/en/seznambot-crawler/)"
77.75.79.109 - - [18/Jul/2026:23:36:17 -0600] "GET /crazy-bubba-and-bubba-pimp-perform-singing-telegram-grams-in-fairview/ HTTP/1.1" 200 32900 "-" "Mozilla/5.0 (compatible; SeznamBot/4.0; +https://o-seznam.cz/napoveda/vyhledavani/en/seznambot-crawler/)"
77.75.79.109 - - [18/Jul/2026:23:20:12 -0600] "GET /crazy-bubba-and-bubba-pimp-perform-singing-telegram-grams-in-frisco/ HTTP/1.1" 200 32929 "-" "Mozilla/5.0 (compatible; SeznamBot/4.0; +https://o-seznam.cz/napoveda/vyhledavani/en/seznambot-crawler/)"
77.75.79.109 - - [18/Jul/2026:23:23:22 -0600] "GET /best-office-birthday-surprise-in-addison-tx/ HTTP/1.1" 200 31871 "-" "Mozilla/5.0 (compatible; SeznamBot/4.0; +https://o-seznam.cz/napoveda/vyhledavani/en/seznambot-crawler/)"
77.75.79.109 - - [18/Jul/2026:23:24:12 -0600] "GET /crazy-bubba-and-bubba-pimp-perform-singing-telegram-grams-in-aledo/ HTTP/1.1" 200 33323 "-" "Mozilla/5.0 (compatible; SeznamBot/4.0; +https://o-seznam.cz/napoveda/vyhledavani/en/seznambot-crawler/)"
77.75.79.109 - - [18/Jul/2026:23:27:24 -0600] "GET /crazy-bubba-and-bubba-pimp-perform-singing-telegram-grams-in-crowley/ HTTP/1.1" 200 32731 "-" "Mozilla/5.0 (compatible; SeznamBot/4.0; +https://o-seznam.cz/napoveda/vyhledavani/en/seznambot-crawler/)"
198.175.150.9 - - [18/Jul/2026:23:29:32 -0600] "POST /wp-cron.php?doing_wp_cron=1784438972.2364170551300048828125 HTTP/1.1" 200 0 "-" "WordPress/7.0.2; https://dfwsingingtelegrams.com"
198.175.150.9 - - [18/Jul/2026:23:29:32 -0600] "POST /wp-cron.php?doing_wp_cron=1784438972.3228011131286621093750 HTTP/1.1" 200 0 "-" "WordPress/7.0.2; https://dfwsingingtelegrams.com"
77.75.79.109 - - [18/Jul/2026:23:30:30 -0600] "GET /crazy-bubba-and-bubba-pimp-perform-singing-telegram-grams-in-fort-worth/ HTTP/1.1" 200 32912 "-" "Mozilla/5.0 (compatible; SeznamBot/4.0; +https://o-seznam.cz/napoveda/vyhledavani/en/seznambot-crawler/)"
77.75.79.109 - - [18/Jul/2026:23:32:17 -0600] "GET /crazy-bubba-and-bubba-pimp-perform-singing-telegram-grams-in-lavon-texas/ HTTP/1.1" 200 32630 "-" "Mozilla/5.0 (compatible; SeznamBot/4.0; +https://o-seznam.cz/napoveda/vyhledavani/en/seznambot-crawler/)"
177.244.65.175 - - [18/Jul/2026:23:37:13 -0600] "GET /best-office-birthday-surprise-in-arlington-tx/ HTTP/1.1" 200 31918 "-" "Mozilla/5.0 (Macintosh; Intel Mac OS X 15_3_0) AppleWebKit/537.36 (KHTML, like Gecko) Chrome/133.0.6943.141 Safari/537.36"
52.167.144.227 - - [18/Jul/2026:23:42:50 -0600] "GET /dfw-singing-telegrams-now-available-in-frisco-the-best-way-to-celebrate/ HTTP/2" 200 28866 "-" "Mozilla/5.0 AppleWebKit/537.36 (KHTML, like Gecko; compatible; bingbot/2.0; +http://www.bing.com/bingbot.htm) Chrome/116.0.1938.76 Safari/537.36"
77.75.79.109 - - [18/Jul/2026:23:43:26 -0600] "GET /crazy-bubba-and-bubba-pimp-perform-singing-telegram-grams-in-cedar-hill-texas/ HTTP/1.1" 200 32906 "-" "Mozilla/5.0 (compatible; SeznamBot/4.0; +https://o-seznam.cz/napoveda/vyhledavani/en/seznambot-crawler/)"
77.75.79.109 - - [18/Jul/2026:23:44:15 -0600] "GET /dfw-singing-telegrams-bringing-laughter-and-joy-to-richardson-tx/ HTTP/1.1" 200 31634 "-" "Mozilla/5.0 (compatible; SeznamBot/4.0; +https://o-seznam.cz/napoveda/vyhledavani/en/seznambot-crawler/)"
17.22.245.159 - - [18/Jul/2026:23:44:32 -0600] "GET /crazy-bubba-and-bubba-pimp-perform-singing-telegram-in-sachse-texas/ HTTP/2" 200 32625 "-" "Mozilla/5.0 (Macintosh; Intel Mac OS X 10_15_7) AppleWebKit/605.1.15 (KHTML, like Gecko) Version/17.4 Safari/605.1.15 (Applebot/0.1; +http://www.apple.com/go/applebot)"
198.244.183.176 - - [18/Jul/2026:23:46:03 -0600] "GET /dfw-singing-telegrams-now-available-in-mckinney-texas-send-bubba-for-an-unforgettable-birthday-surprise/ HTTP/2" 200 28800 "-" "Mozilla/5.0 (compatible; AhrefsBot/7.0; +http://ahrefs.com/robot/)"
77.75.79.109 - - [18/Jul/2026:23:40:24 -0600] "GET /crazy-bubba-and-bubba-pimp-perform-singing-telegram-in-lewisville-texas/ HTTP/1.1" 200 32722 "-" "Mozilla/5.0 (compatible; SeznamBot/4.0; +https://o-seznam.cz/napoveda/vyhledavani/en/seznambot-crawler/)"
77.75.79.109 - - [18/Jul/2026:23:41:14 -0600] "GET /best-office-birthday-surprise-in-arlington-tx/ HTTP/1.1" 200 31918 "-" "Mozilla/5.0 (compatible; SeznamBot/4.0; +https://o-seznam.cz/napoveda/vyhledavani/en/seznambot-crawler/)"
77.75.79.109 - - [18/Jul/2026:23:45:16 -0600] "GET /crazy-bubba-and-bubba-pimp-perform-singing-telegram-in-plano-texas/ HTTP/1.1" 200 32362 "-" "Mozilla/5.0 (compatible; SeznamBot/4.0; +https://o-seznam.cz/napoveda/vyhledavani/en/seznambot-crawler/)"
77.75.79.109 - - [18/Jul/2026:23:46:24 -0600] "GET /crazy-bubba-and-bubba-pimp-perform-singing-telegram-in-sachse-texas/ HTTP/1.1" 200 32625 "-" "Mozilla/5.0 (compatible; SeznamBot/4.0; +https://o-seznam.cz/napoveda/vyhledavani/en/seznambot-crawler/)"
77.75.79.109 - - [18/Jul/2026:23:48:27 -0600] "GET /crazy-bubba-and-bubba-pimp-perform-singing-telegram-in-saginaw-texas/ HTTP/1.1" 200 32877 "-" "Mozilla/5.0 (compatible; SeznamBot/4.0; +https://o-seznam.cz/napoveda/vyhledavani/en/seznambot-crawler/)"
77.75.79.109 - - [18/Jul/2026:23:37:31 -0600] "GET /crazy-bubba-and-bubba-pimp-perform-singing-telegram-in-little-elm-texas/ HTTP/1.1" 200 32752 "-" "Mozilla/5.0 (compatible; SeznamBot/4.0; +https://o-seznam.cz/napoveda/vyhledavani/en/seznambot-crawler/)"
77.75.79.109 - - [18/Jul/2026:23:38:22 -0600] "GET /crazy-bubba-and-bubba-pimp-perform-singing-telegram-in-mesquite-texas/ HTTP/1.1" 200 31598 "-" "Mozilla/5.0 (compatible; SeznamBot/4.0; +https://o-seznam.cz/napoveda/vyhledavani/en/seznambot-crawler/)"
40.77.167.29 - - [18/Jul/2026:23:43:13 -0600] "GET /wp-content/uploads/elementor/css/post-1009.css?ver=1784346318 HTTP/2" 200 197 "https://dfwsingingtelegrams.com/dfw-singing-telegrams-now-available-in-frisco-the-best-way-to-celebrate/" "Mozilla/5.0 AppleWebKit/537.36 (KHTML, like Gecko; compatible; bingbot/2.0; +http://www.bing.com/bingbot.htm) Chrome/136.0.0.0 Safari/537.36 AppleWebKit/537.36 (KHTML, like Gecko; compatible; bingbot/2.0; +http://www.bing.com/bingbot.htm) Chrome/116.0.1938.76 Safari/537.36"
54.38.147.99 - - [18/Jul/2026:23:46:45 -0600] "GET /wp-content/uploads/2025/02/mckinney.jpg HTTP/2" 200 100344 "-" "Mozilla/5.0 (compatible; AhrefsBot/7.0; +http://ahrefs.com/robot/)"
198.175.150.9 - - [18/Jul/2026:23:49:36 -0600] "POST /wp-cron.php?doing_wp_cron=1784440176.0193591117858886718750 HTTP/1.1" 200 0 "-" "WordPress/7.0.2; https://dfwsingingtelegrams.com"
77.75.79.109 - - [18/Jul/2026:23:49:31 -0600] "GET /celebrate-mothers-day-with-a-singing-telegram-in-dallas-texas/ HTTP/1.1" 200 32166 "-" "Mozilla/5.0 (compatible; SeznamBot/4.0; +https://o-seznam.cz/napoveda/vyhledavani/en/seznambot-crawler/)"
77.75.79.109 - - [18/Jul/2026:23:39:17 -0600] "GET /crazy-bubba-and-bubba-pimp-perform-singing-telegram-in-rowlett-texas/ HTTP/1.1" 200 32901 "-" "Mozilla/5.0 (compatible; SeznamBot/4.0; +https://o-seznam.cz/napoveda/vyhledavani/en/seznambot-crawler/)"
77.75.79.109 - - [18/Jul/2026:23:42:19 -0600] "GET /crazy-bubba-and-bubba-pimp-perform-singing-telegram-in-midlothian-texas/ HTTP/1.1" 200 32660 "-" "Mozilla/5.0 (compatible; SeznamBot/4.0; +https://o-seznam.cz/napoveda/vyhledavani/en/seznambot-crawler/)"
77.75.79.109 - - [18/Jul/2026:23:42:27 -0600] "GET /best-office-birthday-surprise-in-grand-prairie-tx/ HTTP/1.1" 200 31941 "-" "Mozilla/5.0 (compatible; SeznamBot/4.0; +https://o-seznam.cz/napoveda/vyhledavani/en/seznambot-crawler/)"
198.244.242.30 - - [18/Jul/2026:23:46:47 -0600] "GET /wp-content/uploads/elementor/css/post-1068.css?ver=1784439968 HTTP/2" 200 197 "-" "Mozilla/5.0 (compatible; AhrefsBot/7.0; +http://ahrefs.com/robot/)"
77.75.79.109 - - [18/Jul/2026:23:50:19 -0600] "GET /crazy-bubba-and-bubba-pimp-perform-singing-telegram-grams-in-desoto/ HTTP/1.1" 200 32605 "-" "Mozilla/5.0 (compatible; SeznamBot/4.0; +https://o-seznam.cz/napoveda/vyhledavani/en/seznambot-crawler/)"
85.208.96.193 - - [18/Jul/2026:23:50:47 -0600] "GET /robots.txt HTTP/1.1" 200 134 "-" "Mozilla/5.0 (compatible; SemrushBot/7~bl; +http://www.semrush.com/bot.html)"
77.75.79.109 - - [18/Jul/2026:23:54:29 -0600] "GET /crazy-bubba-and-bubba-pimp-perform-singing-telegram-grams-in-grapevine/ HTTP/1.1" 200 32964 "-" "Mozilla/5.0 (compatible; SeznamBot/4.0; +https://o-seznam.cz/napoveda/vyhledavani/en/seznambot-crawler/)"
85.208.96.204 - - [18/Jul/2026:23:50:50 -0600] "GET /crazy-bubba-the-hillbilly/ HTTP/1.1" 200 25490 "-" "Mozilla/5.0 (compatible; SemrushBot/7~bl; +http://www.semrush.com/bot.html)"
198.175.150.9 - - [18/Jul/2026:23:55:24 -0600] "POST /wp-cron.php?doing_wp_cron=1784440524.1344931125640869140625 HTTP/1.1" 200 0 "-" "WordPress/7.0.2; https://dfwsingingtelegrams.com"
47.82.11.234 - - [18/Jul/2026:23:55:37 -0600] "GET /wp-content/uploads/2022/09/bubbapimp.jpg HTTP/1.1" 200 93464 "https://dfwsingingtelegrams.com/wp-content/uploads/2022/09/bubbapimp.jpg" "Mozilla/5.0 (Macintosh; Intel Mac OS X 10_15_7) AppleWebKit/537.36 (KHTML, like Gecko) Chrome/127.0.0.0 Safari/537.36"
77.75.79.109 - - [18/Jul/2026:23:52:25 -0600] "GET /crazy-bubba-and-bubba-pimp-perform-singing-telegram-in-murphy-texas/ HTTP/1.1" 200 32730 "-" "Mozilla/5.0 (compatible; SeznamBot/4.0; +https://o-seznam.cz/napoveda/vyhledavani/en/seznambot-crawler/)"
77.75.79.109 - - [18/Jul/2026:23:53:16 -0600] "GET /dfw-singing-telegrams-available-in-grapevine-tx/ HTTP/1.1" 200 31683 "-" "Mozilla/5.0 (compatible; SeznamBot/4.0; +https://o-seznam.cz/napoveda/vyhledavani/en/seznambot-crawler/)"
43.131.45.213 - - [18/Jul/2026:23:50:10 -0600] "GET / HTTP/1.1" 200 29033 "http://dfwsingingtelegrams.com" "Mozilla/5.0 (iPhone; CPU iPhone OS 13_2_3 like Mac OS X) AppleWebKit/605.1.15 (KHTML, like Gecko) Version/13.0.3 Mobile/15E148 Safari/604.1"
77.75.79.109 - - [18/Jul/2026:23:51:12 -0600] "GET /crazy-bubba-and-bubba-pimp-perform-singing-telegram-grams-in-killeen/ HTTP/1.1" 200 32676 "-" "Mozilla/5.0 (compatible; SeznamBot/4.0; +https://o-seznam.cz/napoveda/vyhledavani/en/seznambot-crawler/)"
77.75.79.109 - - [18/Jul/2026:23:55:18 -0600] "GET /crazy-bubba-and-bubba-pimp-perform-singing-telegram-in-royce-city-texas/ HTTP/1.1" 200 32543 "-" "Mozilla/5.0 (compatible; SeznamBot/4.0; +https://o-seznam.cz/napoveda/vyhledavani/en/seznambot-crawler/)"
77.75.78.164 - - [19/Jul/2026:00:01:16 -0600] "GET /singing-telegrams-in-arlington-the-ultimate-surprise-gift/ HTTP/1.1" 200 33868 "-" "Mozilla/5.0 (compatible; SeznamBot/4.0; +https://o-seznam.cz/napoveda/vyhledavani/en/seznambot-crawler/)"
77.75.78.164 - - [19/Jul/2026:00:02:16 -0600] "GET /crazy-bubba-and-bubba-pimp-perform-singing-telegram-grams-in-glenn-heights-texas/ HTTP/1.1" 200 32880 "-" "Mozilla/5.0 (compatible; SeznamBot/4.0; +https://o-seznam.cz/napoveda/vyhledavani/en/seznambot-crawler/)"
77.75.78.164 - - [19/Jul/2026:00:03:35 -0600] "GET /gorilla-grams-available-in-dallas-texas/ HTTP/1.1" 200 31623 "-" "Mozilla/5.0 (compatible; SeznamBot/4.0; +https://o-seznam.cz/napoveda/vyhledavani/en/seznambot-crawler/)"
47.82.11.234 - - [19/Jul/2026:00:48:50 -0600] "GET /wp-content/uploads/2025/02/bedford.jpg HTTP/1.1" 200 100165 "https://dfwsingingtelegrams.com/wp-content/uploads/2025/02/bedford.jpg" "Mozilla/5.0 (Macintosh; Intel Mac OS X 10_15_7) AppleWebKit/537.36 (KHTML, like Gecko) Chrome/122.0.0.0 Safari/537.36"
216.73.217.24 - - [19/Jul/2026:00:54:05 -0600] "GET /robots.txt HTTP/2" 200 117 "-" "Mozilla/5.0 AppleWebKit/537.36 (KHTML, like Gecko; compatible; ClaudeBot/1.0; +claudebot@anthropic.com)"
216.73.217.24 - - [19/Jul/2026:00:54:09 -0600] "GET /sitemap_index.xml HTTP/2" 200 327 "-" "Mozilla/5.0 AppleWebKit/537.36 (KHTML, like Gecko; compatible; ClaudeBot/1.0; +claudebot@anthropic.com)"
198.175.150.9 - - [18/Jul/2026:23:56:32 -0600] "POST /wp-cron.php?doing_wp_cron=1784440592.0420761108398437500000 HTTP/1.1" 200 0 "-" "WordPress/7.0.2; https://dfwsingingtelegrams.com"
77.75.79.109 - - [18/Jul/2026:23:56:27 -0600] "GET /crazy-bubba-and-bubba-pimp-perform-singing-telegram-in-trophy-club-texas/ HTTP/1.1" 200 32517 "-" "Mozilla/5.0 (compatible; SeznamBot/4.0; +https://o-seznam.cz/napoveda/vyhledavani/en/seznambot-crawler/)"
40.77.177.91 - - [18/Jul/2026:23:59:16 -0600] "GET /wp-content/uploads/elementor/google-fonts/fonts/roboto-kfo5cnqeu92fr1mu53zec9_vu3r1gihoszmkbnka.woff2 HTTP/2" 200 44192 "https://dfwsingingtelegrams.com/wp-content/uploads/elementor/google-fonts/css/roboto.css?ver=1742236238" "Mozilla/5.0 AppleWebKit/537.36 (KHTML, like Gecko; compatible; bingbot/2.0; +http://www.bing.com/bingbot.htm) Chrome/136.0.0.0 Safari/537.36"
77.75.79.109 - - [18/Jul/2026:23:59:11 -0600] "GET /crazy-bubba-and-bubba-pimp-perform-singing-telegram-in-richardson-texas/ HTTP/1.1" 200 32662 "-" "Mozilla/5.0 (compatible; SeznamBot/4.0; +https://o-seznam.cz/napoveda/vyhledavani/en/seznambot-crawler/)"
77.75.78.164 - - [19/Jul/2026:00:00:14 -0600] "GET /crazy-bubba-and-bubba-pimp-perform-singing-telegram-in-the-colony-texas/ HTTP/1.1" 200 32952 "-" "Mozilla/5.0 (compatible; SeznamBot/4.0; +https://o-seznam.cz/napoveda/vyhledavani/en/seznambot-crawler/)"
40.77.167.78 - - [19/Jul/2026:00:18:43 -0600] "GET /patriotic-bubba/ HTTP/2" 301 0 "-" "Mozilla/5.0 AppleWebKit/537.36 (KHTML, like Gecko; compatible; bingbot/2.0; +http://www.bing.com/bingbot.htm) Chrome/116.0.1938.76 Safari/537.36"
40.77.167.78 - - [19/Jul/2026:00:18:53 -0600] "GET /wp-content/uploads/2026/06/patriotic-bubba.jpg HTTP/2" 200 226194 "-" "Mozilla/5.0 AppleWebKit/537.36 (KHTML, like Gecko; compatible; bingbot/2.0; +http://www.bing.com/bingbot.htm) Chrome/116.0.1938.76 Safari/537.36"
198.175.150.9 - - [19/Jul/2026:00:32:09 -0600] "POST /wp-cron.php?doing_wp_cron=1784442729.9372210502624511718750 HTTP/1.1" 200 0 "-" "WordPress/7.0.2; https://dfwsingingtelegrams.com"
52.167.144.195 - - [19/Jul/2026:00:32:05 -0600] "GET /crazy-bubba-and-bubba-pimp-perform-singing-telegram-grams-in-azle/ HTTP/2" 200 27603 "-" "Mozilla/5.0 AppleWebKit/537.36 (KHTML, like Gecko; compatible; bingbot/2.0; +http://www.bing.com/bingbot.htm) Chrome/116.0.1938.76 Safari/537.36"
65.55.210.93 - - [19/Jul/2026:00:32:16 -0600] "GET /crazy-bubba-and-bubba-pimp-perform-singing-telegram-grams-in-azle HTTP/2" 301 0 "-" "Mozilla/5.0 AppleWebKit/537.36 (KHTML, like Gecko; compatible; bingbot/2.0; +http://www.bing.com/bingbot.htm) Chrome/136.0.0.0 Safari/537.36"
51.89.129.38 - - [19/Jul/2026:00:47:05 -0600] "GET /wp-content/uploads/elementor/css/post-2096.css?ver=1784372555 HTTP/2" 200 153 "-" "Mozilla/5.0 (compatible; AhrefsBot/7.0; +http://ahrefs.com/robot/)"
77.75.78.164 - - [19/Jul/2026:00:02:18 -0600] "GET /crazy-bubba-and-bubba-pimp-perform-singing-telegram-in-sherman-texas/ HTTP/1.1" 200 32829 "-" "Mozilla/5.0 (compatible; SeznamBot/4.0; +https://o-seznam.cz/napoveda/vyhledavani/en/seznambot-crawler/)"
43.130.105.21 - - [19/Jul/2026:00:32:57 -0600] "GET / HTTP/1.1" 200 29033 "http://www.dfwsingingtelegrams.com" "Mozilla/5.0 (iPhone; CPU iPhone OS 13_2_3 like Mac OS X) AppleWebKit/605.1.15 (KHTML, like Gecko) Version/13.0.3 Mobile/15E148 Safari/604.1"
198.175.150.9 - - [19/Jul/2026:00:54:09 -0600] "POST /wp-cron.php?doing_wp_cron=1784444049.2172160148620605468750 HTTP/1.1" 200 0 "-" "WordPress/7.0.2; https://dfwsingingtelegrams.com"
198.175.150.9 - - [19/Jul/2026:01:03:57 -0600] "POST /wp-cron.php?doing_wp_cron=1784444637.3249769210815429687500 HTTP/1.1" 200 0 "-" "WordPress/7.0.2; https://dfwsingingtelegrams.com"
77.75.79.109 - - [18/Jul/2026:23:56:25 -0600] "GET /singing-telegram-aledo-texas-the-ultimate-gift-surprise/ HTTP/1.1" 200 34144 "-" "Mozilla/5.0 (compatible; SeznamBot/4.0; +https://o-seznam.cz/napoveda/vyhledavani/en/seznambot-crawler/)"
77.75.79.109 - - [18/Jul/2026:23:57:11 -0600] "GET /crazy-bubba-and-bubba-pimp-perform-singing-telegram-grams-in-farmers-branch/ HTTP/1.1" 200 32902 "-" "Mozilla/5.0 (compatible; SeznamBot/4.0; +https://o-seznam.cz/napoveda/vyhledavani/en/seznambot-crawler/)"
77.75.79.109 - - [18/Jul/2026:23:58:17 -0600] "GET /crazy-bubba-and-bubba-pimp-perform-singing-telegram-in-terrell-texas/ HTTP/1.1" 200 32630 "-" "Mozilla/5.0 (compatible; SeznamBot/4.0; +https://o-seznam.cz/napoveda/vyhledavani/en/seznambot-crawler/)"
34.171.141.44 - - [19/Jul/2026:00:07:46 -0600] "POST /?rest_route=/batch/v1 HTTP/1.1" 207 634 "-" "Mozilla/5.0 (Windows NT 10.0; Win64; x64) AppleWebKit/537.36 (KHTML, like Gecko) Chrome/131.0.0.0 Safari/537.36"
198.175.150.9 - - [19/Jul/2026:00:32:09 -0600] "POST /wp-cron.php?doing_wp_cron=1784442729.7577629089355468750000 HTTP/1.1" 200 0 "-" "WordPress/7.0.2; https://dfwsingingtelegrams.com"
198.244.183.182 - - [19/Jul/2026:00:45:40 -0600] "GET /crazy-bubba-and-bubba-pimp-perform-singing-telegram-in-watauga-texas/ HTTP/2" 200 28510 "-" "Mozilla/5.0 (compatible; AhrefsBot/7.0; +http://ahrefs.com/robot/)"
17.241.227.58 - - [19/Jul/2026:00:45:52 -0600] "GET /crazy-bubba-and-bubba-pimp-perform-singing-telegram-in-plano-texas/ HTTP/2" 200 32362 "-" "Mozilla/5.0 (Macintosh; Intel Mac OS X 10_15_7) AppleWebKit/605.1.15 (KHTML, like Gecko) Version/17.4 Safari/605.1.15 (Applebot/0.1; +http://www.apple.com/go/applebot)"
17.241.227.156 - - [19/Jul/2026:00:56:40 -0600] "GET /wp-content/uploads/elementor/css/post-2000.css?ver=1784439920 HTTP/2" 200 153 "https://dfwsingingtelegrams.com/crazy-bubba-and-bubba-pimp-perform-singing-telegram-in-plano-texas/" "Mozilla/5.0 (Macintosh; Intel Mac OS X 10_15_7) AppleWebKit/605.1.15 (KHTML, like Gecko) Version/17.4 Safari/605.1.15 (Applebot/0.1; +http://www.apple.com/go/applebot)"
185.191.171.4 - - [19/Jul/2026:01:03:53 -0600] "GET /robots.txt HTTP/1.1" 200 134 "-" "Mozilla/5.0 (compatible; SemrushBot/7~bl; +http://www.semrush.com/bot.html)"
85.208.96.197 - - [19/Jul/2026:01:03:57 -0600] "GET /bubba-claus-2/ HTTP/1.1" 200 27363 "-" "Mozilla/5.0 (compatible; SemrushBot/7~bl; +http://www.semrush.com/bot.html)"
180.153.236.5 - - [19/Jul/2026:01:21:29 -0600] "GET / HTTP/2" 403 72 "https://dfwsingingtelegrams.com/" "User-Agent:Mozilla/5.0 (Windows NT 10.0; Win64; x64) AppleWebKit/537.36 (KHTML, like Gecko) Chrome/140.0.0.0 Safari/537.36 Edg/140.0.0.0; 360Spider"
51.89.129.190 - - [19/Jul/2026:01:40:15 -0600] "GET /the-wizard/ HTTP/2" 200 25090 "-" "Mozilla/5.0 (compatible; AhrefsBot/7.0; +http://ahrefs.com/robot/)"
198.244.183.226 - - [19/Jul/2026:01:47:01 -0600] "GET /wp-content/uploads/2025/02/coppell.jpg HTTP/2" 200 99082 "-" "Mozilla/5.0 (compatible; AhrefsBot/7.0; +http://ahrefs.com/robot/)"
198.175.150.9 - - [19/Jul/2026:01:40:24 -0600] "POST /wp-cron.php?doing_wp_cron=1784446824.0286920070648193359375 HTTP/1.1" 200 0 "-" "WordPress/7.0.2; https://dfwsingingtelegrams.com"
51.195.244.107 - - [19/Jul/2026:01:41:32 -0600] "GET /wp-content/uploads/elementor/css/post-88.css?ver=1784446826 HTTP/2" 200 153 "-" "Mozilla/5.0 (compatible; AhrefsBot/7.0; +http://ahrefs.com/robot/)"
198.175.150.9 - - [19/Jul/2026:01:40:24 -0600] "POST /wp-cron.php?doing_wp_cron=1784446823.9310789108276367187500 HTTP/1.1" 200 0 "-" "WordPress/7.0.2; https://dfwsingingtelegrams.com"
209.38.153.32 - - [19/Jul/2026:01:45:57 -0600] "GET / HTTP/1.1" 301 0 "-" "Mozilla/5.0 (X11; Linux x86_64; rv:142.0) Gecko/20100101 Firefox/142.0"
51.195.244.22 - - [19/Jul/2026:01:46:15 -0600] "GET /dfw-singing-telegrams-the-best-surprise-in-coppell-tx/ HTTP/2" 200 27990 "-" "Mozilla/5.0 (compatible; AhrefsBot/7.0; +http://ahrefs.com/robot/)"
198.244.240.202 - - [19/Jul/2026:01:47:03 -0600] "GET /wp-content/uploads/elementor/css/post-1122.css?ver=1784312380 HTTP/2" 200 172 "-" "Mozilla/5.0 (compatible; AhrefsBot/7.0; +http://ahrefs.com/robot/)"
17.246.15.58 - - [19/Jul/2026:01:59:46 -0600] "GET /wp-content/themes/astra/assets/css/minified/main.min.css?ver=4.13.6 HTTP/2" 200 8389 "https://dfwsingingtelegrams.com/crazy-bubba-and-bubba-pimp-perform-singing-telegram-grams-in-keller/" "Mozilla/5.0 (Macintosh; Intel Mac OS X 10_15_7) AppleWebKit/605.1.15 (KHTML, like Gecko) Version/17.4 Safari/605.1.15 (Applebot/0.1; +http://www.apple.com/go/applebot)"
17.246.15.58 - - [19/Jul/2026:01:59:47 -0600] "GET /wp-content/uploads/astra-addon/astra-addon-6a53a1a06c62f8-49579154.css?ver=4.13.5 HTTP/2" 200 2773 "https://dfwsingingtelegrams.com/crazy-bubba-and-bubba-pimp-perform-singing-telegram-grams-in-keller/" "Mozilla/5.0 (Macintosh; Intel Mac OS X 10_15_7) AppleWebKit/605.1.15 (KHTML, like Gecko) Version/17.4 Safari/605.1.15 (Applebot/0.1; +http://www.apple.com/go/applebot)"
17.246.15.58 - - [19/Jul/2026:01:59:49 -0600] "GET /wp-content/plugins/ultimate-elementor/assets/min-css/uael-frontend.min.css?ver=1.45.1 HTTP/2" 200 76022 "https://dfwsingingtelegrams.com/crazy-bubba-and-bubba-pimp-perform-singing-telegram-grams-in-keller/" "Mozilla/5.0 (Macintosh; Intel Mac OS X 10_15_7) AppleWebKit/605.1.15 (KHTML, like Gecko) Version/17.4 Safari/605.1.15 (Applebot/0.1; +http://www.apple.com/go/applebot)"
17.246.15.58 - - [19/Jul/2026:01:59:50 -0600] "GET /wp-content/plugins/elementor/assets/lib/eicons/css/elementor-icons.min.css?ver=5.50.0 HTTP/2" 200 4123 "https://dfwsingingtelegrams.com/crazy-bubba-and-bubba-pimp-perform-singing-telegram-grams-in-keller/" "Mozilla/5.0 (Macintosh; Intel Mac OS X 10_15_7) AppleWebKit/605.1.15 (KHTML, like Gecko) Version/17.4 Safari/605.1.15 (Applebot/0.1; +http://www.apple.com/go/applebot)"
17.246.15.58 - - [19/Jul/2026:01:59:52 -0600] "GET /wp-content/plugins/elementor/assets/css/widget-social-icons.min.css?ver=3.24.0 HTTP/2" 200 1039 "https://dfwsingingtelegrams.com/crazy-bubba-and-bubba-pimp-perform-singing-telegram-grams-in-keller/" "Mozilla/5.0 (Macintosh; Intel Mac OS X 10_15_7) AppleWebKit/605.1.15 (KHTML, like Gecko) Version/17.4 Safari/605.1.15 (Applebot/0.1; +http://www.apple.com/go/applebot)"
17.246.15.58 - - [19/Jul/2026:01:59:53 -0600] "GET /wp-content/plugins/elementor/assets/lib/font-awesome/css/brands.css?ver=5.15.3 HTTP/2" 200 296 "https://dfwsingingtelegrams.com/crazy-bubba-and-bubba-pimp-perform-singing-telegram-grams-in-keller/" "Mozilla/5.0 (Macintosh; Intel Mac OS X 10_15_7) AppleWebKit/605.1.15 (KHTML, like Gecko) Version/17.4 Safari/605.1.15 (Applebot/0.1; +http://www.apple.com/go/applebot)"
17.246.15.58 - - [19/Jul/2026:01:59:55 -0600] "GET /wp-content/plugins/elementor/assets/lib/font-awesome/css/fontawesome.css?ver=5.15.3 HTTP/2" 200 12526 "https://dfwsingingtelegrams.com/crazy-bubba-and-bubba-pimp-perform-singing-telegram-grams-in-keller/" "Mozilla/5.0 (Macintosh; Intel Mac OS X 10_15_7) AppleWebKit/605.1.15 (KHTML, like Gecko) Version/17.4 Safari/605.1.15 (Applebot/0.1; +http://www.apple.com/go/applebot)"
17.246.15.58 - - [19/Jul/2026:01:59:56 -0600] "GET /wp-content/plugins/elementor/assets/lib/font-awesome/css/solid.css?ver=5.15.3 HTTP/2" 200 296 "https://dfwsingingtelegrams.com/crazy-bubba-and-bubba-pimp-perform-singing-telegram-grams-in-keller/" "Mozilla/5.0 (Macintosh; Intel Mac OS X 10_15_7) AppleWebKit/605.1.15 (KHTML, like Gecko) Version/17.4 Safari/605.1.15 (Applebot/0.1; +http://www.apple.com/go/applebot)"
17.246.15.58 - - [19/Jul/2026:01:59:57 -0600] "GET /wp-content/uploads/elementor/css/post-1925.css?ver=1784405960 HTTP/2" 200 153 "https://dfwsingingtelegrams.com/crazy-bubba-and-bubba-pimp-perform-singing-telegram-grams-in-keller/" "Mozilla/5.0 (Macintosh; Intel Mac OS X 10_15_7) AppleWebKit/605.1.15 (KHTML, like Gecko) Version/17.4 Safari/605.1.15 (Applebot/0.1; +http://www.apple.com/go/applebot)"
17.246.15.58 - - [19/Jul/2026:01:59:59 -0600] "GET /wp-content/uploads/elementor/google-fonts/css/roboto.css?ver=1742236238 HTTP/2" 200 1877 "https://dfwsingingtelegrams.com/crazy-bubba-and-bubba-pimp-perform-singing-telegram-grams-in-keller/" "Mozilla/5.0 (Macintosh; Intel Mac OS X 10_15_7) AppleWebKit/605.1.15 (KHTML, like Gecko) Version/17.4 Safari/605.1.15 (Applebot/0.1; +http://www.apple.com/go/applebot)"
17.246.15.58 - - [19/Jul/2026:02:00:00 -0600] "GET /wp-content/uploads/elementor/google-fonts/css/robotoslab.css?ver=1742236244 HTTP/2" 200 709 "https://dfwsingingtelegrams.com/crazy-bubba-and-bubba-pimp-perform-singing-telegram-grams-in-keller/" "Mozilla/5.0 (Macintosh; Intel Mac OS X 10_15_7) AppleWebKit/605.1.15 (KHTML, like Gecko) Version/17.4 Safari/605.1.15 (Applebot/0.1; +http://www.apple.com/go/applebot)"
17.246.15.58 - - [19/Jul/2026:02:00:02 -0600] "GET /wp-includes/js/jquery/jquery.min.js?ver=3.7.1 HTTP/2" 200 29744 "https://dfwsingingtelegrams.com/crazy-bubba-and-bubba-pimp-perform-singing-telegram-grams-in-keller/" "Mozilla/5.0 (Macintosh; Intel Mac OS X 10_15_7) AppleWebKit/605.1.15 (KHTML, like Gecko) Version/17.4 Safari/605.1.15 (Applebot/0.1; +http://www.apple.com/go/applebot)"
17.246.15.58 - - [19/Jul/2026:02:00:03 -0600] "GET /wp-includes/js/jquery/jquery-migrate.min.js?ver=3.4.1 HTTP/2" 200 4678 "https://dfwsingingtelegrams.com/crazy-bubba-and-bubba-pimp-perform-singing-telegram-grams-in-keller/" "Mozilla/5.0 (Macintosh; Intel Mac OS X 10_15_7) AppleWebKit/605.1.15 (KHTML, like Gecko) Version/17.4 Safari/605.1.15 (Applebot/0.1; +http://www.apple.com/go/applebot)"
17.246.15.58 - - [19/Jul/2026:02:00:05 -0600] "GET /wp-content/themes/astra/assets/js/minified/frontend.min.js?ver=4.13.6 HTTP/2" 200 5693 "https://dfwsingingtelegrams.com/crazy-bubba-and-bubba-pimp-perform-singing-telegram-grams-in-keller/" "Mozilla/5.0 (Macintosh; Intel Mac OS X 10_15_7) AppleWebKit/605.1.15 (KHTML, like Gecko) Version/17.4 Safari/605.1.15 (Applebot/0.1; +http://www.apple.com/go/applebot)"
17.246.15.58 - - [19/Jul/2026:02:00:06 -0600] "GET /wp-content/uploads/astra-addon/astra-addon-6a53a1a06d06a2-24786284.js?ver=4.13.5 HTTP/2" 200 4527 "https://dfwsingingtelegrams.com/crazy-bubba-and-bubba-pimp-perform-singing-telegram-grams-in-keller/" "Mozilla/5.0 (Macintosh; Intel Mac OS X 10_15_7) AppleWebKit/605.1.15 (KHTML, like Gecko) Version/17.4 Safari/605.1.15 (Applebot/0.1; +http://www.apple.com/go/applebot)"
17.246.15.58 - - [19/Jul/2026:02:00:08 -0600] "GET /wp-content/plugins/astra-addon/assets/js/minified/purify.min.js?ver=4.13.5 HTTP/2" 200 10151 "https://dfwsingingtelegrams.com/crazy-bubba-and-bubba-pimp-perform-singing-telegram-grams-in-keller/" "Mozilla/5.0 (Macintosh; Intel Mac OS X 10_15_7) AppleWebKit/605.1.15 (KHTML, like Gecko) Version/17.4 Safari/605.1.15 (Applebot/0.1; +http://www.apple.com/go/applebot)"
17.246.15.58 - - [19/Jul/2026:02:00:09 -0600] "GET /wp-includes/js/jquery/ui/core.min.js?ver=1.13.3 HTTP/2" 200 6812 "https://dfwsingingtelegrams.com/crazy-bubba-and-bubba-pimp-perform-singing-telegram-grams-in-keller/" "Mozilla/5.0 (Macintosh; Intel Mac OS X 10_15_7) AppleWebKit/605.1.15 (KHTML, like Gecko) Version/17.4 Safari/605.1.15 (Applebot/0.1; +http://www.apple.com/go/applebot)"
17.246.15.58 - - [19/Jul/2026:02:00:11 -0600] "GET /wp-includes/js/dist/hooks.min.js?ver=7496969728ca0f95732d HTTP/2" 200 1734 "https://dfwsingingtelegrams.com/crazy-bubba-and-bubba-pimp-perform-singing-telegram-grams-in-keller/" "Mozilla/5.0 (Macintosh; Intel Mac OS X 10_15_7) AppleWebKit/605.1.15 (KHTML, like Gecko) Version/17.4 Safari/605.1.15 (Applebot/0.1; +http://www.apple.com/go/applebot)"
17.246.15.58 - - [19/Jul/2026:02:00:12 -0600] "GET /wp-includes/js/dist/i18n.min.js?ver=781d11515ad3d91786ec HTTP/2" 200 2354 "https://dfwsingingtelegrams.com/crazy-bubba-and-bubba-pimp-perform-singing-telegram-grams-in-keller/" "Mozilla/5.0 (Macintosh; Intel Mac OS X 10_15_7) AppleWebKit/605.1.15 (KHTML, like Gecko) Version/17.4 Safari/605.1.15 (Applebot/0.1; +http://www.apple.com/go/applebot)"
17.246.15.58 - - [19/Jul/2026:02:00:13 -0600] "GET /wp-content/plugins/elementor/assets/js/shared-frontend-handlers.03caa53373b56d3bab67.bundle.min.js HTTP/2" 200 2511 "https://dfwsingingtelegrams.com/crazy-bubba-and-bubba-pimp-perform-singing-telegram-grams-in-keller/" "Mozilla/5.0 (Macintosh; Intel Mac OS X 10_15_7) AppleWebKit/605.1.15 (KHTML, like Gecko) Version/17.4 Safari/605.1.15 (Applebot/0.1; +http://www.apple.com/go/applebot)"
17.246.15.58 - - [19/Jul/2026:02:00:15 -0600] "GET /wp-content/plugins/elementor/assets/js/text-editor.45609661e409413f1cef.bundle.min.js HTTP/2" 200 592 "https://dfwsingingtelegrams.com/crazy-bubba-and-bubba-pimp-perform-singing-telegram-grams-in-keller/" "Mozilla/5.0 (Macintosh; Intel Mac OS X 10_15_7) AppleWebKit/605.1.15 (KHTML, like Gecko) Version/17.4 Safari/605.1.15 (Applebot/0.1; +http://www.apple.com/go/applebot)"
17.246.15.58 - - [19/Jul/2026:02:00:16 -0600] "GET /wp-content/plugins/elementor/assets/js/section-frontend-handlers.d85ab872da118940910d.bundle.min.js HTTP/2" 200 229 "https://dfwsingingtelegrams.com/crazy-bubba-and-bubba-pimp-perform-singing-telegram-grams-in-keller/" "Mozilla/5.0 (Macintosh; Intel Mac OS X 10_15_7) AppleWebKit/605.1.15 (KHTML, like Gecko) Version/17.4 Safari/605.1.15 (Applebot/0.1; +http://www.apple.com/go/applebot)"
17.246.19.84 - - [19/Jul/2026:01:49:25 -0600] "GET /robots.txt HTTP/2" 200 134 "-" "Mozilla/5.0 (Macintosh; Intel Mac OS X 10_15_7) AppleWebKit/605.1.15 (KHTML, like Gecko) Version/17.4 Safari/605.1.15 (Applebot/0.1; +http://www.apple.com/go/applebot)"
17.246.19.84 - - [19/Jul/2026:01:49:27 -0600] "GET /crazy-bubba-and-bubba-pimp-perform-singing-telegram-grams-in-keller/ HTTP/2" 200 33022 "-" "Mozilla/5.0 (Macintosh; Intel Mac OS X 10_15_7) AppleWebKit/605.1.15 (KHTML, like Gecko) Version/17.4 Safari/605.1.15 (Applebot/0.1; +http://www.apple.com/go/applebot)"
198.175.150.9 - - [19/Jul/2026:01:49:27 -0600] "POST /wp-cron.php?doing_wp_cron=1784447367.3254189491271972656250 HTTP/1.1" 200 0 "-" "WordPress/7.0.2; https://dfwsingingtelegrams.com"
51.195.244.252 - - [19/Jul/2026:02:14:35 -0600] "GET /category/uncategorized/ HTTP/2" 200 22568 "-" "Mozilla/5.0 (compatible; AhrefsBot/7.0; +http://ahrefs.com/robot/)"
198.175.150.9 - - [19/Jul/2026:02:11:42 -0600] "POST /wp-cron.php?doing_wp_cron=1784448702.6773979663848876953125 HTTP/1.1" 200 0 "-" "WordPress/7.0.2; https://dfwsingingtelegrams.com"
17.246.23.29 - - [19/Jul/2026:02:11:40 -0600] "GET /gorilla-2/ HTTP/2" 200 27230 "-" "Mozilla/5.0 (Macintosh; Intel Mac OS X 10_15_7) AppleWebKit/605.1.15 (KHTML, like Gecko) Version/17.4 Safari/605.1.15 (Applebot/0.1; +http://www.apple.com/go/applebot)"
40.77.167.241 - - [19/Jul/2026:02:13:59 -0600] "GET /wp-content/uploads/2026/06/elementor/thumbs/bubba-reaper-rpkigrj70ylh2eltg3949hj248vtfpp6jj0tbewffw.jpg HTTP/2" 404 19509 "-" "Mozilla/5.0 AppleWebKit/537.36 (KHTML, like Gecko; compatible; bingbot/2.0; +http://www.bing.com/bingbot.htm) Chrome/116.0.1938.76 Safari/537.36"
52.167.144.232 - - [19/Jul/2026:02:26:46 -0600] "GET /wp-content/uploads/2026/06/banner-768x192.jpg HTTP/2" 200 45945 "-" "Mozilla/5.0 AppleWebKit/537.36 (KHTML, like Gecko; compatible; bingbot/2.0; +http://www.bing.com/bingbot.htm) Chrome/116.0.1938.76 Safari/537.36"
17.246.19.167 - - [19/Jul/2026:02:29:25 -0600] "GET /wp-content/plugins/elementor/assets/css/widget-image.min.css?ver=4.1.5 HTTP/2" 200 96 "https://dfwsingingtelegrams.com/gorilla-2/" "Mozilla/5.0 (Macintosh; Intel Mac OS X 10_15_7) AppleWebKit/605.1.15 (KHTML, like Gecko) Version/17.4 Safari/605.1.15 (Applebot/0.1; +http://www.apple.com/go/applebot)"
17.246.19.167 - - [19/Jul/2026:02:29:26 -0600] "GET /wp-content/uploads/elementor/css/post-1343.css?ver=1784288967 HTTP/2" 200 185 "https://dfwsingingtelegrams.com/gorilla-2/" "Mozilla/5.0 (Macintosh; Intel Mac OS X 10_15_7) AppleWebKit/605.1.15 (KHTML, like Gecko) Version/17.4 Safari/605.1.15 (Applebot/0.1; +http://www.apple.com/go/applebot)"
198.175.150.9 - - [19/Jul/2026:02:45:11 -0600] "POST /wp-cron.php?doing_wp_cron=1784450711.1225919723510742187500 HTTP/1.1" 200 0 "-" "WordPress/7.0.2; https://dfwsingingtelegrams.com"
198.175.150.9 - - [19/Jul/2026:02:45:11 -0600] "POST /wp-cron.php?doing_wp_cron=1784450711.3236749172210693359375 HTTP/1.1" 200 0 "-" "WordPress/7.0.2; https://dfwsingingtelegrams.com"
54.38.147.244 - - [19/Jul/2026:02:44:58 -0600] "GET /crazy-bubba-and-bubba-pimp-perform-singing-telegram-grams-in-highland-village/ HTTP/2" 200 28304 "-" "Mozilla/5.0 (compatible; AhrefsBot/7.0; +http://ahrefs.com/robot/)"
198.244.168.89 - - [19/Jul/2026:02:46:52 -0600] "GET /wp-content/uploads/elementor/css/post-1890.css?ver=1784450714 HTTP/2" 200 153 "-" "Mozilla/5.0 (compatible; AhrefsBot/7.0; +http://ahrefs.com/robot/)"
216.73.217.24 - - [19/Jul/2026:02:56:03 -0600] "GET /robots.txt HTTP/2" 503 807 "-" "Mozilla/5.0 AppleWebKit/537.36 (KHTML, like Gecko; compatible; ClaudeBot/1.0; +claudebot@anthropic.com)"
