64.25.12.168 - - [19/Jul/2026:03:32:19 -0600] "POST /wp-admin/admin-ajax.php HTTP/2" 200 1049 "https://dfwchat.net/wp-admin/admin.php?page=bb-settings&tab=groups&panel=all_groups" "Mozilla/5.0 (Windows NT 10.0; Win64; x64) AppleWebKit/537.36 (KHTML, like Gecko) Chrome/150.0.0.0 Safari/537.36"
198.175.150.9 - - [19/Jul/2026:03:32:27 -0600] "POST /wp-cron.php?doing_wp_cron=1784453547.8202159404754638671875 HTTP/1.1" 200 0 "-" "WordPress/7.0.2; https://dfwchat.net"
64.25.12.168 - - [19/Jul/2026:03:32:26 -0600] "POST /wp-admin/admin-ajax.php HTTP/2" 200 59 "https://dfwchat.net/wp-admin/admin.php?page=bb-settings&tab=groups&panel=all_groups" "Mozilla/5.0 (Windows NT 10.0; Win64; x64) AppleWebKit/537.36 (KHTML, like Gecko) Chrome/150.0.0.0 Safari/537.36"
64.25.12.168 - - [19/Jul/2026:03:32:27 -0600] "POST /wp-admin/admin-ajax.php HTTP/2" 200 658 "https://dfwchat.net/wp-admin/admin.php?page=bb-settings&tab=groups&panel=all_groups" "Mozilla/5.0 (Windows NT 10.0; Win64; x64) AppleWebKit/537.36 (KHTML, like Gecko) Chrome/150.0.0.0 Safari/537.36"
64.25.12.168 - - [19/Jul/2026:03:32:36 -0600] "POST /wp-admin/admin-ajax.php HTTP/2" 200 1055 "https://dfwchat.net/wp-admin/admin.php?page=bb-settings&tab=groups&panel=all_groups" "Mozilla/5.0 (Windows NT 10.0; Win64; x64) AppleWebKit/537.36 (KHTML, like Gecko) Chrome/150.0.0.0 Safari/537.36"
64.25.12.168 - - [19/Jul/2026:03:32:50 -0600] "POST /wp-admin/admin-ajax.php HTTP/2" 200 51 "https://dfwchat.net/wp-admin/admin.php?page=bb-settings&tab=groups&panel=all_groups" "Mozilla/5.0 (Windows NT 10.0; Win64; x64) AppleWebKit/537.36 (KHTML, like Gecko) Chrome/150.0.0.0 Safari/537.36"
64.25.12.168 - - [19/Jul/2026:03:32:51 -0600] "POST /wp-admin/admin-ajax.php HTTP/2" 200 83 "https://dfwchat.net/wp-admin/admin.php?page=bb-settings&tab=groups&panel=all_groups" "Mozilla/5.0 (Windows NT 10.0; Win64; x64) AppleWebKit/537.36 (KHTML, like Gecko) Chrome/150.0.0.0 Safari/537.36"
64.25.12.168 - - [19/Jul/2026:03:33:10 -0600] "GET /groups/driving-in-dfw/ HTTP/2" 302 0 "-" "Mozilla/5.0 (Windows NT 10.0; Win64; x64) AppleWebKit/537.36 (KHTML, like Gecko) Chrome/150.0.0.0 Safari/537.36"
64.25.12.168 - - [19/Jul/2026:03:33:11 -0600] "GET /groups/driving-in-dfw/members/all-members/ HTTP/2" 200 24828 "-" "Mozilla/5.0 (Windows NT 10.0; Win64; x64) AppleWebKit/537.36 (KHTML, like Gecko) Chrome/150.0.0.0 Safari/537.36"
64.25.12.168 - - [19/Jul/2026:03:33:13 -0600] "GET /favicon.ico HTTP/2" 404 1251 "https://dfwchat.net/groups/driving-in-dfw/members/all-members/" "Mozilla/5.0 (Windows NT 10.0; Win64; x64) AppleWebKit/537.36 (KHTML, like Gecko) Chrome/150.0.0.0 Safari/537.36"
64.25.12.168 - - [19/Jul/2026:03:33:28 -0600] "GET /wp-admin/ HTTP/2" 200 22169 "https://dfwchat.net/groups/driving-in-dfw/members/all-members/" "Mozilla/5.0 (Windows NT 10.0; Win64; x64) AppleWebKit/537.36 (KHTML, like Gecko) Chrome/150.0.0.0 Safari/537.36"
64.25.12.168 - - [19/Jul/2026:03:33:29 -0600] "GET /favicon.ico HTTP/2" 404 1251 "https://dfwchat.net/wp-admin/" "Mozilla/5.0 (Windows NT 10.0; Win64; x64) AppleWebKit/537.36 (KHTML, like Gecko) Chrome/150.0.0.0 Safari/537.36"
64.25.12.168 - - [19/Jul/2026:03:33:29 -0600] "GET /wp-json/wp/v2/users/me?context=edit&_locale=user HTTP/2" 200 887 "https://dfwchat.net/wp-admin/" "Mozilla/5.0 (Windows NT 10.0; Win64; x64) AppleWebKit/537.36 (KHTML, like Gecko) Chrome/150.0.0.0 Safari/537.36"
64.25.12.168 - - [19/Jul/2026:03:33:35 -0600] "GET /wp-admin/admin.php?page=bb-settings&tab=groups&panel=all_groups HTTP/2" 200 169191 "https://dfwchat.net/wp-admin/" "Mozilla/5.0 (Windows NT 10.0; Win64; x64) AppleWebKit/537.36 (KHTML, like Gecko) Chrome/150.0.0.0 Safari/537.36"
64.25.12.168 - - [19/Jul/2026:03:33:37 -0600] "GET /favicon.ico HTTP/2" 404 1251 "https://dfwchat.net/wp-admin/admin.php?page=bb-settings&tab=groups&panel=all_groups" "Mozilla/5.0 (Windows NT 10.0; Win64; x64) AppleWebKit/537.36 (KHTML, like Gecko) Chrome/150.0.0.0 Safari/537.36"
64.25.12.168 - - [19/Jul/2026:03:33:37 -0600] "GET /wp-json/wp/v2/users/me?context=edit&_locale=user HTTP/2" 200 887 "https://dfwchat.net/wp-admin/admin.php?page=bb-settings&tab=groups&panel=all_groups" "Mozilla/5.0 (Windows NT 10.0; Win64; x64) AppleWebKit/537.36 (KHTML, like Gecko) Chrome/150.0.0.0 Safari/537.36"
64.25.12.168 - - [19/Jul/2026:03:33:37 -0600] "POST /wp-admin/admin-ajax.php HTTP/2" 200 2985 "https://dfwchat.net/wp-admin/admin.php?page=bb-settings&tab=groups&panel=all_groups" "Mozilla/5.0 (Windows NT 10.0; Win64; x64) AppleWebKit/537.36 (KHTML, like Gecko) Chrome/150.0.0.0 Safari/537.36"
64.25.12.168 - - [19/Jul/2026:03:33:40 -0600] "GET /favicon.ico HTTP/1.1" 404 1251 "-" "WinHTTP Example/1.0"
64.25.12.168 - - [19/Jul/2026:03:33:40 -0600] "POST /wp-admin/admin-ajax.php HTTP/2" 200 4370 "https://dfwchat.net/wp-admin/admin.php?page=bb-settings&tab=groups&panel=all_groups" "Mozilla/5.0 (Windows NT 10.0; Win64; x64) AppleWebKit/537.36 (KHTML, like Gecko) Chrome/150.0.0.0 Safari/537.36"
64.25.12.168 - - [19/Jul/2026:03:33:41 -0600] "POST /wp-admin/admin-ajax.php HTTP/2" 200 658 "https://dfwchat.net/wp-admin/admin.php?page=bb-settings&tab=groups&panel=all_groups" "Mozilla/5.0 (Windows NT 10.0; Win64; x64) AppleWebKit/537.36 (KHTML, like Gecko) Chrome/150.0.0.0 Safari/537.36"
64.25.12.168 - - [19/Jul/2026:03:33:45 -0600] "POST /wp-admin/admin-ajax.php HTTP/2" 200 51 "https://dfwchat.net/wp-admin/admin.php?page=bb-settings&tab=groups&panel=all_groups" "Mozilla/5.0 (Windows NT 10.0; Win64; x64) AppleWebKit/537.36 (KHTML, like Gecko) Chrome/150.0.0.0 Safari/537.36"
64.25.12.168 - - [19/Jul/2026:03:33:51 -0600] "POST /wp-admin/admin-ajax.php HTTP/2" 200 51 "https://dfwchat.net/wp-admin/admin.php?page=bb-settings&tab=groups&panel=all_groups" "Mozilla/5.0 (Windows NT 10.0; Win64; x64) AppleWebKit/537.36 (KHTML, like Gecko) Chrome/150.0.0.0 Safari/537.36"
64.25.12.168 - - [19/Jul/2026:03:34:17 -0600] "POST /wp-admin/admin-ajax.php HTTP/2" 200 1055 "https://dfwchat.net/wp-admin/admin.php?page=bb-settings&tab=groups&panel=all_groups" "Mozilla/5.0 (Windows NT 10.0; Win64; x64) AppleWebKit/537.36 (KHTML, like Gecko) Chrome/150.0.0.0 Safari/537.36"
64.25.12.168 - - [19/Jul/2026:03:34:31 -0600] "POST /wp-admin/admin-ajax.php HTTP/2" 200 0 "https://dfwchat.net/wp-admin/admin.php?page=bb-settings&tab=groups&panel=all_groups" "Mozilla/5.0 (Windows NT 10.0; Win64; x64) AppleWebKit/537.36 (KHTML, like Gecko) Chrome/150.0.0.0 Safari/537.36"
64.25.12.168 - - [19/Jul/2026:03:34:31 -0600] "POST /wp-admin/admin-ajax.php HTTP/2" 200 0 "https://dfwchat.net/wp-admin/admin.php?page=bb-settings&tab=groups&panel=all_groups" "Mozilla/5.0 (Windows NT 10.0; Win64; x64) AppleWebKit/537.36 (KHTML, like Gecko) Chrome/150.0.0.0 Safari/537.36"
64.25.12.168 - - [19/Jul/2026:03:34:31 -0600] "POST /wp-admin/admin-ajax.php HTTP/2" 200 0 "https://dfwchat.net/wp-admin/admin.php?page=bb-settings&tab=groups&panel=all_groups" "Mozilla/5.0 (Windows NT 10.0; Win64; x64) AppleWebKit/537.36 (KHTML, like Gecko) Chrome/150.0.0.0 Safari/537.36"
64.25.12.168 - - [19/Jul/2026:03:34:31 -0600] "POST /wp-admin/admin-ajax.php HTTP/2" 200 0 "https://dfwchat.net/wp-admin/admin.php?page=bb-settings&tab=groups&panel=all_groups" "Mozilla/5.0 (Windows NT 10.0; Win64; x64) AppleWebKit/537.36 (KHTML, like Gecko) Chrome/150.0.0.0 Safari/537.36"
64.25.12.168 - - [19/Jul/2026:03:34:45 -0600] "POST /wp-admin/admin-ajax.php HTTP/2" 200 83 "https://dfwchat.net/wp-admin/admin.php?page=bb-settings&tab=groups&panel=all_groups" "Mozilla/5.0 (Windows NT 10.0; Win64; x64) AppleWebKit/537.36 (KHTML, like Gecko) Chrome/150.0.0.0 Safari/537.36"
64.25.12.168 - - [19/Jul/2026:03:34:49 -0600] "POST /wp-admin/admin-ajax.php HTTP/2" 200 115 "https://dfwchat.net/wp-admin/admin.php?page=bb-settings&tab=groups&panel=all_groups" "Mozilla/5.0 (Windows NT 10.0; Win64; x64) AppleWebKit/537.36 (KHTML, like Gecko) Chrome/150.0.0.0 Safari/537.36"
64.25.12.168 - - [19/Jul/2026:03:34:51 -0600] "POST /wp-admin/admin-ajax.php HTTP/2" 200 49 "https://dfwchat.net/wp-admin/admin.php?page=bb-settings&tab=groups&panel=all_groups" "Mozilla/5.0 (Windows NT 10.0; Win64; x64) AppleWebKit/537.36 (KHTML, like Gecko) Chrome/150.0.0.0 Safari/537.36"
64.25.12.168 - - [19/Jul/2026:03:35:03 -0600] "GET /groups/driving-in-dfw/ HTTP/2" 302 0 "-" "Mozilla/5.0 (Windows NT 10.0; Win64; x64) AppleWebKit/537.36 (KHTML, like Gecko) Chrome/150.0.0.0 Safari/537.36"
198.175.150.9 - - [19/Jul/2026:03:35:05 -0600] "GET /wp-content/uploads/buddypress/groups/0/cover-image/6a5c913338db4-bp-cover-image.jpg HTTP/1.1" 200 102882 "-" "-"
64.25.12.168 - - [19/Jul/2026:03:35:04 -0600] "GET /groups/driving-in-dfw/members/all-members/ HTTP/2" 200 24827 "-" "Mozilla/5.0 (Windows NT 10.0; Win64; x64) AppleWebKit/537.36 (KHTML, like Gecko) Chrome/150.0.0.0 Safari/537.36"
64.25.12.168 - - [19/Jul/2026:03:35:06 -0600] "GET /favicon.ico HTTP/2" 404 1251 "https://dfwchat.net/groups/driving-in-dfw/members/all-members/" "Mozilla/5.0 (Windows NT 10.0; Win64; x64) AppleWebKit/537.36 (KHTML, like Gecko) Chrome/150.0.0.0 Safari/537.36"
64.25.12.168 - - [19/Jul/2026:03:35:52 -0600] "POST /wp-admin/admin-ajax.php HTTP/2" 200 51 "https://dfwchat.net/wp-admin/admin.php?page=bb-settings&tab=groups&panel=all_groups" "Mozilla/5.0 (Windows NT 10.0; Win64; x64) AppleWebKit/537.36 (KHTML, like Gecko) Chrome/150.0.0.0 Safari/537.36"
64.25.12.168 - - [19/Jul/2026:03:35:55 -0600] "GET /groups/ HTTP/2" 200 21155 "https://dfwchat.net/groups/driving-in-dfw/members/all-members/" "Mozilla/5.0 (Windows NT 10.0; Win64; x64) AppleWebKit/537.36 (KHTML, like Gecko) Chrome/150.0.0.0 Safari/537.36"
64.25.12.168 - - [19/Jul/2026:03:35:56 -0600] "GET /favicon.ico HTTP/2" 404 1251 "https://dfwchat.net/groups/" "Mozilla/5.0 (Windows NT 10.0; Win64; x64) AppleWebKit/537.36 (KHTML, like Gecko) Chrome/150.0.0.0 Safari/537.36"
64.25.12.168 - - [19/Jul/2026:03:35:56 -0600] "GET /favicon.ico HTTP/1.1" 404 1251 "-" "WinHTTP Example/1.0"
64.25.12.168 - - [19/Jul/2026:03:36:01 -0600] "GET /groups/driving-in-dfw/ HTTP/2" 302 0 "https://dfwchat.net/groups/" "Mozilla/5.0 (Windows NT 10.0; Win64; x64) AppleWebKit/537.36 (KHTML, like Gecko) Chrome/150.0.0.0 Safari/537.36"
64.25.12.168 - - [19/Jul/2026:03:36:02 -0600] "GET /groups/driving-in-dfw/members/all-members/ HTTP/2" 200 24827 "https://dfwchat.net/groups/" "Mozilla/5.0 (Windows NT 10.0; Win64; x64) AppleWebKit/537.36 (KHTML, like Gecko) Chrome/150.0.0.0 Safari/537.36"
64.25.12.168 - - [19/Jul/2026:03:36:03 -0600] "GET /favicon.ico HTTP/2" 404 1251 "https://dfwchat.net/groups/driving-in-dfw/members/all-members/" "Mozilla/5.0 (Windows NT 10.0; Win64; x64) AppleWebKit/537.36 (KHTML, like Gecko) Chrome/150.0.0.0 Safari/537.36"
64.25.12.168 - - [19/Jul/2026:03:36:14 -0600] "GET /groups/ HTTP/2" 200 21155 "https://dfwchat.net/groups/driving-in-dfw/members/all-members/" "Mozilla/5.0 (Windows NT 10.0; Win64; x64) AppleWebKit/537.36 (KHTML, like Gecko) Chrome/150.0.0.0 Safari/537.36"
64.25.12.168 - - [19/Jul/2026:03:36:16 -0600] "GET /favicon.ico HTTP/2" 404 1251 "https://dfwchat.net/groups/" "Mozilla/5.0 (Windows NT 10.0; Win64; x64) AppleWebKit/537.36 (KHTML, like Gecko) Chrome/150.0.0.0 Safari/537.36"
64.25.12.168 - - [19/Jul/2026:03:36:16 -0600] "GET /favicon.ico HTTP/1.1" 404 1251 "-" "WinHTTP Example/1.0"
64.25.12.168 - - [19/Jul/2026:03:36:45 -0600] "GET /groups/driving-in-dfw/ HTTP/2" 302 0 "https://dfwchat.net/groups/" "Mozilla/5.0 (Windows NT 10.0; Win64; x64) AppleWebKit/537.36 (KHTML, like Gecko) Chrome/150.0.0.0 Safari/537.36"
64.25.12.168 - - [19/Jul/2026:03:36:46 -0600] "GET /groups/driving-in-dfw/members/all-members/ HTTP/2" 200 24826 "https://dfwchat.net/groups/" "Mozilla/5.0 (Windows NT 10.0; Win64; x64) AppleWebKit/537.36 (KHTML, like Gecko) Chrome/150.0.0.0 Safari/537.36"
64.25.12.168 - - [19/Jul/2026:03:36:47 -0600] "GET /favicon.ico HTTP/2" 404 1251 "https://dfwchat.net/groups/driving-in-dfw/members/all-members/" "Mozilla/5.0 (Windows NT 10.0; Win64; x64) AppleWebKit/537.36 (KHTML, like Gecko) Chrome/150.0.0.0 Safari/537.36"
64.25.12.168 - - [19/Jul/2026:03:37:20 -0600] "GET /groups/driving-in-dfw/admin HTTP/2" 301 0 "https://dfwchat.net/groups/driving-in-dfw/members/all-members/" "Mozilla/5.0 (Windows NT 10.0; Win64; x64) AppleWebKit/537.36 (KHTML, like Gecko) Chrome/150.0.0.0 Safari/537.36"
64.25.12.168 - - [19/Jul/2026:03:37:21 -0600] "GET /groups/driving-in-dfw/admin/ HTTP/2" 302 0 "https://dfwchat.net/groups/driving-in-dfw/members/all-members/" "Mozilla/5.0 (Windows NT 10.0; Win64; x64) AppleWebKit/537.36 (KHTML, like Gecko) Chrome/150.0.0.0 Safari/537.36"
198.175.150.9 - - [19/Jul/2026:03:37:23 -0600] "GET /wp-content/plugins/buddyboss-platform/bp-core/images/cover-image.png HTTP/1.1" 200 23033 "-" "-"
198.175.150.9 - - [19/Jul/2026:03:37:23 -0600] "GET /wp-content/uploads/buddypress/groups/0/cover-image/6a5c913338db4-bp-cover-image.jpg HTTP/1.1" 200 102882 "-" "-"
64.25.12.168 - - [19/Jul/2026:03:37:22 -0600] "GET /groups/driving-in-dfw/admin/edit-details/ HTTP/2" 200 22263 "https://dfwchat.net/groups/driving-in-dfw/members/all-members/" "Mozilla/5.0 (Windows NT 10.0; Win64; x64) AppleWebKit/537.36 (KHTML, like Gecko) Chrome/150.0.0.0 Safari/537.36"
64.25.12.168 - - [19/Jul/2026:03:37:23 -0600] "GET /favicon.ico HTTP/2" 404 1251 "https://dfwchat.net/groups/driving-in-dfw/admin/edit-details/" "Mozilla/5.0 (Windows NT 10.0; Win64; x64) AppleWebKit/537.36 (KHTML, like Gecko) Chrome/150.0.0.0 Safari/537.36"
64.25.12.168 - - [19/Jul/2026:03:37:34 -0600] "GET /groups/driving-in-dfw/admin/group-cover-image/ HTTP/2" 200 23512 "https://dfwchat.net/groups/driving-in-dfw/admin/edit-details/" "Mozilla/5.0 (Windows NT 10.0; Win64; x64) AppleWebKit/537.36 (KHTML, like Gecko) Chrome/150.0.0.0 Safari/537.36"
64.25.12.168 - - [19/Jul/2026:03:37:36 -0600] "GET /favicon.ico HTTP/2" 404 1251 "https://dfwchat.net/groups/driving-in-dfw/admin/group-cover-image/" "Mozilla/5.0 (Windows NT 10.0; Win64; x64) AppleWebKit/537.36 (KHTML, like Gecko) Chrome/150.0.0.0 Safari/537.36"
64.25.12.168 - - [19/Jul/2026:03:37:42 -0600] "POST /wp-admin/admin-ajax.php HTTP/2" 200 147 "https://dfwchat.net/groups/driving-in-dfw/admin/group-cover-image/" "Mozilla/5.0 (Windows NT 10.0; Win64; x64) AppleWebKit/537.36 (KHTML, like Gecko) Chrome/150.0.0.0 Safari/537.36"
64.25.12.168 - - [19/Jul/2026:03:37:44 -0600] "GET /wp-content/uploads/buddypress/groups/3/cover-image/6a5c9ae828a86-bp-cover-image.jpg HTTP/2" 200 46316 "https://dfwchat.net/groups/driving-in-dfw/admin/group-cover-image/" "Mozilla/5.0 (Windows NT 10.0; Win64; x64) AppleWebKit/537.36 (KHTML, like Gecko) Chrome/150.0.0.0 Safari/537.36"
198.175.150.9 - - [19/Jul/2026:03:37:48 -0600] "GET /wp-content/plugins/buddyboss-platform/bp-core/images/cover-image.png HTTP/1.1" 200 23033 "-" "-"
64.25.12.168 - - [19/Jul/2026:03:37:47 -0600] "GET /groups/driving-in-dfw/admin/group-avatar/ HTTP/2" 200 24122 "https://dfwchat.net/groups/driving-in-dfw/admin/group-cover-image/" "Mozilla/5.0 (Windows NT 10.0; Win64; x64) AppleWebKit/537.36 (KHTML, like Gecko) Chrome/150.0.0.0 Safari/537.36"
64.25.12.168 - - [19/Jul/2026:03:37:48 -0600] "GET /favicon.ico HTTP/2" 404 1251 "https://dfwchat.net/groups/driving-in-dfw/admin/group-avatar/" "Mozilla/5.0 (Windows NT 10.0; Win64; x64) AppleWebKit/537.36 (KHTML, like Gecko) Chrome/150.0.0.0 Safari/537.36"
64.25.12.168 - - [19/Jul/2026:03:37:53 -0600] "POST /wp-admin/admin-ajax.php HTTP/2" 200 51 "https://dfwchat.net/wp-admin/admin.php?page=bb-settings&tab=groups&panel=all_groups" "Mozilla/5.0 (Windows NT 10.0; Win64; x64) AppleWebKit/537.36 (KHTML, like Gecko) Chrome/150.0.0.0 Safari/537.36"
64.25.12.168 - - [19/Jul/2026:03:38:49 -0600] "POST /wp-admin/admin-ajax.php HTTP/2" 200 190 "https://dfwchat.net/groups/driving-in-dfw/admin/group-avatar/" "Mozilla/5.0 (Windows NT 10.0; Win64; x64) AppleWebKit/537.36 (KHTML, like Gecko) Chrome/150.0.0.0 Safari/537.36"
64.25.12.168 - - [19/Jul/2026:03:39:45 -0600] "POST /wp-admin/admin-ajax.php HTTP/2" 200 187 "https://dfwchat.net/groups/driving-in-dfw/admin/group-avatar/" "Mozilla/5.0 (Windows NT 10.0; Win64; x64) AppleWebKit/537.36 (KHTML, like Gecko) Chrome/150.0.0.0 Safari/537.36"
64.25.12.168 - - [19/Jul/2026:03:39:46 -0600] "GET /wp-content/uploads/group-avatars/3/drivingindfw-profile.jpg HTTP/2" 200 14772 "https://dfwchat.net/groups/driving-in-dfw/admin/group-avatar/" "Mozilla/5.0 (Windows NT 10.0; Win64; x64) AppleWebKit/537.36 (KHTML, like Gecko) Chrome/150.0.0.0 Safari/537.36"
64.25.12.168 - - [19/Jul/2026:03:39:49 -0600] "POST /wp-admin/admin-ajax.php HTTP/2" 200 190 "https://dfwchat.net/groups/driving-in-dfw/admin/group-avatar/" "Mozilla/5.0 (Windows NT 10.0; Win64; x64) AppleWebKit/537.36 (KHTML, like Gecko) Chrome/150.0.0.0 Safari/537.36"
64.25.12.168 - - [19/Jul/2026:03:39:50 -0600] "POST /wp-admin/admin-ajax.php HTTP/2" 200 129 "https://dfwchat.net/groups/driving-in-dfw/admin/group-avatar/" "Mozilla/5.0 (Windows NT 10.0; Win64; x64) AppleWebKit/537.36 (KHTML, like Gecko) Chrome/150.0.0.0 Safari/537.36"
64.25.12.168 - - [19/Jul/2026:03:39:51 -0600] "GET /wp-content/uploads/group-avatars/3/6a5c9b6756758-bpfull.jpg HTTP/2" 200 14839 "https://dfwchat.net/groups/driving-in-dfw/admin/group-avatar/" "Mozilla/5.0 (Windows NT 10.0; Win64; x64) AppleWebKit/537.36 (KHTML, like Gecko) Chrome/150.0.0.0 Safari/537.36"
64.25.12.168 - - [19/Jul/2026:03:39:54 -0600] "POST /wp-admin/admin-ajax.php HTTP/2" 200 51 "https://dfwchat.net/wp-admin/admin.php?page=bb-settings&tab=groups&panel=all_groups" "Mozilla/5.0 (Windows NT 10.0; Win64; x64) AppleWebKit/537.36 (KHTML, like Gecko) Chrome/150.0.0.0 Safari/537.36"
64.25.12.168 - - [19/Jul/2026:03:40:24 -0600] "GET /wp-admin/admin.php?page=bb-settings&tab=groups&panel=all_groups HTTP/2" 200 168981 "https://dfwchat.net/wp-admin/" "Mozilla/5.0 (Windows NT 10.0; Win64; x64) AppleWebKit/537.36 (KHTML, like Gecko) Chrome/150.0.0.0 Safari/537.36"
64.25.12.168 - - [19/Jul/2026:03:40:25 -0600] "GET /favicon.ico HTTP/2" 404 1251 "https://dfwchat.net/wp-admin/admin.php?page=bb-settings&tab=groups&panel=all_groups" "Mozilla/5.0 (Windows NT 10.0; Win64; x64) AppleWebKit/537.36 (KHTML, like Gecko) Chrome/150.0.0.0 Safari/537.36"
64.25.12.168 - - [19/Jul/2026:03:40:25 -0600] "GET /wp-json/wp/v2/users/me?context=edit&_locale=user HTTP/2" 200 887 "https://dfwchat.net/wp-admin/admin.php?page=bb-settings&tab=groups&panel=all_groups" "Mozilla/5.0 (Windows NT 10.0; Win64; x64) AppleWebKit/537.36 (KHTML, like Gecko) Chrome/150.0.0.0 Safari/537.36"
64.25.12.168 - - [19/Jul/2026:03:40:25 -0600] "POST /wp-admin/admin-ajax.php HTTP/2" 200 2985 "https://dfwchat.net/wp-admin/admin.php?page=bb-settings&tab=groups&panel=all_groups" "Mozilla/5.0 (Windows NT 10.0; Win64; x64) AppleWebKit/537.36 (KHTML, like Gecko) Chrome/150.0.0.0 Safari/537.36"
64.25.12.168 - - [19/Jul/2026:03:40:28 -0600] "GET /favicon.ico HTTP/1.1" 404 1251 "-" "WinHTTP Example/1.0"
64.25.12.168 - - [19/Jul/2026:03:40:28 -0600] "POST /wp-admin/admin-ajax.php HTTP/2" 200 4370 "https://dfwchat.net/wp-admin/admin.php?page=bb-settings&tab=groups&panel=all_groups" "Mozilla/5.0 (Windows NT 10.0; Win64; x64) AppleWebKit/537.36 (KHTML, like Gecko) Chrome/150.0.0.0 Safari/537.36"
64.25.12.168 - - [19/Jul/2026:03:40:29 -0600] "POST /wp-admin/admin-ajax.php HTTP/2" 200 614 "https://dfwchat.net/wp-admin/admin.php?page=bb-settings&tab=groups&panel=all_groups" "Mozilla/5.0 (Windows NT 10.0; Win64; x64) AppleWebKit/537.36 (KHTML, like Gecko) Chrome/150.0.0.0 Safari/537.36"
64.25.12.168 - - [19/Jul/2026:03:40:30 -0600] "GET /wp-content/uploads/group-avatars/3/6a5c9b6759a74-bpthumb.jpg HTTP/2" 200 6470 "https://dfwchat.net/wp-admin/admin.php?page=bb-settings&tab=groups&panel=all_groups" "Mozilla/5.0 (Windows NT 10.0; Win64; x64) AppleWebKit/537.36 (KHTML, like Gecko) Chrome/150.0.0.0 Safari/537.36"
64.25.12.168 - - [19/Jul/2026:03:41:25 -0600] "POST /wp-admin/admin-ajax.php HTTP/2" 200 51 "https://dfwchat.net/wp-admin/admin.php?page=bb-settings&tab=groups&panel=all_groups" "Mozilla/5.0 (Windows NT 10.0; Win64; x64) AppleWebKit/537.36 (KHTML, like Gecko) Chrome/150.0.0.0 Safari/537.36"
64.25.12.168 - - [19/Jul/2026:03:41:58 -0600] "POST /wp-admin/admin-ajax.php HTTP/2" 200 75 "https://dfwchat.net/wp-admin/admin.php?page=bb-settings&tab=groups&panel=all_groups" "Mozilla/5.0 (Windows NT 10.0; Win64; x64) AppleWebKit/537.36 (KHTML, like Gecko) Chrome/150.0.0.0 Safari/537.36"
64.25.12.168 - - [19/Jul/2026:03:41:59 -0600] "POST /wp-admin/admin-ajax.php HTTP/2" 200 715 "https://dfwchat.net/wp-admin/admin.php?page=bb-settings&tab=groups&panel=all_groups" "Mozilla/5.0 (Windows NT 10.0; Win64; x64) AppleWebKit/537.36 (KHTML, like Gecko) Chrome/150.0.0.0 Safari/537.36"
64.25.12.168 - - [19/Jul/2026:03:42:16 -0600] "POST /wp-admin/admin-ajax.php HTTP/2" 200 1017 "https://dfwchat.net/wp-admin/admin.php?page=bb-settings&tab=groups&panel=all_groups" "Mozilla/5.0 (Windows NT 10.0; Win64; x64) AppleWebKit/537.36 (KHTML, like Gecko) Chrome/150.0.0.0 Safari/537.36"
64.25.12.168 - - [19/Jul/2026:03:42:22 -0600] "POST /wp-admin/admin-ajax.php HTTP/2" 200 59 "https://dfwchat.net/wp-admin/admin.php?page=bb-settings&tab=groups&panel=all_groups" "Mozilla/5.0 (Windows NT 10.0; Win64; x64) AppleWebKit/537.36 (KHTML, like Gecko) Chrome/150.0.0.0 Safari/537.36"
64.25.12.168 - - [19/Jul/2026:03:42:23 -0600] "POST /wp-admin/admin-ajax.php HTTP/2" 200 720 "https://dfwchat.net/wp-admin/admin.php?page=bb-settings&tab=groups&panel=all_groups" "Mozilla/5.0 (Windows NT 10.0; Win64; x64) AppleWebKit/537.36 (KHTML, like Gecko) Chrome/150.0.0.0 Safari/537.36"
64.25.12.168 - - [19/Jul/2026:03:42:25 -0600] "POST /wp-admin/admin-ajax.php HTTP/2" 200 51 "https://dfwchat.net/wp-admin/admin.php?page=bb-settings&tab=groups&panel=all_groups" "Mozilla/5.0 (Windows NT 10.0; Win64; x64) AppleWebKit/537.36 (KHTML, like Gecko) Chrome/150.0.0.0 Safari/537.36"
64.25.12.168 - - [19/Jul/2026:03:42:32 -0600] "POST /wp-admin/admin-ajax.php HTTP/2" 200 1025 "https://dfwchat.net/wp-admin/admin.php?page=bb-settings&tab=groups&panel=all_groups" "Mozilla/5.0 (Windows NT 10.0; Win64; x64) AppleWebKit/537.36 (KHTML, like Gecko) Chrome/150.0.0.0 Safari/537.36"
64.25.12.168 - - [19/Jul/2026:03:42:38 -0600] "POST /wp-admin/admin-ajax.php HTTP/2" 200 0 "https://dfwchat.net/wp-admin/admin.php?page=bb-settings&tab=groups&panel=all_groups" "Mozilla/5.0 (Windows NT 10.0; Win64; x64) AppleWebKit/537.36 (KHTML, like Gecko) Chrome/150.0.0.0 Safari/537.36"
64.25.12.168 - - [19/Jul/2026:03:42:38 -0600] "POST /wp-admin/admin-ajax.php HTTP/2" 200 0 "https://dfwchat.net/wp-admin/admin.php?page=bb-settings&tab=groups&panel=all_groups" "Mozilla/5.0 (Windows NT 10.0; Win64; x64) AppleWebKit/537.36 (KHTML, like Gecko) Chrome/150.0.0.0 Safari/537.36"
64.25.12.168 - - [19/Jul/2026:03:42:38 -0600] "POST /wp-admin/admin-ajax.php HTTP/2" 200 0 "https://dfwchat.net/wp-admin/admin.php?page=bb-settings&tab=groups&panel=all_groups" "Mozilla/5.0 (Windows NT 10.0; Win64; x64) AppleWebKit/537.36 (KHTML, like Gecko) Chrome/150.0.0.0 Safari/537.36"
64.25.12.168 - - [19/Jul/2026:03:42:38 -0600] "POST /wp-admin/admin-ajax.php HTTP/2" 200 0 "https://dfwchat.net/wp-admin/admin.php?page=bb-settings&tab=groups&panel=all_groups" "Mozilla/5.0 (Windows NT 10.0; Win64; x64) AppleWebKit/537.36 (KHTML, like Gecko) Chrome/150.0.0.0 Safari/537.36"
64.25.12.168 - - [19/Jul/2026:03:42:40 -0600] "POST /wp-admin/admin-ajax.php HTTP/2" 200 0 "https://dfwchat.net/wp-admin/admin.php?page=bb-settings&tab=groups&panel=all_groups" "Mozilla/5.0 (Windows NT 10.0; Win64; x64) AppleWebKit/537.36 (KHTML, like Gecko) Chrome/150.0.0.0 Safari/537.36"
64.25.12.168 - - [19/Jul/2026:03:42:47 -0600] "POST /wp-admin/admin-ajax.php HTTP/2" 200 59 "https://dfwchat.net/wp-admin/admin.php?page=bb-settings&tab=groups&panel=all_groups" "Mozilla/5.0 (Windows NT 10.0; Win64; x64) AppleWebKit/537.36 (KHTML, like Gecko) Chrome/150.0.0.0 Safari/537.36"
64.25.12.168 - - [19/Jul/2026:03:42:49 -0600] "POST /wp-admin/admin-ajax.php HTTP/2" 200 720 "https://dfwchat.net/wp-admin/admin.php?page=bb-settings&tab=groups&panel=all_groups" "Mozilla/5.0 (Windows NT 10.0; Win64; x64) AppleWebKit/537.36 (KHTML, like Gecko) Chrome/150.0.0.0 Safari/537.36"
64.25.12.168 - - [19/Jul/2026:03:43:00 -0600] "GET /groups/general-chat/ HTTP/2" 302 0 "-" "Mozilla/5.0 (Windows NT 10.0; Win64; x64) AppleWebKit/537.36 (KHTML, like Gecko) Chrome/150.0.0.0 Safari/537.36"
64.25.12.168 - - [19/Jul/2026:03:43:01 -0600] "GET /groups/general-chat/members/all-members/ HTTP/2" 200 24927 "-" "Mozilla/5.0 (Windows NT 10.0; Win64; x64) AppleWebKit/537.36 (KHTML, like Gecko) Chrome/150.0.0.0 Safari/537.36"
64.25.12.168 - - [19/Jul/2026:03:43:03 -0600] "GET /favicon.ico HTTP/2" 404 1251 "https://dfwchat.net/groups/general-chat/members/all-members/" "Mozilla/5.0 (Windows NT 10.0; Win64; x64) AppleWebKit/537.36 (KHTML, like Gecko) Chrome/150.0.0.0 Safari/537.36"
64.25.12.168 - - [19/Jul/2026:03:43:35 -0600] "GET /groups/general-chat/admin HTTP/2" 301 0 "https://dfwchat.net/groups/general-chat/members/all-members/" "Mozilla/5.0 (Windows NT 10.0; Win64; x64) AppleWebKit/537.36 (KHTML, like Gecko) Chrome/150.0.0.0 Safari/537.36"
64.25.12.168 - - [19/Jul/2026:03:43:36 -0600] "GET /groups/general-chat/admin/ HTTP/2" 302 0 "https://dfwchat.net/groups/general-chat/members/all-members/" "Mozilla/5.0 (Windows NT 10.0; Win64; x64) AppleWebKit/537.36 (KHTML, like Gecko) Chrome/150.0.0.0 Safari/537.36"
64.25.12.168 - - [19/Jul/2026:03:43:26 -0600] "POST /wp-admin/admin-ajax.php HTTP/2" 200 51 "https://dfwchat.net/wp-admin/admin.php?page=bb-settings&tab=groups&panel=all_groups" "Mozilla/5.0 (Windows NT 10.0; Win64; x64) AppleWebKit/537.36 (KHTML, like Gecko) Chrome/150.0.0.0 Safari/537.36"
64.25.12.168 - - [19/Jul/2026:03:43:37 -0600] "GET /groups/general-chat/admin/edit-details/ HTTP/2" 200 22267 "https://dfwchat.net/groups/general-chat/members/all-members/" "Mozilla/5.0 (Windows NT 10.0; Win64; x64) AppleWebKit/537.36 (KHTML, like Gecko) Chrome/150.0.0.0 Safari/537.36"
64.25.12.168 - - [19/Jul/2026:03:43:38 -0600] "GET /favicon.ico HTTP/2" 404 1251 "https://dfwchat.net/groups/general-chat/admin/edit-details/" "Mozilla/5.0 (Windows NT 10.0; Win64; x64) AppleWebKit/537.36 (KHTML, like Gecko) Chrome/150.0.0.0 Safari/537.36"
198.175.150.9 - - [19/Jul/2026:03:43:41 -0600] "GET /wp-content/plugins/buddyboss-platform/bp-core/images/cover-image.png HTTP/1.1" 200 23033 "-" "-"
64.25.12.168 - - [19/Jul/2026:03:43:40 -0600] "GET /groups/general-chat/admin/group-cover-image/ HTTP/2" 200 23461 "https://dfwchat.net/groups/general-chat/admin/edit-details/" "Mozilla/5.0 (Windows NT 10.0; Win64; x64) AppleWebKit/537.36 (KHTML, like Gecko) Chrome/150.0.0.0 Safari/537.36"
198.175.150.9 - - [19/Jul/2026:03:33:12 -0600] "GET /wp-content/plugins/buddyboss-platform/bp-core/images/cover-image.png HTTP/1.1" 200 23033 "-" "-"
64.25.12.168 - - [19/Jul/2026:03:33:30 -0600] "GET /favicon.ico HTTP/1.1" 404 1251 "-" "WinHTTP Example/1.0"
198.175.150.9 - - [19/Jul/2026:03:33:46 -0600] "POST /wp-cron.php?doing_wp_cron=1784453626.0977718830108642578125 HTTP/1.1" 200 0 "-" "WordPress/7.0.2; https://dfwchat.net"
64.25.12.168 - - [19/Jul/2026:03:35:06 -0600] "GET /favicon.ico HTTP/1.1" 404 1251 "-" "WinHTTP Example/1.0"
198.175.150.9 - - [19/Jul/2026:03:36:03 -0600] "GET /wp-content/plugins/buddyboss-platform/bp-core/images/cover-image.png HTTP/1.1" 200 23033 "-" "-"
64.25.12.168 - - [19/Jul/2026:03:36:04 -0600] "GET /favicon.ico HTTP/1.1" 404 1251 "-" "WinHTTP Example/1.0"
198.175.150.9 - - [19/Jul/2026:03:36:47 -0600] "GET /wp-content/plugins/buddyboss-platform/bp-core/images/cover-image.png HTTP/1.1" 200 23033 "-" "-"
64.25.12.168 - - [19/Jul/2026:03:37:24 -0600] "GET /favicon.ico HTTP/1.1" 404 1251 "-" "WinHTTP Example/1.0"
64.25.12.168 - - [19/Jul/2026:03:37:36 -0600] "GET /favicon.ico HTTP/1.1" 404 1251 "-" "WinHTTP Example/1.0"
198.175.150.9 - - [19/Jul/2026:03:42:23 -0600] "POST /wp-cron.php?doing_wp_cron=1784454143.8722429275512695312500 HTTP/1.1" 200 0 "-" "WordPress/7.0.2; https://dfwchat.net"
198.175.150.9 - - [19/Jul/2026:03:42:24 -0600] "POST /wp-admin/admin-ajax.php?action=bb_async_request&nonce=95ec39fe0d HTTP/1.1" 200 0 "-" "WordPress/7.0.2; https://dfwchat.net"
198.175.150.9 - - [19/Jul/2026:03:43:02 -0600] "GET /wp-content/plugins/buddyboss-platform/bp-core/images/cover-image.png HTTP/1.1" 200 23033 "-" "-"
198.175.150.9 - - [19/Jul/2026:03:43:03 -0600] "GET /wp-content/uploads/buddypress/groups/0/cover-image/6a5c913338db4-bp-cover-image.jpg HTTP/1.1" 200 102882 "-" "-"
64.25.12.168 - - [19/Jul/2026:03:43:39 -0600] "GET /favicon.ico HTTP/1.1" 404 1251 "-" "WinHTTP Example/1.0"
198.175.150.9 - - [19/Jul/2026:03:43:41 -0600] "GET /wp-content/uploads/buddypress/groups/0/cover-image/6a5c913338db4-bp-cover-image.jpg HTTP/1.1" 200 102882 "-" "-"
64.25.12.168 - - [19/Jul/2026:03:43:42 -0600] "GET /favicon.ico HTTP/1.1" 404 1251 "-" "WinHTTP Example/1.0"
64.25.12.168 - - [19/Jul/2026:03:43:41 -0600] "GET /favicon.ico HTTP/2" 404 1251 "https://dfwchat.net/groups/general-chat/admin/group-cover-image/" "Mozilla/5.0 (Windows NT 10.0; Win64; x64) AppleWebKit/537.36 (KHTML, like Gecko) Chrome/150.0.0.0 Safari/537.36"
64.25.12.168 - - [19/Jul/2026:03:44:42 -0600] "POST /wp-admin/admin-ajax.php HTTP/2" 200 190 "https://dfwchat.net/groups/general-chat/admin/group-cover-image/" "Mozilla/5.0 (Windows NT 10.0; Win64; x64) AppleWebKit/537.36 (KHTML, like Gecko) Chrome/150.0.0.0 Safari/537.36"
64.25.12.168 - - [19/Jul/2026:03:45:27 -0600] "POST /wp-admin/admin-ajax.php HTTP/2" 200 51 "https://dfwchat.net/wp-admin/admin.php?page=bb-settings&tab=groups&panel=all_groups" "Mozilla/5.0 (Windows NT 10.0; Win64; x64) AppleWebKit/537.36 (KHTML, like Gecko) Chrome/150.0.0.0 Safari/537.36"
198.175.150.9 - - [19/Jul/2026:03:32:28 -0600] "POST /wp-admin/admin-ajax.php?action=bb_async_request&nonce=95ec39fe0d HTTP/1.1" 200 0 "-" "WordPress/7.0.2; https://dfwchat.net"
198.175.150.9 - - [19/Jul/2026:03:33:12 -0600] "GET /wp-content/uploads/buddypress/groups/0/cover-image/6a5c913338db4-bp-cover-image.jpg HTTP/1.1" 200 102882 "-" "-"
198.175.150.9 - - [19/Jul/2026:03:35:05 -0600] "GET /wp-content/plugins/buddyboss-platform/bp-core/images/cover-image.png HTTP/1.1" 200 23033 "-" "-"
198.175.150.9 - - [19/Jul/2026:03:36:47 -0600] "GET /wp-content/uploads/buddypress/groups/0/cover-image/6a5c913338db4-bp-cover-image.jpg HTTP/1.1" 200 102882 "-" "-"
64.25.12.168 - - [19/Jul/2026:03:36:48 -0600] "GET /favicon.ico HTTP/1.1" 404 1251 "-" "WinHTTP Example/1.0"
198.175.150.9 - - [19/Jul/2026:03:37:35 -0600] "GET /wp-content/plugins/buddyboss-platform/bp-core/images/cover-image.png HTTP/1.1" 200 23033 "-" "-"
198.175.150.9 - - [19/Jul/2026:03:37:48 -0600] "GET /wp-content/uploads/buddypress/groups/0/cover-image/6a5c913338db4-bp-cover-image.jpg HTTP/1.1" 200 102882 "-" "-"
198.175.150.9 - - [19/Jul/2026:03:41:26 -0600] "POST /wp-cron.php?doing_wp_cron=1784454086.6328558921813964843750 HTTP/1.1" 200 0 "-" "WordPress/7.0.2; https://dfwchat.net"
64.25.12.168 - - [19/Jul/2026:03:43:04 -0600] "GET /favicon.ico HTTP/1.1" 404 1251 "-" "WinHTTP Example/1.0"
198.175.150.9 - - [19/Jul/2026:03:43:38 -0600] "GET /wp-content/plugins/buddyboss-platform/bp-core/images/cover-image.png HTTP/1.1" 200 23033 "-" "-"
198.175.150.9 - - [19/Jul/2026:03:43:38 -0600] "GET /wp-content/uploads/buddypress/groups/0/cover-image/6a5c913338db4-bp-cover-image.jpg HTTP/1.1" 200 102882 "-" "-"
64.25.12.168 - - [19/Jul/2026:03:33:13 -0600] "GET /favicon.ico HTTP/1.1" 404 1251 "-" "WinHTTP Example/1.0"
198.175.150.9 - - [19/Jul/2026:03:36:03 -0600] "GET /wp-content/uploads/buddypress/groups/0/cover-image/6a5c913338db4-bp-cover-image.jpg HTTP/1.1" 200 102882 "-" "-"
198.175.150.9 - - [19/Jul/2026:03:37:35 -0600] "GET /wp-content/uploads/buddypress/groups/0/cover-image/6a5c913338db4-bp-cover-image.jpg HTTP/1.1" 200 102882 "-" "-"
64.25.12.168 - - [19/Jul/2026:03:37:48 -0600] "GET /favicon.ico HTTP/1.1" 404 1251 "-" "WinHTTP Example/1.0"
64.25.12.168 - - [19/Jul/2026:03:46:42 -0600] "POST /wp-admin/admin-ajax.php HTTP/2" 200 190 "https://dfwchat.net/groups/general-chat/admin/group-cover-image/" "Mozilla/5.0 (Windows NT 10.0; Win64; x64) AppleWebKit/537.36 (KHTML, like Gecko) Chrome/150.0.0.0 Safari/537.36"
64.25.12.168 - - [19/Jul/2026:03:47:28 -0600] "POST /wp-admin/admin-ajax.php HTTP/2" 200 51 "https://dfwchat.net/wp-admin/admin.php?page=bb-settings&tab=groups&panel=all_groups" "Mozilla/5.0 (Windows NT 10.0; Win64; x64) AppleWebKit/537.36 (KHTML, like Gecko) Chrome/150.0.0.0 Safari/537.36"
64.25.12.168 - - [19/Jul/2026:03:47:41 -0600] "POST /wp-admin/admin-ajax.php HTTP/2" 200 146 "https://dfwchat.net/groups/general-chat/admin/group-cover-image/" "Mozilla/5.0 (Windows NT 10.0; Win64; x64) AppleWebKit/537.36 (KHTML, like Gecko) Chrome/150.0.0.0 Safari/537.36"
64.25.12.168 - - [19/Jul/2026:03:47:43 -0600] "GET /wp-content/uploads/buddypress/groups/4/cover-image/6a5c9d3f386a1-bp-cover-image.jpg HTTP/2" 200 49273 "https://dfwchat.net/groups/general-chat/admin/group-cover-image/" "Mozilla/5.0 (Windows NT 10.0; Win64; x64) AppleWebKit/537.36 (KHTML, like Gecko) Chrome/150.0.0.0 Safari/537.36"
64.25.12.168 - - [19/Jul/2026:03:47:42 -0600] "POST /wp-admin/admin-ajax.php HTTP/2" 200 190 "https://dfwchat.net/groups/general-chat/admin/group-cover-image/" "Mozilla/5.0 (Windows NT 10.0; Win64; x64) AppleWebKit/537.36 (KHTML, like Gecko) Chrome/150.0.0.0 Safari/537.36"
198.175.150.9 - - [19/Jul/2026:03:47:47 -0600] "GET /wp-content/uploads/buddypress/groups/0/cover-image/6a5c913338db4-bp-cover-image.jpg HTTP/1.1" 200 102882 "-" "-"
64.25.12.168 - - [19/Jul/2026:03:47:46 -0600] "GET /groups/general-chat/admin/group-avatar/ HTTP/2" 200 24111 "https://dfwchat.net/groups/general-chat/admin/group-cover-image/" "Mozilla/5.0 (Windows NT 10.0; Win64; x64) AppleWebKit/537.36 (KHTML, like Gecko) Chrome/150.0.0.0 Safari/537.36"
64.25.12.168 - - [19/Jul/2026:03:47:47 -0600] "GET /favicon.ico HTTP/2" 404 1251 "https://dfwchat.net/groups/general-chat/admin/group-avatar/" "Mozilla/5.0 (Windows NT 10.0; Win64; x64) AppleWebKit/537.36 (KHTML, like Gecko) Chrome/150.0.0.0 Safari/537.36"
64.25.12.168 - - [19/Jul/2026:03:47:48 -0600] "GET /favicon.ico HTTP/1.1" 404 1251 "-" "WinHTTP Example/1.0"
64.25.12.168 - - [19/Jul/2026:03:48:48 -0600] "POST /wp-admin/admin-ajax.php HTTP/2" 200 190 "https://dfwchat.net/groups/general-chat/admin/group-avatar/" "Mozilla/5.0 (Windows NT 10.0; Win64; x64) AppleWebKit/537.36 (KHTML, like Gecko) Chrome/150.0.0.0 Safari/537.36"
64.25.12.168 - - [19/Jul/2026:03:49:29 -0600] "POST /wp-admin/admin-ajax.php HTTP/2" 200 51 "https://dfwchat.net/wp-admin/admin.php?page=bb-settings&tab=groups&panel=all_groups" "Mozilla/5.0 (Windows NT 10.0; Win64; x64) AppleWebKit/537.36 (KHTML, like Gecko) Chrome/150.0.0.0 Safari/537.36"
64.25.12.168 - - [19/Jul/2026:03:49:32 -0600] "POST /wp-admin/admin-ajax.php HTTP/2" 200 184 "https://dfwchat.net/groups/general-chat/admin/group-avatar/" "Mozilla/5.0 (Windows NT 10.0; Win64; x64) AppleWebKit/537.36 (KHTML, like Gecko) Chrome/150.0.0.0 Safari/537.36"
64.25.12.168 - - [19/Jul/2026:03:49:34 -0600] "GET /wp-content/uploads/group-avatars/4/everything-else-profile.jpg HTTP/2" 200 20153 "https://dfwchat.net/groups/general-chat/admin/group-avatar/" "Mozilla/5.0 (Windows NT 10.0; Win64; x64) AppleWebKit/537.36 (KHTML, like Gecko) Chrome/150.0.0.0 Safari/537.36"
64.25.12.168 - - [19/Jul/2026:03:49:38 -0600] "POST /wp-admin/admin-ajax.php HTTP/2" 200 129 "https://dfwchat.net/groups/general-chat/admin/group-avatar/" "Mozilla/5.0 (Windows NT 10.0; Win64; x64) AppleWebKit/537.36 (KHTML, like Gecko) Chrome/150.0.0.0 Safari/537.36"
64.25.12.168 - - [19/Jul/2026:03:49:40 -0600] "GET /wp-content/uploads/group-avatars/4/6a5c9db4514b3-bpfull.jpg HTTP/2" 200 21516 "https://dfwchat.net/groups/general-chat/admin/group-avatar/" "Mozilla/5.0 (Windows NT 10.0; Win64; x64) AppleWebKit/537.36 (KHTML, like Gecko) Chrome/150.0.0.0 Safari/537.36"
64.25.12.168 - - [19/Jul/2026:03:50:10 -0600] "GET /favicon.ico HTTP/1.1" 404 1251 "-" "WinHTTP Example/1.0"
64.25.12.168 - - [19/Jul/2026:03:49:48 -0600] "GET /favicon.ico HTTP/1.1" 404 1251 "-" "WinHTTP Example/1.0"
198.175.150.9 - - [19/Jul/2026:03:50:40 -0600] "POST /wp-cron.php?doing_wp_cron=1784454640.1801381111145019531250 HTTP/1.1" 200 0 "-" "WordPress/7.0.2; https://dfwchat.net"
198.175.150.9 - - [19/Jul/2026:03:47:47 -0600] "GET /wp-content/plugins/buddyboss-platform/bp-core/images/cover-image.png HTTP/1.1" 200 23033 "-" "-"
64.25.12.168 - - [19/Jul/2026:03:49:46 -0600] "GET /wp-admin/ HTTP/2" 200 21556 "https://dfwchat.net/groups/general-chat/admin/group-avatar/" "Mozilla/5.0 (Windows NT 10.0; Win64; x64) AppleWebKit/537.36 (KHTML, like Gecko) Chrome/150.0.0.0 Safari/537.36"
64.25.12.168 - - [19/Jul/2026:03:49:48 -0600] "GET /favicon.ico HTTP/2" 404 1251 "https://dfwchat.net/wp-admin/" "Mozilla/5.0 (Windows NT 10.0; Win64; x64) AppleWebKit/537.36 (KHTML, like Gecko) Chrome/150.0.0.0 Safari/537.36"
64.25.12.168 - - [19/Jul/2026:03:49:47 -0600] "GET /wp-json/wp/v2/users/me?context=edit&_locale=user HTTP/2" 200 887 "https://dfwchat.net/wp-admin/" "Mozilla/5.0 (Windows NT 10.0; Win64; x64) AppleWebKit/537.36 (KHTML, like Gecko) Chrome/150.0.0.0 Safari/537.36"
64.25.12.168 - - [19/Jul/2026:03:49:48 -0600] "POST /wp-admin/admin-ajax.php HTTP/2" 200 437 "https://dfwchat.net/wp-admin/" "Mozilla/5.0 (Windows NT 10.0; Win64; x64) AppleWebKit/537.36 (KHTML, like Gecko) Chrome/150.0.0.0 Safari/537.36"
64.25.12.168 - - [19/Jul/2026:03:49:48 -0600] "GET /wp-admin/admin-ajax.php?action=dashboard-widgets&widget=dashboard_primary&pagenow=dashboard HTTP/2" 200 335 "https://dfwchat.net/wp-admin/" "Mozilla/5.0 (Windows NT 10.0; Win64; x64) AppleWebKit/537.36 (KHTML, like Gecko) Chrome/150.0.0.0 Safari/537.36"
64.25.12.168 - - [19/Jul/2026:03:50:03 -0600] "GET /wp-admin/admin.php?page=bb-settings&tab=groups&panel=all_groups HTTP/2" 200 167264 "https://dfwchat.net/wp-admin/" "Mozilla/5.0 (Windows NT 10.0; Win64; x64) AppleWebKit/537.36 (KHTML, like Gecko) Chrome/150.0.0.0 Safari/537.36"
64.25.12.168 - - [19/Jul/2026:03:50:07 -0600] "GET /favicon.ico HTTP/2" 404 1251 "https://dfwchat.net/wp-admin/admin.php?page=bb-settings&tab=groups&panel=all_groups" "Mozilla/5.0 (Windows NT 10.0; Win64; x64) AppleWebKit/537.36 (KHTML, like Gecko) Chrome/150.0.0.0 Safari/537.36"
64.25.12.168 - - [19/Jul/2026:03:50:07 -0600] "GET /wp-json/wp/v2/users/me?context=edit&_locale=user HTTP/2" 200 887 "https://dfwchat.net/wp-admin/admin.php?page=bb-settings&tab=groups&panel=all_groups" "Mozilla/5.0 (Windows NT 10.0; Win64; x64) AppleWebKit/537.36 (KHTML, like Gecko) Chrome/150.0.0.0 Safari/537.36"
64.25.12.168 - - [19/Jul/2026:03:50:07 -0600] "POST /wp-admin/admin-ajax.php HTTP/2" 200 2985 "https://dfwchat.net/wp-admin/admin.php?page=bb-settings&tab=groups&panel=all_groups" "Mozilla/5.0 (Windows NT 10.0; Win64; x64) AppleWebKit/537.36 (KHTML, like Gecko) Chrome/150.0.0.0 Safari/537.36"
64.25.12.168 - - [19/Jul/2026:03:50:10 -0600] "POST /wp-admin/admin-ajax.php HTTP/2" 200 4370 "https://dfwchat.net/wp-admin/admin.php?page=bb-settings&tab=groups&panel=all_groups" "Mozilla/5.0 (Windows NT 10.0; Win64; x64) AppleWebKit/537.36 (KHTML, like Gecko) Chrome/150.0.0.0 Safari/537.36"
64.25.12.168 - - [19/Jul/2026:03:50:12 -0600] "POST /wp-admin/admin-ajax.php HTTP/2" 200 675 "https://dfwchat.net/wp-admin/admin.php?page=bb-settings&tab=groups&panel=all_groups" "Mozilla/5.0 (Windows NT 10.0; Win64; x64) AppleWebKit/537.36 (KHTML, like Gecko) Chrome/150.0.0.0 Safari/537.36"
64.25.12.168 - - [19/Jul/2026:03:50:14 -0600] "GET /wp-content/uploads/group-avatars/4/6a5c9db466701-bpthumb.jpg HTTP/2" 200 9201 "https://dfwchat.net/wp-admin/admin.php?page=bb-settings&tab=groups&panel=all_groups" "Mozilla/5.0 (Windows NT 10.0; Win64; x64) AppleWebKit/537.36 (KHTML, like Gecko) Chrome/150.0.0.0 Safari/537.36"
64.25.12.168 - - [19/Jul/2026:03:50:39 -0600] "POST /wp-admin/admin-ajax.php HTTP/2" 200 51 "https://dfwchat.net/wp-admin/admin.php?page=bb-settings&tab=groups&panel=all_groups" "Mozilla/5.0 (Windows NT 10.0; Win64; x64) AppleWebKit/537.36 (KHTML, like Gecko) Chrome/150.0.0.0 Safari/537.36"
64.25.12.168 - - [19/Jul/2026:03:50:40 -0600] "POST /wp-admin/admin-ajax.php HTTP/2" 200 51 "https://dfwchat.net/wp-admin/admin.php?page=bb-settings&tab=groups&panel=all_groups" "Mozilla/5.0 (Windows NT 10.0; Win64; x64) AppleWebKit/537.36 (KHTML, like Gecko) Chrome/150.0.0.0 Safari/537.36"
9.142.29.3 - - [19/Jul/2026:05:06:15 -0600] "GET /contact HTTP/1.1" 404 34166 "-" "Mozilla/5.0 (Windows NT 10.0; Win64; x64) AppleWebKit/537.36 (KHTML, like Gecko) Chrome/129.0.0.0 Safari/537.3"
9.142.29.3 - - [19/Jul/2026:05:06:20 -0600] "GET /contact-us HTTP/1.1" 404 34210 "https://dfwchat.net/contact" "Mozilla/5.0 (Windows NT 10.0; Win64; x64) AppleWebKit/537.36 (KHTML, like Gecko) Chrome/129.0.0.0 Safari/537.3"
9.142.29.3 - - [19/Jul/2026:05:06:23 -0600] "GET / HTTP/1.1" 200 19377 "https://dfwchat.net/contact-us" "Mozilla/5.0 (Windows NT 10.0; Win64; x64) AppleWebKit/537.36 (KHTML, like Gecko) Chrome/129.0.0.0 Safari/537.3"
51.20.93.128 - - [19/Jul/2026:05:31:39 -0600] "GET /wp-login.php HTTP/1.1" 200 5700 "-" "Mozilla/5.0 (Macintosh; Intel Mac OS X 10_15_7) AppleWebKit/605.1.15 Version/17.0 Safari/605.1.15"
51.20.93.128 - - [19/Jul/2026:05:31:43 -0600] "GET /?author=1 HTTP/1.1" 301 0 "-" "Mozilla/5.0 (Macintosh; Intel Mac OS X 10_15_7) AppleWebKit/605.1.15 Version/17.0 Safari/605.1.15"
51.20.93.128 - - [19/Jul/2026:05:31:47 -0600] "GET /?rest_route=/wp/v2/users HTTP/1.1" 200 267 "-" "Mozilla/5.0 (Macintosh; Intel Mac OS X 10_15_7) AppleWebKit/605.1.15 Version/17.0 Safari/605.1.15"
51.20.93.128 - - [19/Jul/2026:05:31:51 -0600] "GET /?author=2 HTTP/1.1" 404 40810 "-" "Mozilla/5.0 (Windows NT 10.0; Win64; rv:143.0) Gecko/20100101 Firefox/143.0"
51.20.93.128 - - [19/Jul/2026:05:31:55 -0600] "GET /?rest_route=/wp/v2/users HTTP/1.1" 200 267 "-" "Mozilla/5.0 (Macintosh; Intel Mac OS X 10_15_7) AppleWebKit/605.1.15 Version/17.0 Safari/605.1.15"
198.175.150.9 - - [19/Jul/2026:05:31:43 -0600] "POST /wp-cron.php?doing_wp_cron=1784460703.4199109077453613281250 HTTP/1.1" 200 0 "-" "WordPress/7.0.2; https://dfwchat.net"
51.20.93.128 - - [19/Jul/2026:06:00:25 -0600] "POST /wp-login.php HTTP/1.1" 200 5854 "-" "Mozilla/5.0 (Windows NT 10.0; Win64; rv:143.0) Gecko/20100101 Firefox/143.0"
51.20.93.128 - - [19/Jul/2026:06:00:25 -0600] "POST /wp-login.php HTTP/1.1" 200 5844 "-" "Mozilla/5.0 (Windows NT 10.0; Win64; x64) AppleWebKit/537.36 Chrome/129.0.0.0 Safari/537.36"