HEX
Server: LiteSpeed
System: Linux node612.namehero.net 4.18.0-553.121.1.lve.el8.x86_64 #1 SMP Thu Apr 30 16:40:41 UTC 2026 x86_64
User: dfwparty (1186)
PHP: 8.3.31
Disabled: NONE
Upload Files
File: //proc/thread-self/root/home/dfwparty/access-logs/mattymcfun.com.dfw.party-ssl_log
140.248.75.62 - - [18/Jul/2026:19:36:30 -0600] "GET /.git/config HTTP/1.1" 403 55 "-" "Mozilla/5.0 (Macintosh; Intel Mac OS X 10_15_7) AppleWebKit/537.36 (KHTML, like Gecko) Chrome/125.0.0.0 Safari/537.36"
140.248.75.62 - - [18/Jul/2026:19:36:30 -0600] "GET /.git/HEAD HTTP/1.1" 403 55 "-" "Mozilla/5.0 (Macintosh; Intel Mac OS X 10_15_7) AppleWebKit/537.36 (KHTML, like Gecko) Chrome/125.0.0.0 Safari/537.36"
198.175.150.9 - - [18/Jul/2026:19:54:49 -0600] "POST /wp-cron.php?doing_wp_cron=1784426089.0294270515441894531250 HTTP/1.1" 200 0 "-" "WordPress/7.0.2; https://mattymcfun.com"
198.175.150.9 - - [18/Jul/2026:19:54:49 -0600] "POST /wp-cron.php?doing_wp_cron=1784426089.0231530666351318359375 HTTP/1.1" 200 0 "-" "WordPress/7.0.2; https://mattymcfun.com"
74.7.175.145 - - [18/Jul/2026:19:54:46 -0600] "GET /robots.txt HTTP/2" 200 98 "-" "Mozilla/5.0 (Macintosh; Intel Mac OS X 10_15_7) AppleWebKit/537.36 (KHTML, like Gecko) Chrome/131.0.0.0 Safari/537.36; compatible; OAI-SearchBot/1.4; robots.txt; +https://openai.com/searchbot"
74.7.227.9 - - [18/Jul/2026:19:54:46 -0600] "GET /wp-sitemap.xml HTTP/2" 200 194 "-" "Mozilla/5.0 AppleWebKit/537.36 (KHTML, like Gecko; compatible; GPTBot/1.4; +https://openai.com/gptbot)"
198.175.150.9 - - [18/Jul/2026:19:54:48 -0600] "POST /wp-cron.php?doing_wp_cron=1784426088.8301689624786376953125 HTTP/1.1" 200 0 "-" "WordPress/7.0.2; https://mattymcfun.com"
89.144.10.41 - - [18/Jul/2026:22:22:01 -0600] "GET /wp-login.php HTTP/1.1" 200 6016 "-" "Mozilla/5.0 MerdoWPFilter/1.0"
157.55.39.52 - - [18/Jul/2026:23:04:08 -0600] "GET /wp-sitemap.xml HTTP/2" 200 194 "-" "Mozilla/5.0 AppleWebKit/537.36 (KHTML, like Gecko; compatible; bingbot/2.0; +http://www.bing.com/bingbot.htm) Chrome/116.0.1938.76 Safari/537.36"
198.175.150.9 - - [18/Jul/2026:23:04:00 -0600] "POST /wp-cron.php?doing_wp_cron=1784437440.5388081073760986328125 HTTP/1.1" 200 0 "-" "WordPress/7.0.2; https://mattymcfun.com"
157.55.39.193 - - [18/Jul/2026:23:03:57 -0600] "GET /sitemap.xml.gz HTTP/2" 301 0 "-" "Mozilla/5.0 AppleWebKit/537.36 (KHTML, like Gecko; compatible; bingbot/2.0; +http://www.bing.com/bingbot.htm) Chrome/116.0.1938.76 Safari/537.36"
198.175.150.9 - - [18/Jul/2026:23:37:04 -0600] "POST /wp-cron.php?doing_wp_cron=1784439424.8296880722045898437500 HTTP/1.1" 200 0 "-" "WordPress/7.0.2; https://mattymcfun.com"
198.175.150.9 - - [18/Jul/2026:23:37:05 -0600] "POST /wp-cron.php?doing_wp_cron=1784439425.1148619651794433593750 HTTP/1.1" 200 0 "-" "WordPress/7.0.2; https://mattymcfun.com"
85.208.96.204 - - [18/Jul/2026:23:37:01 -0600] "GET /robots.txt HTTP/1.1" 200 111 "-" "Mozilla/5.0 (compatible; SemrushBot/7~bl; +http://www.semrush.com/bot.html)"
185.191.171.11 - - [18/Jul/2026:23:37:09 -0600] "GET /feed/ HTTP/1.1" 200 852 "-" "Mozilla/5.0 (compatible; SemrushBot/7~bl; +http://www.semrush.com/bot.html)"
43.131.26.226 - - [18/Jul/2026:23:43:58 -0600] "GET / HTTP/1.1" 200 21707 "http://www.mattymcfun.com" "Mozilla/5.0 (iPhone; CPU iPhone OS 13_2_3 like Mac OS X) AppleWebKit/605.1.15 (KHTML, like Gecko) Version/13.0.3 Mobile/15E148 Safari/604.1"
198.175.150.9 - - [18/Jul/2026:23:37:05 -0600] "POST /wp-cron.php?doing_wp_cron=1784439424.9419999122619628906250 HTTP/1.1" 200 0 "-" "WordPress/7.0.2; https://mattymcfun.com"
198.175.150.9 - - [19/Jul/2026:00:39:47 -0600] "POST /wp-cron.php?doing_wp_cron=1784443187.7222039699554443359375 HTTP/1.1" 200 0 "-" "WordPress/7.0.2; https://mattymcfun.com"
129.204.188.64 - - [19/Jul/2026:01:06:30 -0600] "GET / HTTP/1.1" 200 21707 "http://www.mattymcfun.com" "Mozilla/5.0 (iPhone; CPU iPhone OS 13_2_3 like Mac OS X) AppleWebKit/605.1.15 (KHTML, like Gecko) Version/13.0.3 Mobile/15E148 Safari/604.1"
198.175.150.9 - - [19/Jul/2026:00:39:46 -0600] "POST /wp-cron.php?doing_wp_cron=1784443186.3434779644012451171875 HTTP/1.1" 200 0 "-" "WordPress/7.0.2; https://mattymcfun.com"
198.175.150.9 - - [19/Jul/2026:00:39:46 -0600] "POST /wp-cron.php?doing_wp_cron=1784443186.5383639335632324218750 HTTP/1.1" 200 0 "-" "WordPress/7.0.2; https://mattymcfun.com"
43.153.46.64 - - [18/Jul/2026:23:57:57 -0600] "GET / HTTP/1.1" 200 21709 "-" "Mozilla/5.0 (Windows NT 10.0; Win64; x64) AppleWebKit/537.36 (KHTML, like Gecko) Chrome/135.0.0.0 Safari/537.36 Edg/135.0.0.0"
52.167.144.203 - - [19/Jul/2026:00:39:39 -0600] "GET /wp-sitemap-taxonomies-product_cat-1.xml HTTP/2" 404 19260 "-" "Mozilla/5.0 AppleWebKit/537.36 (KHTML, like Gecko; compatible; bingbot/2.0; +http://www.bing.com/bingbot.htm) Chrome/116.0.1938.76 Safari/537.36"
198.175.150.9 - - [19/Jul/2026:02:14:20 -0600] "POST /wp-cron.php?doing_wp_cron=1784448860.4595699310302734375000 HTTP/1.1" 200 0 "-" "WordPress/7.0.2; https://mattymcfun.com"
198.175.150.9 - - [19/Jul/2026:02:14:18 -0600] "POST /wp-cron.php?doing_wp_cron=1784448858.9272320270538330078125 HTTP/1.1" 200 0 "-" "WordPress/7.0.2; https://mattymcfun.com"
198.175.150.9 - - [19/Jul/2026:02:14:42 -0600] "POST /wp-cron.php?doing_wp_cron=1784448882.0114099979400634765625 HTTP/1.1" 200 0 "-" "WordPress/7.0.2; https://mattymcfun.com"
198.175.150.9 - - [19/Jul/2026:02:14:18 -0600] "POST /wp-cron.php?doing_wp_cron=1784448858.9512341022491455078125 HTTP/1.1" 200 0 "-" "WordPress/7.0.2; https://mattymcfun.com"
52.167.144.183 - - [19/Jul/2026:02:14:17 -0600] "GET /custom-designed-clown-shoes-order-form/ HTTP/2" 200 57259 "-" "Mozilla/5.0 AppleWebKit/537.36 (KHTML, like Gecko; compatible; bingbot/2.0; +http://www.bing.com/bingbot.htm) Chrome/116.0.1938.76 Safari/537.36"
40.77.167.26 - - [19/Jul/2026:02:14:38 -0600] "POST /wp-json/ws-form/v1/form/stat/add-view HTTP/2" 200 19 "https://mattymcfun.com/custom-designed-clown-shoes-order-form/" "Mozilla/5.0 AppleWebKit/537.36 (KHTML, like Gecko; compatible; bingbot/2.0; +http://www.bing.com/bingbot.htm) Chrome/136.0.0.0 Safari/537.36 AppleWebKit/537.36 (KHTML, like Gecko; compatible; bingbot/2.0; +http://www.bing.com/bingbot.htm) Chrome/116.0.1938.76 Safari/537.36"
198.175.150.9 - - [19/Jul/2026:02:40:06 -0600] "POST /wp-cron.php?doing_wp_cron=1784450406.7154591083526611328125 HTTP/1.1" 200 0 "-" "WordPress/7.0.2; https://mattymcfun.com"
43.157.175.122 - - [19/Jul/2026:02:46:59 -0600] "GET / HTTP/1.1" 200 21707 "http://mattymcfun.com" "Mozilla/5.0 (iPhone; CPU iPhone OS 13_2_3 like Mac OS X) AppleWebKit/605.1.15 (KHTML, like Gecko) Version/13.0.3 Mobile/15E148 Safari/604.1"
85.208.96.210 - - [19/Jul/2026:02:40:55 -0600] "GET / HTTP/1.1" 200 21709 "-" "Mozilla/5.0 (compatible; SemrushBot/7~bl; +http://www.semrush.com/bot.html)"
40.77.167.28 - - [19/Jul/2026:02:40:00 -0600] "GET /wp-sitemap-taxonomies-product_cat-1.xml HTTP/2" 404 19260 "-" "Mozilla/5.0 AppleWebKit/537.36 (KHTML, like Gecko; compatible; bingbot/2.0; +http://www.bing.com/bingbot.htm) Chrome/116.0.1938.76 Safari/537.36"
185.191.171.5 - - [19/Jul/2026:02:40:39 -0600] "GET /robots.txt HTTP/1.1" 200 111 "-" "Mozilla/5.0 (compatible; SemrushBot/7~bl; +http://www.semrush.com/bot.html)"
185.191.171.15 - - [19/Jul/2026:02:40:50 -0600] "GET /product-tag/foam-prop/ HTTP/1.1" 301 0 "-" "Mozilla/5.0 (compatible; SemrushBot/7~bl; +http://www.semrush.com/bot.html)"
43.164.0.96 - - [19/Jul/2026:03:29:25 -0600] "GET / HTTP/1.1" 200 21707 "http://www.mattymcfun.com" "Mozilla/5.0 (iPhone; CPU iPhone OS 13_2_3 like Mac OS X) AppleWebKit/605.1.15 (KHTML, like Gecko) Version/13.0.3 Mobile/15E148 Safari/604.1"
103.115.196.57 - - [19/Jul/2026:03:50:55 -0600] "GET /feed/ HTTP/1.1" 403 72 "-" "Mozilla/5.0 (compatible; MSIE 5.0; Windows 98; Trident/5.0)"
54.91.145.97 - - [19/Jul/2026:03:48:35 -0600] "GET / HTTP/1.1" 200 21709 "-" "Screaming Frog SEO Spider/8.1"
2.76.12.217 - - [19/Jul/2026:03:50:56 -0600] "GET /xmlrpc.php?rsd HTTP/1.1" 200 296 "-" "Mozilla/5.0 (iPhone; CPU iPhone OS 17_4 like Mac OS X) AppleWebKit/532.0 (KHTML, like Gecko) CriOS/36.0.897.0 Mobile/83F918 Safari/532.0"
45.18.1.30 - - [19/Jul/2026:04:06:20 -0600] "GET /Clown-Shoe-Order-Form/ HTTP/2" 200 58342 "https://www.google.com/" "Mozilla/5.0 (Windows NT 10.0; Win64; x64) AppleWebKit/537.36 (KHTML, like Gecko) Chrome/149.0.0.0 Safari/537.36"
151.240.232.50 - - [19/Jul/2026:04:06:29 -0600] "GET /wp-content/uploads/astra-addon/astra-addon-68378b0ed5f7f7-07078132.css?ver=4.11.0 HTTP/2" 200 2401 "https://mattymcfun.com/Clown-Shoe-Order-Form/" "Mozilla/5.0 (Linux; Android 8.0; Pixel 2 Build/OPD3.170816.012) AppleWebKit/537.36 (KHTML, like Gecko) Chrome/57.0.2440.1246 Mobile Safari/537.36"
151.240.232.50 - - [19/Jul/2026:04:06:29 -0600] "GET /wp-content/uploads/elementor/css/post-1492.css?ver=1748471382 HTTP/2" 200 955 "https://mattymcfun.com/Clown-Shoe-Order-Form/" "Mozilla/5.0 (Linux; Android 8.0; Pixel 2 Build/OPD3.170816.012) AppleWebKit/537.36 (KHTML, like Gecko) Chrome/57.0.2440.1246 Mobile Safari/537.36"
151.240.232.50 - - [19/Jul/2026:04:06:29 -0600] "GET /wp-content/themes/astra/assets/css/minified/frontend.min.css?ver=4.13.6 HTTP/2" 200 9111 "https://mattymcfun.com/Clown-Shoe-Order-Form/" "Mozilla/5.0 (Linux; Android 8.0; Pixel 2 Build/OPD3.170816.012) AppleWebKit/537.36 (KHTML, like Gecko) Chrome/57.0.2440.1246 Mobile Safari/537.36"
151.240.232.50 - - [19/Jul/2026:04:06:29 -0600] "GET /wp-content/plugins/elementor/assets/css/frontend.min.css?ver=3.29.1 HTTP/2" 200 6472 "https://mattymcfun.com/Clown-Shoe-Order-Form/" "Mozilla/5.0 (Linux; Android 8.0; Pixel 2 Build/OPD3.170816.012) AppleWebKit/537.36 (KHTML, like Gecko) Chrome/57.0.2440.1246 Mobile Safari/537.36"
151.240.232.50 - - [19/Jul/2026:04:06:29 -0600] "GET /wp-content/plugins/elementor/assets/lib/font-awesome/css/brands.css?ver=5.15.3 HTTP/2" 200 296 "https://mattymcfun.com/Clown-Shoe-Order-Form/" "Mozilla/5.0 (Linux; Android 8.0; Pixel 2 Build/OPD3.170816.012) AppleWebKit/537.36 (KHTML, like Gecko) Chrome/57.0.2440.1246 Mobile Safari/537.36"
151.240.232.50 - - [19/Jul/2026:04:06:29 -0600] "GET /wp-content/uploads/elementor/google-fonts/css/robotoslab.css?ver=1742846213 HTTP/2" 200 711 "https://mattymcfun.com/Clown-Shoe-Order-Form/" "Mozilla/5.0 (Linux; Android 8.0; Pixel 2 Build/OPD3.170816.012) AppleWebKit/537.36 (KHTML, like Gecko) Chrome/57.0.2440.1246 Mobile Safari/537.36"
151.240.232.50 - - [19/Jul/2026:04:06:29 -0600] "GET /wp-content/plugins/elementor/assets/css/widget-image.min.css?ver=3.29.1 HTTP/2" 200 119 "https://mattymcfun.com/Clown-Shoe-Order-Form/" "Mozilla/5.0 (Linux; Android 8.0; Pixel 2 Build/OPD3.170816.012) AppleWebKit/537.36 (KHTML, like Gecko) Chrome/57.0.2440.1246 Mobile Safari/537.36"
151.240.232.50 - - [19/Jul/2026:04:06:29 -0600] "GET /wp-content/plugins/elementor/assets/css/conditionals/e-swiper.min.css?ver=3.29.1 HTTP/2" 200 699 "https://mattymcfun.com/Clown-Shoe-Order-Form/" "Mozilla/5.0 (Linux; Android 8.0; Pixel 2 Build/OPD3.170816.012) AppleWebKit/537.36 (KHTML, like Gecko) Chrome/57.0.2440.1246 Mobile Safari/537.36"
151.240.232.50 - - [19/Jul/2026:04:06:29 -0600] "GET /wp-content/plugins/elementor/assets/css/widget-social-icons.min.css?ver=3.24.0 HTTP/2" 200 1069 "https://mattymcfun.com/Clown-Shoe-Order-Form/" "Mozilla/5.0 (Linux; Android 8.0; Pixel 2 Build/OPD3.170816.012) AppleWebKit/537.36 (KHTML, like Gecko) Chrome/57.0.2440.1246 Mobile Safari/537.36"
151.240.232.50 - - [19/Jul/2026:04:06:29 -0600] "GET /wp-content/plugins/elementor-pro/assets/css/widget-gallery.min.css?ver=3.29.1 HTTP/2" 200 975 "https://mattymcfun.com/Clown-Shoe-Order-Form/" "Mozilla/5.0 (Linux; Android 8.0; Pixel 2 Build/OPD3.170816.012) AppleWebKit/537.36 (KHTML, like Gecko) Chrome/57.0.2440.1246 Mobile Safari/537.36"
151.240.232.50 - - [19/Jul/2026:04:06:29 -0600] "GET /wp-content/plugins/ultimate-elementor/assets/min-css/uael-frontend.min.css?ver=1.39.7 HTTP/2" 200 66781 "https://mattymcfun.com/Clown-Shoe-Order-Form/" "Mozilla/5.0 (Linux; Android 8.0; Pixel 2 Build/OPD3.170816.012) AppleWebKit/537.36 (KHTML, like Gecko) Chrome/57.0.2440.1246 Mobile Safari/537.36"
151.240.232.50 - - [19/Jul/2026:04:06:29 -0600] "GET /wp-content/uploads/elementor/google-fonts/css/roboto.css?ver=1742846207 HTTP/2" 200 1875 "https://mattymcfun.com/Clown-Shoe-Order-Form/" "Mozilla/5.0 (Linux; Android 8.0; Pixel 2 Build/OPD3.170816.012) AppleWebKit/537.36 (KHTML, like Gecko) Chrome/57.0.2440.1246 Mobile Safari/537.36"
151.240.232.50 - - [19/Jul/2026:04:06:29 -0600] "GET /wp-content/plugins/elementor/assets/lib/font-awesome/css/fontawesome.css?ver=5.15.3 HTTP/2" 200 12526 "https://mattymcfun.com/Clown-Shoe-Order-Form/" "Mozilla/5.0 (Linux; Android 8.0; Pixel 2 Build/OPD3.170816.012) AppleWebKit/537.36 (KHTML, like Gecko) Chrome/57.0.2440.1246 Mobile Safari/537.36"
151.240.232.50 - - [19/Jul/2026:04:06:29 -0600] "GET /wp-content/plugins/elementor/assets/css/widget-divider.min.css?ver=3.29.1 HTTP/2" 200 706 "https://mattymcfun.com/Clown-Shoe-Order-Form/" "Mozilla/5.0 (Linux; Android 8.0; Pixel 2 Build/OPD3.170816.012) AppleWebKit/537.36 (KHTML, like Gecko) Chrome/57.0.2440.1246 Mobile Safari/537.36"
151.240.232.50 - - [19/Jul/2026:04:06:29 -0600] "GET /wp-content/plugins/elementor/assets/lib/e-gallery/css/e-gallery.min.css?ver=1.2.0 HTTP/2" 200 746 "https://mattymcfun.com/Clown-Shoe-Order-Form/" "Mozilla/5.0 (Linux; Android 8.0; Pixel 2 Build/OPD3.170816.012) AppleWebKit/537.36 (KHTML, like Gecko) Chrome/57.0.2440.1246 Mobile Safari/537.36"
151.240.232.50 - - [19/Jul/2026:04:06:29 -0600] "GET /wp-content/uploads/elementor/css/post-23.css?ver=1748471142 HTTP/2" 200 344 "https://mattymcfun.com/Clown-Shoe-Order-Form/" "Mozilla/5.0 (Linux; Android 8.0; Pixel 2 Build/OPD3.170816.012) AppleWebKit/537.36 (KHTML, like Gecko) Chrome/57.0.2440.1246 Mobile Safari/537.36"
151.240.232.50 - - [19/Jul/2026:04:06:29 -0600] "GET /wp-content/plugins/elementor-pro/assets/css/conditionals/transitions.min.css?ver=3.29.1 HTTP/2" 200 599 "https://mattymcfun.com/Clown-Shoe-Order-Form/" "Mozilla/5.0 (Linux; Android 8.0; Pixel 2 Build/OPD3.170816.012) AppleWebKit/537.36 (KHTML, like Gecko) Chrome/57.0.2440.1246 Mobile Safari/537.36"
151.240.232.50 - - [19/Jul/2026:04:06:29 -0600] "GET /wp-content/plugins/elementor/assets/lib/font-awesome/css/solid.css?ver=5.15.3 HTTP/2" 200 296 "https://mattymcfun.com/Clown-Shoe-Order-Form/" "Mozilla/5.0 (Linux; Android 8.0; Pixel 2 Build/OPD3.170816.012) AppleWebKit/537.36 (KHTML, like Gecko) Chrome/57.0.2440.1246 Mobile Safari/537.36"
151.240.232.50 - - [19/Jul/2026:04:06:29 -0600] "GET /wp-content/plugins/elementor/assets/css/widget-heading.min.css?ver=3.29.1 HTTP/2" 200 154 "https://mattymcfun.com/Clown-Shoe-Order-Form/" "Mozilla/5.0 (Linux; Android 8.0; Pixel 2 Build/OPD3.170816.012) AppleWebKit/537.36 (KHTML, like Gecko) Chrome/57.0.2440.1246 Mobile Safari/537.36"
151.240.232.50 - - [19/Jul/2026:04:06:29 -0600] "GET /wp-content/plugins/elementor/assets/lib/swiper/v8/css/swiper.min.css?ver=8.4.5 HTTP/2" 200 4248 "https://mattymcfun.com/Clown-Shoe-Order-Form/" "Mozilla/5.0 (Linux; Android 8.0; Pixel 2 Build/OPD3.170816.012) AppleWebKit/537.36 (KHTML, like Gecko) Chrome/57.0.2440.1246 Mobile Safari/537.36"
151.240.232.50 - - [19/Jul/2026:04:06:29 -0600] "GET /wp-includes/js/jquery/jquery-migrate.min.js?ver=3.4.1 HTTP/2" 200 4678 "https://mattymcfun.com/Clown-Shoe-Order-Form/" "Mozilla/5.0 (Linux; Android 8.0; Pixel 2 Build/OPD3.170816.012) AppleWebKit/537.36 (KHTML, like Gecko) Chrome/57.0.2440.1246 Mobile Safari/537.36"
151.240.232.50 - - [19/Jul/2026:04:06:29 -0600] "GET /wp-includes/js/jquery/jquery.min.js?ver=3.7.1 HTTP/2" 200 29744 "https://mattymcfun.com/Clown-Shoe-Order-Form/" "Mozilla/5.0 (Linux; Android 8.0; Pixel 2 Build/OPD3.170816.012) AppleWebKit/537.36 (KHTML, like Gecko) Chrome/57.0.2440.1246 Mobile Safari/537.36"
151.240.232.50 - - [19/Jul/2026:04:06:33 -0600] "GET /wp-content/plugins/ws-form-pro/public/css/ws-form-public-button.min.css?ver=1.10.47 HTTP/2" 200 1131 "https://mattymcfun.com/Clown-Shoe-Order-Form/" "Mozilla/5.0 (Linux; Android 8.0; Pixel 2 Build/OPD3.170816.012) AppleWebKit/537.36 (KHTML, like Gecko) Chrome/57.0.2440.1246 Mobile Safari/537.36"
151.240.232.50 - - [19/Jul/2026:04:06:33 -0600] "GET /wp-content/plugins/ws-form-pro/public/css/ws-form-public-base.min.css?ver=1.10.47 HTTP/2" 200 5791 "https://mattymcfun.com/Clown-Shoe-Order-Form/" "Mozilla/5.0 (Linux; Android 8.0; Pixel 2 Build/OPD3.170816.012) AppleWebKit/537.36 (KHTML, like Gecko) Chrome/57.0.2440.1246 Mobile Safari/537.36"
151.240.232.50 - - [19/Jul/2026:04:06:33 -0600] "GET /wp-content/plugins/ws-form-pro/public/css/ws-form-public-select.min.css?ver=1.10.47 HTTP/2" 200 2041 "https://mattymcfun.com/Clown-Shoe-Order-Form/" "Mozilla/5.0 (Linux; Android 8.0; Pixel 2 Build/OPD3.170816.012) AppleWebKit/537.36 (KHTML, like Gecko) Chrome/57.0.2440.1246 Mobile Safari/537.36"
151.240.232.50 - - [19/Jul/2026:04:06:33 -0600] "GET /wp-content/plugins/ws-form-pro/public/css/ws-form-public-radio.min.css?ver=1.10.47 HTTP/2" 200 2335 "https://mattymcfun.com/Clown-Shoe-Order-Form/" "Mozilla/5.0 (Linux; Android 8.0; Pixel 2 Build/OPD3.170816.012) AppleWebKit/537.36 (KHTML, like Gecko) Chrome/57.0.2440.1246 Mobile Safari/537.36"
151.240.232.50 - - [19/Jul/2026:04:06:33 -0600] "GET /wp-content/plugins/ws-form-pro/public/css/ws-form-public-file.min.css?ver=1.10.47 HTTP/2" 200 976 "https://mattymcfun.com/Clown-Shoe-Order-Form/" "Mozilla/5.0 (Linux; Android 8.0; Pixel 2 Build/OPD3.170816.012) AppleWebKit/537.36 (KHTML, like Gecko) Chrome/57.0.2440.1246 Mobile Safari/537.36"
151.240.232.50 - - [19/Jul/2026:04:06:33 -0600] "GET /wp-content/plugins/ws-form-pro/public/css/ws-form-public-textarea.min.css?ver=1.10.47 HTTP/2" 200 201 "https://mattymcfun.com/Clown-Shoe-Order-Form/" "Mozilla/5.0 (Linux; Android 8.0; Pixel 2 Build/OPD3.170816.012) AppleWebKit/537.36 (KHTML, like Gecko) Chrome/57.0.2440.1246 Mobile Safari/537.36"
151.240.232.50 - - [19/Jul/2026:04:06:33 -0600] "GET /wp-content/uploads/2024/03/Shoe-Lengths-1-300x180.jpg HTTP/2" 206 500 "https://mattymcfun.com/Clown-Shoe-Order-Form/" "Mozilla/5.0 (Linux; Android 8.0; Pixel 2 Build/OPD3.170816.012) AppleWebKit/537.36 (KHTML, like Gecko) Chrome/57.0.2440.1246 Mobile Safari/537.36"
151.240.232.50 - - [19/Jul/2026:04:06:37 -0600] "GET /wp-content/plugins/ws-form-pro/public/js/ws-form-public-ecommerce.min.js?ver=1.10.47 HTTP/2" 200 1984 "https://mattymcfun.com/Clown-Shoe-Order-Form/" "Mozilla/5.0 (Linux; Android 8.0; Pixel 2 Build/OPD3.170816.012) AppleWebKit/537.36 (KHTML, like Gecko) Chrome/57.0.2440.1246 Mobile Safari/537.36"
151.240.232.50 - - [19/Jul/2026:04:06:37 -0600] "GET /wp-content/themes/astra/assets/js/minified/frontend.min.js?ver=4.13.6 HTTP/2" 200 5693 "https://mattymcfun.com/Clown-Shoe-Order-Form/" "Mozilla/5.0 (Linux; Android 8.0; Pixel 2 Build/OPD3.170816.012) AppleWebKit/537.36 (KHTML, like Gecko) Chrome/57.0.2440.1246 Mobile Safari/537.36"
151.240.232.50 - - [19/Jul/2026:04:06:37 -0600] "GET /wp-content/plugins/ws-form-pro/shared/js/ws-form.min.js?ver=1.10.47 HTTP/2" 200 28956 "https://mattymcfun.com/Clown-Shoe-Order-Form/" "Mozilla/5.0 (Linux; Android 8.0; Pixel 2 Build/OPD3.170816.012) AppleWebKit/537.36 (KHTML, like Gecko) Chrome/57.0.2440.1246 Mobile Safari/537.36"
151.240.232.50 - - [19/Jul/2026:04:06:37 -0600] "GET /wp-content/uploads/2024/01/cropped-Matty-McFun-Shoes-Logo-200x212.png HTTP/2" 206 500 "https://mattymcfun.com/Clown-Shoe-Order-Form/" "Mozilla/5.0 (Linux; Android 8.0; Pixel 2 Build/OPD3.170816.012) AppleWebKit/537.36 (KHTML, like Gecko) Chrome/57.0.2440.1246 Mobile Safari/537.36"
151.240.232.50 - - [19/Jul/2026:04:06:37 -0600] "GET /wp-content/uploads/2024/03/Ankle-Heights-1-300x180.jpg HTTP/2" 206 500 "https://mattymcfun.com/Clown-Shoe-Order-Form/" "Mozilla/5.0 (Linux; Android 8.0; Pixel 2 Build/OPD3.170816.012) AppleWebKit/537.36 (KHTML, like Gecko) Chrome/57.0.2440.1246 Mobile Safari/537.36"
151.240.232.50 - - [19/Jul/2026:04:06:37 -0600] "GET /wp-content/plugins/astra-addon/assets/js/minified/purify.min.js?ver=4.11.0 HTTP/2" 200 8193 "https://mattymcfun.com/Clown-Shoe-Order-Form/" "Mozilla/5.0 (Linux; Android 8.0; Pixel 2 Build/OPD3.170816.012) AppleWebKit/537.36 (KHTML, like Gecko) Chrome/57.0.2440.1246 Mobile Safari/537.36"
151.240.232.50 - - [19/Jul/2026:04:06:37 -0600] "GET /wp-content/uploads/astra-addon/astra-addon-68378b0ed65030-04002665.js?ver=4.11.0 HTTP/2" 200 2596 "https://mattymcfun.com/Clown-Shoe-Order-Form/" "Mozilla/5.0 (Linux; Android 8.0; Pixel 2 Build/OPD3.170816.012) AppleWebKit/537.36 (KHTML, like Gecko) Chrome/57.0.2440.1246 Mobile Safari/537.36"
151.240.232.50 - - [19/Jul/2026:04:06:37 -0600] "GET /wp-content/plugins/elementor/assets/js/frontend-modules.min.js?ver=3.29.1 HTTP/2" 200 14423 "https://mattymcfun.com/Clown-Shoe-Order-Form/" "Mozilla/5.0 (Linux; Android 8.0; Pixel 2 Build/OPD3.170816.012) AppleWebKit/537.36 (KHTML, like Gecko) Chrome/57.0.2440.1246 Mobile Safari/537.36"
151.240.232.50 - - [19/Jul/2026:04:06:45 -0600] "GET /wp-content/plugins/elementor/assets/js/webpack.runtime.min.js?ver=3.29.1 HTTP/2" 200 2320 "https://mattymcfun.com/Clown-Shoe-Order-Form/" "Mozilla/5.0 (Linux; Android 8.0; Pixel 2 Build/OPD3.170816.012) AppleWebKit/537.36 (KHTML, like Gecko) Chrome/57.0.2440.1246 Mobile Safari/537.36"
151.240.232.50 - - [19/Jul/2026:04:06:45 -0600] "GET /wp-content/plugins/elementor/assets/js/frontend.min.js?ver=3.29.1 HTTP/2" 200 10288 "https://mattymcfun.com/Clown-Shoe-Order-Form/" "Mozilla/5.0 (Linux; Android 8.0; Pixel 2 Build/OPD3.170816.012) AppleWebKit/537.36 (KHTML, like Gecko) Chrome/57.0.2440.1246 Mobile Safari/537.36"
151.240.232.50 - - [19/Jul/2026:04:06:45 -0600] "GET /wp-includes/js/jquery/ui/core.min.js?ver=1.13.3 HTTP/2" 200 6812 "https://mattymcfun.com/Clown-Shoe-Order-Form/" "Mozilla/5.0 (Linux; Android 8.0; Pixel 2 Build/OPD3.170816.012) AppleWebKit/537.36 (KHTML, like Gecko) Chrome/57.0.2440.1246 Mobile Safari/537.36"
151.240.232.50 - - [19/Jul/2026:04:06:45 -0600] "GET /wp-content/plugins/elementor/assets/lib/e-gallery/js/e-gallery.min.js?ver=1.2.0 HTTP/2" 200 4434 "https://mattymcfun.com/Clown-Shoe-Order-Form/" "Mozilla/5.0 (Linux; Android 8.0; Pixel 2 Build/OPD3.170816.012) AppleWebKit/537.36 (KHTML, like Gecko) Chrome/57.0.2440.1246 Mobile Safari/537.36"
151.240.232.50 - - [19/Jul/2026:04:06:45 -0600] "GET /wp-content/plugins/elementor/assets/lib/swiper/v8/swiper.min.js?ver=8.4.5 HTTP/2" 200 38152 "https://mattymcfun.com/Clown-Shoe-Order-Form/" "Mozilla/5.0 (Linux; Android 8.0; Pixel 2 Build/OPD3.170816.012) AppleWebKit/537.36 (KHTML, like Gecko) Chrome/57.0.2440.1246 Mobile Safari/537.36"
151.240.232.50 - - [19/Jul/2026:04:06:45 -0600] "GET /wp-includes/js/jquery/ui/mouse.min.js?ver=1.13.3 HTTP/2" 200 1012 "https://mattymcfun.com/Clown-Shoe-Order-Form/" "Mozilla/5.0 (Linux; Android 8.0; Pixel 2 Build/OPD3.170816.012) AppleWebKit/537.36 (KHTML, like Gecko) Chrome/57.0.2440.1246 Mobile Safari/537.36"
151.240.232.50 - - [19/Jul/2026:04:06:45 -0600] "GET /wp-content/plugins/ws-form-pro/public/js/external/jquery.inputmask.min.js?ver=5.0.7 HTTP/2" 200 28644 "https://mattymcfun.com/Clown-Shoe-Order-Form/" "Mozilla/5.0 (Linux; Android 8.0; Pixel 2 Build/OPD3.170816.012) AppleWebKit/537.36 (KHTML, like Gecko) Chrome/57.0.2440.1246 Mobile Safari/537.36"
151.240.232.50 - - [19/Jul/2026:04:06:48 -0600] "GET /wp-includes/js/jquery/jquery.ui.touch-punch.js?ver=0.2.2 HTTP/2" 200 509 "https://mattymcfun.com/Clown-Shoe-Order-Form/" "Mozilla/5.0 (Linux; Android 8.0; Pixel 2 Build/OPD3.170816.012) AppleWebKit/537.36 (KHTML, like Gecko) Chrome/57.0.2440.1246 Mobile Safari/537.36"
151.240.232.50 - - [19/Jul/2026:04:06:48 -0600] "GET /wp-includes/js/jquery/ui/sortable.min.js?ver=1.13.3 HTTP/2" 200 6358 "https://mattymcfun.com/Clown-Shoe-Order-Form/" "Mozilla/5.0 (Linux; Android 8.0; Pixel 2 Build/OPD3.170816.012) AppleWebKit/537.36 (KHTML, like Gecko) Chrome/57.0.2440.1246 Mobile Safari/537.36"
151.240.232.50 - - [19/Jul/2026:04:06:48 -0600] "GET /wp-content/plugins/ws-form-pro/public/js/ws-form-public-radio.min.js?ver=1.10.47 HTTP/2" 200 269 "https://mattymcfun.com/Clown-Shoe-Order-Form/" "Mozilla/5.0 (Linux; Android 8.0; Pixel 2 Build/OPD3.170816.012) AppleWebKit/537.36 (KHTML, like Gecko) Chrome/57.0.2440.1246 Mobile Safari/537.36"
151.240.232.50 - - [19/Jul/2026:04:06:48 -0600] "GET /wp-content/plugins/ws-form-pro/public/js/external/dropzone.min.js?ver=5.7.6 HTTP/2" 200 35609 "https://mattymcfun.com/Clown-Shoe-Order-Form/" "Mozilla/5.0 (Linux; Android 8.0; Pixel 2 Build/OPD3.170816.012) AppleWebKit/537.36 (KHTML, like Gecko) Chrome/57.0.2440.1246 Mobile Safari/537.36"
151.240.232.50 - - [19/Jul/2026:04:06:48 -0600] "GET /wp-content/plugins/ws-form-pro/public/js/ws-form-public-conditional.min.js?ver=1.10.47 HTTP/2" 200 8789 "https://mattymcfun.com/Clown-Shoe-Order-Form/" "Mozilla/5.0 (Linux; Android 8.0; Pixel 2 Build/OPD3.170816.012) AppleWebKit/537.36 (KHTML, like Gecko) Chrome/57.0.2440.1246 Mobile Safari/537.36"
151.240.232.50 - - [19/Jul/2026:04:06:49 -0600] "GET /wp-content/plugins/ws-form-pro/public/js/ws-form-public-select.min.js?ver=1.10.47 HTTP/2" 200 1673 "https://mattymcfun.com/Clown-Shoe-Order-Form/" "Mozilla/5.0 (Linux; Android 8.0; Pixel 2 Build/OPD3.170816.012) AppleWebKit/537.36 (KHTML, like Gecko) Chrome/57.0.2440.1246 Mobile Safari/537.36"
151.240.232.50 - - [19/Jul/2026:04:06:52 -0600] "GET /wp-content/plugins/ws-form-pro/public/js/ws-form-public.min.js?ver=1.10.47 HTTP/2" 200 14222 "https://mattymcfun.com/Clown-Shoe-Order-Form/" "Mozilla/5.0 (Linux; Android 8.0; Pixel 2 Build/OPD3.170816.012) AppleWebKit/537.36 (KHTML, like Gecko) Chrome/57.0.2440.1246 Mobile Safari/537.36"
151.240.232.50 - - [19/Jul/2026:04:06:52 -0600] "GET /wp-content/plugins/ws-form-pro/public/js/ws-form-public-file.min.js?ver=1.10.47 HTTP/2" 200 3650 "https://mattymcfun.com/Clown-Shoe-Order-Form/" "Mozilla/5.0 (Linux; Android 8.0; Pixel 2 Build/OPD3.170816.012) AppleWebKit/537.36 (KHTML, like Gecko) Chrome/57.0.2440.1246 Mobile Safari/537.36"
151.240.232.50 - - [19/Jul/2026:04:06:52 -0600] "GET /wp-content/plugins/elementor-pro/assets/js/webpack-pro.runtime.min.js?ver=3.29.1 HTTP/2" 200 2618 "https://mattymcfun.com/Clown-Shoe-Order-Form/" "Mozilla/5.0 (Linux; Android 8.0; Pixel 2 Build/OPD3.170816.012) AppleWebKit/537.36 (KHTML, like Gecko) Chrome/57.0.2440.1246 Mobile Safari/537.36"
151.240.232.50 - - [19/Jul/2026:04:06:52 -0600] "GET /wp-content/plugins/ws-form-pro/public/js/ws-form-public-styler-scheme.min.js?ver=1.10.47 HTTP/2" 200 605 "https://mattymcfun.com/Clown-Shoe-Order-Form/" "Mozilla/5.0 (Linux; Android 8.0; Pixel 2 Build/OPD3.170816.012) AppleWebKit/537.36 (KHTML, like Gecko) Chrome/57.0.2440.1246 Mobile Safari/537.36"
151.240.232.50 - - [19/Jul/2026:04:06:52 -0600] "GET /wp-includes/js/dist/i18n.min.js?ver=781d11515ad3d91786ec HTTP/2" 200 2354 "https://mattymcfun.com/Clown-Shoe-Order-Form/" "Mozilla/5.0 (Linux; Android 8.0; Pixel 2 Build/OPD3.170816.012) AppleWebKit/537.36 (KHTML, like Gecko) Chrome/57.0.2440.1246 Mobile Safari/537.36"
151.240.232.50 - - [19/Jul/2026:04:06:54 -0600] "GET /wp-includes/js/dist/hooks.min.js?ver=7496969728ca0f95732d HTTP/2" 200 1734 "https://mattymcfun.com/Clown-Shoe-Order-Form/" "Mozilla/5.0 (Linux; Android 8.0; Pixel 2 Build/OPD3.170816.012) AppleWebKit/537.36 (KHTML, like Gecko) Chrome/57.0.2440.1246 Mobile Safari/537.36"
151.240.232.50 - - [19/Jul/2026:04:06:54 -0600] "GET /wp-content/plugins/elementor-pro/assets/js/frontend.min.js?ver=3.29.1 HTTP/2" 200 6279 "https://mattymcfun.com/Clown-Shoe-Order-Form/" "Mozilla/5.0 (Linux; Android 8.0; Pixel 2 Build/OPD3.170816.012) AppleWebKit/537.36 (KHTML, like Gecko) Chrome/57.0.2440.1246 Mobile Safari/537.36"
151.240.232.50 - - [19/Jul/2026:04:06:54 -0600] "GET /wp-content/plugins/elementor-pro/assets/js/elements-handlers.min.js?ver=3.29.1 HTTP/2" 200 10221 "https://mattymcfun.com/Clown-Shoe-Order-Form/" "Mozilla/5.0 (Linux; Android 8.0; Pixel 2 Build/OPD3.170816.012) AppleWebKit/537.36 (KHTML, like Gecko) Chrome/57.0.2440.1246 Mobile Safari/537.36"
151.240.232.50 - - [19/Jul/2026:04:06:54 -0600] "GET /wp-content/uploads/2024/02/Toe-Width-Comparisons-283x300.png HTTP/2" 206 500 "https://mattymcfun.com/Clown-Shoe-Order-Form/" "Mozilla/5.0 (Linux; Android 8.0; Pixel 2 Build/OPD3.170816.012) AppleWebKit/537.36 (KHTML, like Gecko) Chrome/57.0.2440.1246 Mobile Safari/537.36"
198.175.150.9 - - [19/Jul/2026:04:06:27 -0600] "POST /wp-cron.php?doing_wp_cron=1784455587.0230650901794433593750 HTTP/1.1" 200 0 "-" "WordPress/7.0.2; https://mattymcfun.com"
198.175.150.9 - - [19/Jul/2026:04:12:50 -0600] "POST /wp-cron.php?doing_wp_cron=1784455969.9349000453948974609375 HTTP/1.1" 200 0 "-" "WordPress/7.0.2; https://mattymcfun.com"
40.77.167.22 - - [19/Jul/2026:04:12:46 -0600] "GET /wp-sitemap-users-1.xml HTTP/2" 200 169 "-" "Mozilla/5.0 AppleWebKit/537.36 (KHTML, like Gecko; compatible; bingbot/2.0; +http://www.bing.com/bingbot.htm) Chrome/116.0.1938.76 Safari/537.36"
52.167.144.232 - - [19/Jul/2026:04:20:30 -0600] "GET /sitemap.xml HTTP/2" 301 0 "-" "Mozilla/5.0 AppleWebKit/537.36 (KHTML, like Gecko; compatible; bingbot/2.0; +http://www.bing.com/bingbot.htm) Chrome/116.0.1938.76 Safari/537.36"
198.175.150.9 - - [19/Jul/2026:04:20:43 -0600] "POST /wp-cron.php?doing_wp_cron=1784456443.6140570640563964843750 HTTP/1.1" 200 0 "-" "WordPress/7.0.2; https://mattymcfun.com"
52.167.144.232 - - [19/Jul/2026:04:20:39 -0600] "GET /wp-sitemap.xml HTTP/2" 200 194 "-" "Mozilla/5.0 AppleWebKit/537.36 (KHTML, like Gecko; compatible; bingbot/2.0; +http://www.bing.com/bingbot.htm) Chrome/116.0.1938.76 Safari/537.36"
85.208.96.209 - - [19/Jul/2026:04:27:09 -0600] "GET /robots.txt HTTP/1.1" 200 111 "-" "Mozilla/5.0 (compatible; SemrushBot/7~bl; +http://www.semrush.com/bot.html)"
198.175.150.9 - - [19/Jul/2026:04:27:12 -0600] "POST /wp-cron.php?doing_wp_cron=1784456832.0248570442199707031250 HTTP/1.1" 200 0 "-" "WordPress/7.0.2; https://mattymcfun.com"
85.208.96.198 - - [19/Jul/2026:04:27:12 -0600] "GET /product-tag/confetti/ HTTP/1.1" 301 0 "-" "Mozilla/5.0 (compatible; SemrushBot/7~bl; +http://www.semrush.com/bot.html)"
198.175.150.9 - - [19/Jul/2026:04:20:34 -0600] "POST /wp-cron.php?doing_wp_cron=1784456434.4115738868713378906250 HTTP/1.1" 200 0 "-" "WordPress/7.0.2; https://mattymcfun.com"
198.175.150.9 - - [19/Jul/2026:04:33:32 -0600] "POST /wp-cron.php?doing_wp_cron=1784457212.8563559055328369140625 HTTP/1.1" 200 0 "-" "WordPress/7.0.2; https://mattymcfun.com"
40.77.167.48 - - [19/Jul/2026:04:33:31 -0600] "GET /wp-sitemap.xml HTTP/2" 200 194 "-" "Mozilla/5.0 AppleWebKit/537.36 (KHTML, like Gecko; compatible; bingbot/2.0; +http://www.bing.com/bingbot.htm) Chrome/116.0.1938.76 Safari/537.36"
198.175.150.9 - - [19/Jul/2026:05:28:53 -0600] "POST /wp-cron.php?doing_wp_cron=1784460533.5238831043243408203125 HTTP/1.1" 200 0 "-" "WordPress/7.0.2; https://mattymcfun.com"
198.175.150.9 - - [19/Jul/2026:05:28:52 -0600] "POST /wp-cron.php?doing_wp_cron=1784460532.3056631088256835937500 HTTP/1.1" 200 0 "-" "WordPress/7.0.2; https://mattymcfun.com"
198.175.150.9 - - [19/Jul/2026:05:28:52 -0600] "POST /wp-cron.php?doing_wp_cron=1784460532.3502709865570068359375 HTTP/1.1" 200 0 "-" "WordPress/7.0.2; https://mattymcfun.com"
52.167.144.204 - - [19/Jul/2026:05:28:46 -0600] "GET /wp-content/uploads/2020/11/about-01-free-img.jpg HTTP/2" 404 19189 "-" "Mozilla/5.0 AppleWebKit/537.36 (KHTML, like Gecko; compatible; bingbot/2.0; +http://www.bing.com/bingbot.htm) Chrome/116.0.1938.76 Safari/537.36"
96.63.215.49 - - [19/Jul/2026:05:44:59 -0600] "GET /favicon.ico HTTP/2" 404 4980 "https://mattymcfun.com/fun-slapstick-products-2/" "Mozilla/5.0 (Windows NT 10.0; Win64; x64) AppleWebKit/537.36 (KHTML, like Gecko) Chrome/149.0.0.0 Safari/537.36 OPR/133.0.0.0"
198.175.150.9 - - [19/Jul/2026:06:07:45 -0600] "POST /wp-cron.php?doing_wp_cron=1784462864.9918060302734375000000 HTTP/1.1" 200 0 "-" "WordPress/7.0.2; https://mattymcfun.com"
96.63.215.49 - - [19/Jul/2026:06:07:33 -0600] "GET /fun-slapstick-products-2/ HTTP/2" 200 21982 "https://mattymcfun.com/fun-slapstick-products-2/" "Mozilla/5.0 (Windows NT 10.0; Win64; x64) AppleWebKit/537.36 (KHTML, like Gecko) Chrome/149.0.0.0 Safari/537.36 OPR/133.0.0.0"
96.63.215.49 - - [19/Jul/2026:06:08:03 -0600] "GET /wp-content/plugins/elementor/assets/lib/font-awesome/css/brands.css?ver=5.15.3 HTTP/2" 200 296 "https://mattymcfun.com/fun-slapstick-products-2/" "Mozilla/5.0 (Windows NT 10.0; Win64; x64) AppleWebKit/537.36 (KHTML, like Gecko) Chrome/149.0.0.0 Safari/537.36 OPR/133.0.0.0"
96.63.215.49 - - [19/Jul/2026:06:08:03 -0600] "GET /wp-content/plugins/elementor/assets/lib/font-awesome/css/fontawesome.css?ver=5.15.3 HTTP/2" 200 12526 "https://mattymcfun.com/fun-slapstick-products-2/" "Mozilla/5.0 (Windows NT 10.0; Win64; x64) AppleWebKit/537.36 (KHTML, like Gecko) Chrome/149.0.0.0 Safari/537.36 OPR/133.0.0.0"
96.63.215.49 - - [19/Jul/2026:06:08:08 -0600] "GET /wp-content/plugins/elementor/assets/lib/font-awesome/css/solid.css?ver=5.15.3 HTTP/2" 200 296 "https://mattymcfun.com/fun-slapstick-products-2/" "Mozilla/5.0 (Windows NT 10.0; Win64; x64) AppleWebKit/537.36 (KHTML, like Gecko) Chrome/149.0.0.0 Safari/537.36 OPR/133.0.0.0"
96.63.215.49 - - [19/Jul/2026:06:08:08 -0600] "GET /wp-content/plugins/elementor/assets/css/widget-heading.min.css?ver=3.29.1 HTTP/2" 200 154 "https://mattymcfun.com/fun-slapstick-products-2/" "Mozilla/5.0 (Windows NT 10.0; Win64; x64) AppleWebKit/537.36 (KHTML, like Gecko) Chrome/149.0.0.0 Safari/537.36 OPR/133.0.0.0"
96.63.215.49 - - [19/Jul/2026:06:08:08 -0600] "GET /wp-content/plugins/elementor/assets/css/widget-divider.min.css?ver=3.29.1 HTTP/2" 200 706 "https://mattymcfun.com/fun-slapstick-products-2/" "Mozilla/5.0 (Windows NT 10.0; Win64; x64) AppleWebKit/537.36 (KHTML, like Gecko) Chrome/149.0.0.0 Safari/537.36 OPR/133.0.0.0"
96.63.215.49 - - [19/Jul/2026:06:08:16 -0600] "GET /wp-content/uploads/elementor/css/post-2216.css?ver=1748473890 HTTP/2" 200 561 "https://mattymcfun.com/fun-slapstick-products-2/" "Mozilla/5.0 (Windows NT 10.0; Win64; x64) AppleWebKit/537.36 (KHTML, like Gecko) Chrome/149.0.0.0 Safari/537.36 OPR/133.0.0.0"
96.63.215.49 - - [19/Jul/2026:06:08:16 -0600] "GET /wp-content/uploads/elementor/google-fonts/css/roboto.css?ver=1742846207 HTTP/2" 200 1875 "https://mattymcfun.com/fun-slapstick-products-2/" "Mozilla/5.0 (Windows NT 10.0; Win64; x64) AppleWebKit/537.36 (KHTML, like Gecko) Chrome/149.0.0.0 Safari/537.36 OPR/133.0.0.0"
96.63.215.49 - - [19/Jul/2026:06:08:18 -0600] "GET /wp-content/uploads/elementor/google-fonts/css/robotoslab.css?ver=1742846213 HTTP/2" 200 711 "https://mattymcfun.com/fun-slapstick-products-2/" "Mozilla/5.0 (Windows NT 10.0; Win64; x64) AppleWebKit/537.36 (KHTML, like Gecko) Chrome/149.0.0.0 Safari/537.36 OPR/133.0.0.0"
96.63.215.49 - - [19/Jul/2026:06:08:23 -0600] "GET /wp-includes/js/jquery/jquery.min.js?ver=3.7.1 HTTP/2" 200 29744 "https://mattymcfun.com/fun-slapstick-products-2/" "Mozilla/5.0 (Windows NT 10.0; Win64; x64) AppleWebKit/537.36 (KHTML, like Gecko) Chrome/149.0.0.0 Safari/537.36 OPR/133.0.0.0"
96.63.215.49 - - [19/Jul/2026:06:08:23 -0600] "GET /wp-includes/js/jquery/jquery-migrate.min.js?ver=3.4.1 HTTP/2" 200 4678 "https://mattymcfun.com/fun-slapstick-products-2/" "Mozilla/5.0 (Windows NT 10.0; Win64; x64) AppleWebKit/537.36 (KHTML, like Gecko) Chrome/149.0.0.0 Safari/537.36 OPR/133.0.0.0"
96.63.215.49 - - [19/Jul/2026:06:08:23 -0600] "GET /wp-content/uploads/2024/01/cropped-Matty-McFun-Shoes-Logo-200x212.png HTTP/2" 200 45334 "https://mattymcfun.com/fun-slapstick-products-2/" "Mozilla/5.0 (Windows NT 10.0; Win64; x64) AppleWebKit/537.36 (KHTML, like Gecko) Chrome/149.0.0.0 Safari/537.36 OPR/133.0.0.0"
96.63.215.49 - - [19/Jul/2026:06:08:24 -0600] "GET /wp-content/themes/astra/assets/js/minified/frontend.min.js?ver=4.13.6 HTTP/2" 200 5693 "https://mattymcfun.com/fun-slapstick-products-2/" "Mozilla/5.0 (Windows NT 10.0; Win64; x64) AppleWebKit/537.36 (KHTML, like Gecko) Chrome/149.0.0.0 Safari/537.36 OPR/133.0.0.0"
96.63.215.49 - - [19/Jul/2026:06:08:32 -0600] "GET /wp-content/uploads/astra-addon/astra-addon-68378b0ed65030-04002665.js?ver=4.11.0 HTTP/2" 200 2596 "https://mattymcfun.com/fun-slapstick-products-2/" "Mozilla/5.0 (Windows NT 10.0; Win64; x64) AppleWebKit/537.36 (KHTML, like Gecko) Chrome/149.0.0.0 Safari/537.36 OPR/133.0.0.0"
96.63.215.49 - - [19/Jul/2026:06:08:32 -0600] "GET /wp-content/plugins/elementor/assets/js/webpack.runtime.min.js?ver=3.29.1 HTTP/2" 200 2320 "https://mattymcfun.com/fun-slapstick-products-2/" "Mozilla/5.0 (Windows NT 10.0; Win64; x64) AppleWebKit/537.36 (KHTML, like Gecko) Chrome/149.0.0.0 Safari/537.36 OPR/133.0.0.0"
96.63.215.49 - - [19/Jul/2026:06:08:32 -0600] "GET /wp-content/plugins/astra-addon/assets/js/minified/purify.min.js?ver=4.11.0 HTTP/2" 200 8193 "https://mattymcfun.com/fun-slapstick-products-2/" "Mozilla/5.0 (Windows NT 10.0; Win64; x64) AppleWebKit/537.36 (KHTML, like Gecko) Chrome/149.0.0.0 Safari/537.36 OPR/133.0.0.0"
96.63.215.49 - - [19/Jul/2026:06:08:38 -0600] "GET /wp-content/plugins/elementor/assets/js/frontend-modules.min.js?ver=3.29.1 HTTP/2" 200 14423 "https://mattymcfun.com/fun-slapstick-products-2/" "Mozilla/5.0 (Windows NT 10.0; Win64; x64) AppleWebKit/537.36 (KHTML, like Gecko) Chrome/149.0.0.0 Safari/537.36 OPR/133.0.0.0"
96.63.215.49 - - [19/Jul/2026:06:08:39 -0600] "GET /wp-includes/js/jquery/ui/core.min.js?ver=1.13.3 HTTP/2" 200 6812 "https://mattymcfun.com/fun-slapstick-products-2/" "Mozilla/5.0 (Windows NT 10.0; Win64; x64) AppleWebKit/537.36 (KHTML, like Gecko) Chrome/149.0.0.0 Safari/537.36 OPR/133.0.0.0"
96.63.215.49 - - [19/Jul/2026:06:08:53 -0600] "GET /wp-content/plugins/elementor-pro/assets/js/webpack-pro.runtime.min.js?ver=3.29.1 HTTP/2" 200 2618 "https://mattymcfun.com/fun-slapstick-products-2/" "Mozilla/5.0 (Windows NT 10.0; Win64; x64) AppleWebKit/537.36 (KHTML, like Gecko) Chrome/149.0.0.0 Safari/537.36 OPR/133.0.0.0"
96.63.215.49 - - [19/Jul/2026:06:08:53 -0600] "GET /wp-includes/js/dist/hooks.min.js?ver=7496969728ca0f95732d HTTP/2" 200 1734 "https://mattymcfun.com/fun-slapstick-products-2/" "Mozilla/5.0 (Windows NT 10.0; Win64; x64) AppleWebKit/537.36 (KHTML, like Gecko) Chrome/149.0.0.0 Safari/537.36 OPR/133.0.0.0"
96.63.215.49 - - [19/Jul/2026:06:08:53 -0600] "GET /wp-content/plugins/elementor/assets/js/frontend.min.js?ver=3.29.1 HTTP/2" 200 10288 "https://mattymcfun.com/fun-slapstick-products-2/" "Mozilla/5.0 (Windows NT 10.0; Win64; x64) AppleWebKit/537.36 (KHTML, like Gecko) Chrome/149.0.0.0 Safari/537.36 OPR/133.0.0.0"
96.63.215.49 - - [19/Jul/2026:06:09:01 -0600] "GET /wp-includes/js/dist/i18n.min.js?ver=781d11515ad3d91786ec HTTP/2" 200 2354 "https://mattymcfun.com/fun-slapstick-products-2/" "Mozilla/5.0 (Windows NT 10.0; Win64; x64) AppleWebKit/537.36 (KHTML, like Gecko) Chrome/149.0.0.0 Safari/537.36 OPR/133.0.0.0"
96.63.215.49 - - [19/Jul/2026:06:09:01 -0600] "GET /wp-content/plugins/elementor-pro/assets/js/frontend.min.js?ver=3.29.1 HTTP/2" 200 6279 "https://mattymcfun.com/fun-slapstick-products-2/" "Mozilla/5.0 (Windows NT 10.0; Win64; x64) AppleWebKit/537.36 (KHTML, like Gecko) Chrome/149.0.0.0 Safari/537.36 OPR/133.0.0.0"
96.63.215.49 - - [19/Jul/2026:06:09:01 -0600] "GET /wp-content/plugins/elementor-pro/assets/js/elements-handlers.min.js?ver=3.29.1 HTTP/2" 200 10221 "https://mattymcfun.com/fun-slapstick-products-2/" "Mozilla/5.0 (Windows NT 10.0; Win64; x64) AppleWebKit/537.36 (KHTML, like Gecko) Chrome/149.0.0.0 Safari/537.36 OPR/133.0.0.0"
96.63.215.49 - - [19/Jul/2026:06:07:46 -0600] "GET /wp-content/themes/astra/assets/css/minified/frontend.min.css?ver=4.13.6 HTTP/2" 200 9111 "https://mattymcfun.com/fun-slapstick-products-2/" "Mozilla/5.0 (Windows NT 10.0; Win64; x64) AppleWebKit/537.36 (KHTML, like Gecko) Chrome/149.0.0.0 Safari/537.36 OPR/133.0.0.0"
96.63.215.49 - - [19/Jul/2026:06:07:46 -0600] "GET /wp-content/uploads/astra-addon/astra-addon-68378b0ed5f7f7-07078132.css?ver=4.11.0 HTTP/2" 200 2401 "https://mattymcfun.com/fun-slapstick-products-2/" "Mozilla/5.0 (Windows NT 10.0; Win64; x64) AppleWebKit/537.36 (KHTML, like Gecko) Chrome/149.0.0.0 Safari/537.36 OPR/133.0.0.0"
96.63.215.49 - - [19/Jul/2026:06:07:51 -0600] "GET /wp-content/uploads/elementor/css/post-23.css?ver=1748471142 HTTP/2" 200 344 "https://mattymcfun.com/fun-slapstick-products-2/" "Mozilla/5.0 (Windows NT 10.0; Win64; x64) AppleWebKit/537.36 (KHTML, like Gecko) Chrome/149.0.0.0 Safari/537.36 OPR/133.0.0.0"
96.63.215.49 - - [19/Jul/2026:06:07:51 -0600] "GET /wp-content/plugins/elementor/assets/css/frontend.min.css?ver=3.29.1 HTTP/2" 200 6472 "https://mattymcfun.com/fun-slapstick-products-2/" "Mozilla/5.0 (Windows NT 10.0; Win64; x64) AppleWebKit/537.36 (KHTML, like Gecko) Chrome/149.0.0.0 Safari/537.36 OPR/133.0.0.0"
96.63.215.49 - - [19/Jul/2026:06:07:54 -0600] "GET /wp-content/plugins/ultimate-elementor/assets/min-css/uael-frontend.min.css?ver=1.39.7 HTTP/2" 200 66781 "https://mattymcfun.com/fun-slapstick-products-2/" "Mozilla/5.0 (Windows NT 10.0; Win64; x64) AppleWebKit/537.36 (KHTML, like Gecko) Chrome/149.0.0.0 Safari/537.36 OPR/133.0.0.0"
96.63.215.49 - - [19/Jul/2026:06:08:00 -0600] "GET /wp-content/plugins/elementor/assets/css/widget-social-icons.min.css?ver=3.24.0 HTTP/2" 200 1069 "https://mattymcfun.com/fun-slapstick-products-2/" "Mozilla/5.0 (Windows NT 10.0; Win64; x64) AppleWebKit/537.36 (KHTML, like Gecko) Chrome/149.0.0.0 Safari/537.36 OPR/133.0.0.0"
198.175.150.9 - - [19/Jul/2026:06:09:14 -0600] "POST /wp-cron.php?doing_wp_cron=1784462954.0359740257263183593750 HTTP/1.1" 200 0 "-" "WordPress/7.0.2; https://mattymcfun.com"
96.63.215.49 - - [19/Jul/2026:06:09:07 -0600] "GET /wp-content/plugins/elementor/assets/js/shared-frontend-handlers.30dc2f9c080845a413a6.bundle.min.js HTTP/2" 200 2546 "https://mattymcfun.com/fun-slapstick-products-2/" "Mozilla/5.0 (Windows NT 10.0; Win64; x64) AppleWebKit/537.36 (KHTML, like Gecko) Chrome/149.0.0.0 Safari/537.36 OPR/133.0.0.0"
96.63.215.49 - - [19/Jul/2026:06:09:07 -0600] "GET /wp-content/plugins/elementor/assets/js/text-editor.c084ef86600b6f11690d.bundle.min.js HTTP/2" 200 621 "https://mattymcfun.com/fun-slapstick-products-2/" "Mozilla/5.0 (Windows NT 10.0; Win64; x64) AppleWebKit/537.36 (KHTML, like Gecko) Chrome/149.0.0.0 Safari/537.36 OPR/133.0.0.0"
96.63.215.49 - - [19/Jul/2026:06:09:11 -0600] "GET /wp-includes/js/wp-emoji-release.min.js?ver=7.0.2 HTTP/2" 200 4974 "https://mattymcfun.com/fun-slapstick-products-2/" "Mozilla/5.0 (Windows NT 10.0; Win64; x64) AppleWebKit/537.36 (KHTML, like Gecko) Chrome/149.0.0.0 Safari/537.36 OPR/133.0.0.0"
96.63.215.49 - - [19/Jul/2026:06:09:22 -0600] "GET /favicon.ico HTTP/2" 404 4980 "https://mattymcfun.com/fun-slapstick-products-2/" "Mozilla/5.0 (Windows NT 10.0; Win64; x64) AppleWebKit/537.36 (KHTML, like Gecko) Chrome/149.0.0.0 Safari/537.36 OPR/133.0.0.0"