HEX
Server: LiteSpeed
System: Linux node612.namehero.net 4.18.0-553.121.1.lve.el8.x86_64 #1 SMP Thu Apr 30 16:40:41 UTC 2026 x86_64
User: dfwparty (1186)
PHP: 8.3.31
Disabled: NONE
Upload Files
File: /home/dfwparty/access-logs/bizcoach.biz.dfw.party-ssl_log
54.177.84.88 - - [17/Jul/2026:18:43:51 -0600] "GET / HTTP/1.1" 200 22107 "-" "Mozilla/5.0 (X11; Linux x86_64) AppleWebKit/537.36 (KHTML, like Gecko) Chrome/137.0.0.0 Safari/537.36"
198.175.150.9 - - [17/Jul/2026:19:08:50 -0600] "POST /wp-cron.php?doing_wp_cron=1784336930.2426900863647460937500 HTTP/1.1" 200 0 "-" "WordPress/7.0.1; https://bizcoach.biz"
54.84.169.196 - - [17/Jul/2026:19:08:49 -0600] "GET /category/uncategorized/feed/ HTTP/1.1" 200 809 "-" "Mozilla/5.0 AppleWebKit/537.36 (KHTML, like Gecko; compatible; Amazonbot/0.1; +https://developer.amazon.com/support/amazonbot) Chrome/119.0.6045.214 Safari/537.36"
74.7.228.33 - - [17/Jul/2026:19:36:09 -0600] "GET /robots.txt HTTP/2" 200 26 "-" "Mozilla/5.0 (Macintosh; Intel Mac OS X 10_15_7) AppleWebKit/537.36 (KHTML, like Gecko) Chrome/131.0.0.0 Safari/537.36; compatible; OAI-SearchBot/1.4; robots.txt; +https://openai.com/searchbot"
34.74.242.206 - - [17/Jul/2026:20:12:53 -0600] "GET / HTTP/1.0" 200 22107 "-" "ZoominfoBot (zoominfobot at zoominfo dot com)"
216.73.216.50 - - [17/Jul/2026:20:24:08 -0600] "GET /robots.txt HTTP/2" 200 93 "-" "Mozilla/5.0 AppleWebKit/537.36 (KHTML, like Gecko; compatible; ClaudeBot/1.0; +claudebot@anthropic.com)"
216.73.216.50 - - [17/Jul/2026:20:24:09 -0600] "GET /wp-sitemap.xml HTTP/2" 200 189 "-" "Mozilla/5.0 AppleWebKit/537.36 (KHTML, like Gecko; compatible; ClaudeBot/1.0; +claudebot@anthropic.com)"
198.175.150.9 - - [17/Jul/2026:20:11:36 -0600] "POST /wp-cron.php?doing_wp_cron=1784340696.4787559509277343750000 HTTP/1.1" 200 0 "-" "WordPress/7.0.1; https://bizcoach.biz"
43.153.113.127 - - [17/Jul/2026:20:11:35 -0600] "GET /wp-json/ HTTP/1.1" 200 40135 "-" "Mozilla/5.0 (iPhone; CPU iPhone OS 13_2_3 like Mac OS X) AppleWebKit/605.1.15 (KHTML, like Gecko) Version/13.0.3 Mobile/15E148 Safari/604.1"
34.74.242.206 - - [17/Jul/2026:20:12:52 -0600] "GET /robots.txt HTTP/1.0" 200 110 "-" "ZoominfoBot (zoominfobot at zoominfo dot com)"
74.7.241.135 - - [17/Jul/2026:20:51:38 -0600] "GET /robots.txt HTTP/2" 200 93 "-" "Mozilla/5.0 (Macintosh; Intel Mac OS X 10_15_7) AppleWebKit/537.36 (KHTML, like Gecko) Chrome/131.0.0.0 Safari/537.36; compatible; OAI-SearchBot/1.4; robots.txt; +https://openai.com/searchbot"
74.7.241.33 - - [17/Jul/2026:20:51:38 -0600] "GET /wp-sitemap.xml HTTP/2" 200 189 "-" "Mozilla/5.0 AppleWebKit/537.36 (KHTML, like Gecko; compatible; GPTBot/1.4; +https://openai.com/gptbot)"
167.94.146.57 - - [17/Jul/2026:21:41:26 -0600] "GET /wp-json/?_fields=name,description,home,gmt_offset,timezone_string,namespaces HTTP/1.1" 200 279 "-" "Mozilla/5.0 (compatible; CensysInspect/1.1; +https://about.censys.io/)"
74.7.241.147 - - [17/Jul/2026:21:42:35 -0600] "GET /robots.txt HTTP/2" 401 53 "-" "Mozilla/5.0 (Macintosh; Intel Mac OS X 10_15_7) AppleWebKit/537.36 (KHTML, like Gecko) Chrome/131.0.0.0 Safari/537.36; compatible; OAI-SearchBot/1.4; robots.txt; +https://openai.com/searchbot"
74.7.243.196 - - [17/Jul/2026:21:42:35 -0600] "GET / HTTP/2" 401 53 "-" "Mozilla/5.0 AppleWebKit/537.36 (KHTML, like Gecko; compatible; GPTBot/1.4; +https://openai.com/gptbot)"
198.175.150.9 - - [17/Jul/2026:21:41:28 -0600] "POST /wp-cron.php?doing_wp_cron=1784346088.2143900394439697265625 HTTP/1.1" 200 0 "-" "WordPress/7.0.1; https://bizcoach.biz"
198.175.150.9 - - [17/Jul/2026:22:12:20 -0600] "POST /wp-cron.php?doing_wp_cron=1784347940.4178268909454345703125 HTTP/1.1" 200 0 "-" "WordPress/7.0.1; https://bizcoach.biz"
2a06:98c0:3600::103 - - [17/Jul/2026:22:12:19 -0600] "GET / HTTP/1.1" 200 18741 "-" "Mozilla/5.0 (Macintosh; Intel Mac OS X 10_15_7) AppleWebKit/537.36 (KHTML, like Gecko) Chrome/147.0.0.0 Safari/537.36 CloudflareWebScanner/1.0"
198.175.150.9 - - [17/Jul/2026:22:20:53 -0600] "POST /wp-cron.php?doing_wp_cron=1784348453.5549850463867187500000 HTTP/1.1" 200 0 "-" "WordPress/7.0.1; https://bizcoach.biz"
216.73.216.50 - - [17/Jul/2026:22:20:52 -0600] "GET /robots.txt HTTP/2" 200 93 "-" "Mozilla/5.0 AppleWebKit/537.36 (KHTML, like Gecko; compatible; ClaudeBot/1.0; +claudebot@anthropic.com)"
216.73.216.50 - - [17/Jul/2026:22:20:53 -0600] "GET /wp-sitemap.xml HTTP/2" 200 189 "-" "Mozilla/5.0 AppleWebKit/537.36 (KHTML, like Gecko; compatible; ClaudeBot/1.0; +claudebot@anthropic.com)"
2a06:98c0:3600::103 - - [17/Jul/2026:22:47:10 -0600] "GET /sitemap.xml HTTP/1.1" 301 0 "https://www.google.com/search?q=bizcoach.biz" "Mozilla/5.0 AppleWebKit/537.36 (KHTML, like Gecko; compatible; ChatGPT-User/1.0; +https://openai.com/bot)"
2a06:98c0:3600::103 - - [17/Jul/2026:22:47:12 -0600] "GET /sitemap_index.xml HTTP/1.1" 404 21280 "https://www.google.com/search?q=bizcoach.biz" "Mozilla/5.0 (Macintosh; Intel Mac OS X 14_5) AppleWebKit/605.1.15 (KHTML, like Gecko) Version/18.4 Safari/605.1.15"
2a06:98c0:3600::103 - - [17/Jul/2026:22:47:14 -0600] "GET /wp-sitemap-posts-page-1.xml HTTP/1.1" 200 245 "https://www.google.com/search?q=bizcoach.biz" "Mozilla/5.0 (Windows NT 10.0; Win64; x64) AppleWebKit/537.36 (KHTML, like Gecko) Chrome/135.0.0.0 Safari/537.36"
2a06:98c0:3600::103 - - [17/Jul/2026:22:47:18 -0600] "GET /.git/config HTTP/1.1" 403 1242 "-" "Mozilla/5.0 (Windows NT 10.0; Win64; x64; rv:137.0) Gecko/20100101 Firefox/137.0"
2a06:98c0:3600::103 - - [17/Jul/2026:22:47:22 -0600] "GET /secrets.json HTTP/1.1" 500 1095 "https://www.google.com/search?q=bizcoach.biz" "Mozilla/5.0 (Linux; Android 14; Pixel 8) AppleWebKit/537.36 (KHTML, like Gecko) Chrome/135.0.6422.113 Mobile Safari/537.36"
2a06:98c0:3600::103 - - [17/Jul/2026:22:47:22 -0600] "GET /config.yml HTTP/1.1" 500 1095 "-" "Mozilla/5.0 (compatible; Googlebot/2.1; +http://www.google.com/bot.html)"
2a06:98c0:3600::103 - - [17/Jul/2026:22:47:22 -0600] "GET /.env.backup HTTP/1.1" 500 1095 "https://www.google.com/search?q=bizcoach.biz" "Mozilla/5.0 (Windows NT 10.0; Win64; x64) AppleWebKit/537.36 (KHTML, like Gecko) Chrome/135.0.0.0 Safari/537.36"
2a06:98c0:3600::103 - - [17/Jul/2026:22:47:22 -0600] "GET /.env.old HTTP/1.1" 500 1095 "https://www.google.com/search?q=bizcoach.biz" "Mozilla/5.0 (Windows NT 10.0; Win64; x64; rv:137.0) Gecko/20100101 Firefox/137.0"
2a06:98c0:3600::103 - - [17/Jul/2026:22:47:18 -0600] "GET /.env.bak HTTP/1.1" 404 21280 "https://www.google.com/search?q=bizcoach.biz" "Mozilla/5.0 (Windows NT 10.0; Win64; x64; rv:137.0) Gecko/20100101 Firefox/137.0"
2a06:98c0:3600::103 - - [17/Jul/2026:22:47:18 -0600] "GET /client_secret.json HTTP/1.1" 404 21280 "https://www.google.com/search?q=bizcoach.biz" "Mozilla/5.0 (Macintosh; Intel Mac OS X 10_15_7) AppleWebKit/537.36 (KHTML, like Gecko) Chrome/135.0.0.0 Safari/537.36"
2a06:98c0:3600::103 - - [17/Jul/2026:22:47:18 -0600] "GET /.env.backup HTTP/1.1" 404 21280 "-" "Mozilla/5.0 (Windows NT 10.0; Win64; x64; rv:137.0) Gecko/20100101 Firefox/137.0"
2a06:98c0:3600::103 - - [17/Jul/2026:22:47:18 -0600] "GET /.env.production HTTP/1.1" 404 21280 "-" "Mozilla/5.0 (Linux; Android 14; Pixel 8) AppleWebKit/537.36 (KHTML, like Gecko) Chrome/135.0.6422.113 Mobile Safari/537.36"
2a06:98c0:3600::103 - - [17/Jul/2026:22:47:18 -0600] "GET /.env.development.local HTTP/1.1" 404 21280 "https://www.google.com/search?q=bizcoach.biz" "Mozilla/5.0 (Macintosh; Intel Mac OS X 10_15_7) AppleWebKit/537.36 (KHTML, like Gecko) Chrome/135.0.0.0 Safari/537.36"
2a06:98c0:3600::103 - - [17/Jul/2026:22:47:18 -0600] "GET /.env.production.local HTTP/1.1" 404 21280 "https://www.google.com/search?q=bizcoach.biz" "Mozilla/5.0 (compatible; Googlebot/2.1; +http://www.google.com/bot.html)"
2a06:98c0:3600::103 - - [17/Jul/2026:22:47:22 -0600] "GET /secrets.yaml HTTP/1.1" 404 21280 "-" "Mozilla/5.0 (Windows NT 10.0; Win64; x64; rv:137.0) Gecko/20100101 Firefox/137.0"
2a06:98c0:3600::103 - - [17/Jul/2026:22:47:22 -0600] "GET /.env.local HTTP/1.1" 404 21280 "-" "Mozilla/5.0 AppleWebKit/537.36 (KHTML, like Gecko; compatible; ChatGPT-User/1.0; +https://openai.com/bot)"
2a06:98c0:3600::103 - - [17/Jul/2026:22:47:22 -0600] "GET /client_secret.json HTTP/1.1" 404 21280 "-" "Mozilla/5.0 (Windows NT 10.0; Win64; x64) AppleWebKit/537.36 (KHTML, like Gecko) Chrome/135.0.0.0 Safari/537.36"
2a06:98c0:3600::103 - - [17/Jul/2026:22:47:26 -0600] "GET /secrets.yaml HTTP/1.1" 404 21280 "-" "Mozilla/5.0 (Macintosh; Intel Mac OS X 14_5) AppleWebKit/605.1.15 (KHTML, like Gecko) Version/18.4 Safari/605.1.15"
2a06:98c0:3600::103 - - [17/Jul/2026:22:47:07 -0600] "GET /_rNd9xZ7kL3 HTTP/1.1" 404 21280 "https://www.google.com/search?q=bizcoach.biz" "Mozilla/5.0 (Linux; Android 14; Pixel 8) AppleWebKit/537.36 (KHTML, like Gecko) Chrome/135.0.6422.113 Mobile Safari/537.36"
2a06:98c0:3600::103 - - [17/Jul/2026:22:47:10 -0600] "GET /wp-sitemap.xml HTTP/1.1" 200 225 "https://www.google.com/search?q=bizcoach.biz" "Mozilla/5.0 AppleWebKit/537.36 (KHTML, like Gecko; compatible; ChatGPT-User/1.0; +https://openai.com/bot)"
2a06:98c0:3600::103 - - [17/Jul/2026:22:47:13 -0600] "GET /sitemap-index.xml HTTP/1.1" 404 21280 "https://www.google.com/search?q=bizcoach.biz" "Mozilla/5.0 AppleWebKit/537.36 (KHTML, like Gecko; compatible; ChatGPT-User/1.0; +https://openai.com/bot)"
2a06:98c0:3600::103 - - [17/Jul/2026:22:47:16 -0600] "GET /wp-sitemap-taxonomies-category-1.xml HTTP/1.1" 200 192 "https://www.google.com/search?q=bizcoach.biz" "Mozilla/5.0 AppleWebKit/537.36 (KHTML, like Gecko; compatible; ChatGPT-User/1.0; +https://openai.com/bot)"
2a06:98c0:3600::103 - - [17/Jul/2026:22:47:22 -0600] "GET /.env.save HTTP/1.1" 500 1095 "-" "Mozilla/5.0 AppleWebKit/537.36 (KHTML, like Gecko; compatible; ChatGPT-User/1.0; +https://openai.com/bot)"
2a06:98c0:3600::103 - - [17/Jul/2026:22:47:22 -0600] "GET /config.json HTTP/1.1" 500 1095 "https://www.google.com/search?q=bizcoach.biz" "Mozilla/5.0 (Macintosh; Intel Mac OS X 10_15_7) AppleWebKit/537.36 (KHTML, like Gecko) Chrome/135.0.0.0 Safari/537.36"
2a06:98c0:3600::103 - - [17/Jul/2026:22:47:22 -0600] "GET /.env.dist HTTP/1.1" 500 1095 "-" "Mozilla/5.0 (Macintosh; Intel Mac OS X 14_5) AppleWebKit/605.1.15 (KHTML, like Gecko) Version/18.4 Safari/605.1.15"
2a06:98c0:3600::103 - - [17/Jul/2026:22:47:18 -0600] "GET /api/config HTTP/1.1" 404 21280 "-" "Mozilla/5.0 (Macintosh; Intel Mac OS X 10_15_7) AppleWebKit/537.36 (KHTML, like Gecko) Chrome/135.0.0.0 Safari/537.36"
2a06:98c0:3600::103 - - [17/Jul/2026:22:47:18 -0600] "GET /.env.save HTTP/1.1" 404 21280 "https://www.google.com/search?q=bizcoach.biz" "Mozilla/5.0 (Macintosh; Intel Mac OS X 10_15_7) AppleWebKit/537.36 (KHTML, like Gecko) Chrome/135.0.0.0 Safari/537.36"
2a06:98c0:3600::103 - - [17/Jul/2026:22:47:18 -0600] "GET /.env.local HTTP/1.1" 404 21280 "https://www.google.com/search?q=bizcoach.biz" "Mozilla/5.0 (Windows NT 10.0; Win64; x64) AppleWebKit/537.36 (KHTML, like Gecko) Chrome/135.0.0.0 Safari/537.36"
2a06:98c0:3600::103 - - [17/Jul/2026:22:47:18 -0600] "GET /.env.sample HTTP/1.1" 404 21280 "https://www.google.com/search?q=bizcoach.biz" "Mozilla/5.0 (Macintosh; Intel Mac OS X 14_5) AppleWebKit/605.1.15 (KHTML, like Gecko) Version/18.4 Safari/605.1.15"
2a06:98c0:3600::103 - - [17/Jul/2026:22:47:18 -0600] "GET /.env.old HTTP/1.1" 404 21280 "-" "Mozilla/5.0 (Windows NT 10.0; Win64; x64; rv:137.0) Gecko/20100101 Firefox/137.0"
2a06:98c0:3600::103 - - [17/Jul/2026:22:47:20 -0600] "GET /config.yml HTTP/1.1" 404 21280 "-" "Mozilla/5.0 (Macintosh; Intel Mac OS X 10_15_7) AppleWebKit/537.36 (KHTML, like Gecko) Chrome/135.0.0.0 Safari/537.36"
2a06:98c0:3600::103 - - [17/Jul/2026:22:47:22 -0600] "GET /.env.bak HTTP/1.1" 404 21280 "https://www.google.com/search?q=bizcoach.biz" "Mozilla/5.0 (Linux; Android 14; Pixel 8) AppleWebKit/537.36 (KHTML, like Gecko) Chrome/135.0.6422.113 Mobile Safari/537.36"
2a06:98c0:3600::103 - - [17/Jul/2026:22:47:22 -0600] "GET /.env HTTP/1.1" 404 21280 "-" "Mozilla/5.0 (Windows NT 10.0; Win64; x64) AppleWebKit/537.36 (KHTML, like Gecko) Chrome/135.0.0.0 Safari/537.36"
2a06:98c0:3600::103 - - [17/Jul/2026:22:47:22 -0600] "GET /api/config HTTP/1.1" 404 21280 "https://www.google.com/search?q=bizcoach.biz" "Mozilla/5.0 (Windows NT 10.0; Win64; x64; rv:137.0) Gecko/20100101 Firefox/137.0"
2a06:98c0:3600::103 - - [17/Jul/2026:22:47:32 -0600] "GET /admin HTTP/1.1" 302 0 "-" "Mozilla/5.0 (Macintosh; Intel Mac OS X 10_15_7) AppleWebKit/537.36 (KHTML, like Gecko) Chrome/135.0.0.0 Safari/537.36"
2a06:98c0:3600::103 - - [17/Jul/2026:22:47:32 -0600] "GET /api/config HTTP/1.1" 404 21280 "-" "Mozilla/5.0 (compatible; Googlebot/2.1; +http://www.google.com/bot.html)"
2a06:98c0:3600::103 - - [17/Jul/2026:22:47:32 -0600] "GET /checkout HTTP/1.1" 404 21280 "-" "Mozilla/5.0 (Windows NT 10.0; Win64; x64) AppleWebKit/537.36 (KHTML, like Gecko) Chrome/135.0.0.0 Safari/537.36"
2a06:98c0:3600::103 - - [17/Jul/2026:22:47:34 -0600] "GET /wp-login.php HTTP/1.1" 200 2191 "-" "Mozilla/5.0 (compatible; Googlebot/2.1; +http://www.google.com/bot.html)"
2a06:98c0:3600::103 - - [17/Jul/2026:22:47:26 -0600] "GET /api/config HTTP/1.1" 404 21280 "-" "Mozilla/5.0 AppleWebKit/537.36 (KHTML, like Gecko; compatible; ChatGPT-User/1.0; +https://openai.com/bot)"
2a06:98c0:3600::103 - - [17/Jul/2026:22:47:26 -0600] "GET /.env.bak HTTP/1.1" 404 21280 "https://www.google.com/search?q=bizcoach.biz" "Mozilla/5.0 (Linux; Android 14; Pixel 8) AppleWebKit/537.36 (KHTML, like Gecko) Chrome/135.0.6422.113 Mobile Safari/537.36"
2a06:98c0:3600::103 - - [17/Jul/2026:22:47:32 -0600] "GET /pricing HTTP/1.1" 404 21280 "https://www.google.com/search?q=bizcoach.biz" "Mozilla/5.0 (Linux; Android 14; Pixel 8) AppleWebKit/537.36 (KHTML, like Gecko) Chrome/135.0.6422.113 Mobile Safari/537.36"
2a06:98c0:3600::103 - - [17/Jul/2026:22:47:35 -0600] "GET /wp-login.php?redirect_to=https%3A%2F%2Fbizcoach.biz%2Fwp-admin%2F&reauth=1 HTTP/1.1" 200 2191 "-" "Mozilla/5.0 (Macintosh; Intel Mac OS X 10_15_7) AppleWebKit/537.36 (KHTML, like Gecko) Chrome/135.0.0.0 Safari/537.36"
2a06:98c0:3600::103 - - [17/Jul/2026:22:47:22 -0600] "GET /.env.test HTTP/1.1" 500 1095 "-" "Mozilla/5.0 (Linux; Android 14; Pixel 8) AppleWebKit/537.36 (KHTML, like Gecko) Chrome/135.0.6422.113 Mobile Safari/537.36"
2a06:98c0:3600::103 - - [17/Jul/2026:22:47:22 -0600] "GET /.env.development.local HTTP/1.1" 500 1095 "-" "Mozilla/5.0 (Macintosh; Intel Mac OS X 14_5) AppleWebKit/605.1.15 (KHTML, like Gecko) Version/18.4 Safari/605.1.15"
2a06:98c0:3600::103 - - [17/Jul/2026:22:47:22 -0600] "GET /.env.production.local HTTP/1.1" 500 1095 "-" "Mozilla/5.0 (Windows NT 10.0; Win64; x64; rv:137.0) Gecko/20100101 Firefox/137.0"
2a06:98c0:3600::103 - - [17/Jul/2026:22:47:18 -0600] "GET /config.yaml HTTP/1.1" 404 21280 "https://www.google.com/search?q=bizcoach.biz" "Mozilla/5.0 (Windows NT 10.0; Win64; x64) AppleWebKit/537.36 (KHTML, like Gecko) Chrome/135.0.0.0 Safari/537.36"
2a06:98c0:3600::103 - - [17/Jul/2026:22:47:18 -0600] "GET /config.json HTTP/1.1" 404 21280 "https://www.google.com/search?q=bizcoach.biz" "Mozilla/5.0 (compatible; Googlebot/2.1; +http://www.google.com/bot.html)"
2a06:98c0:3600::103 - - [17/Jul/2026:22:47:18 -0600] "GET /secrets.yaml HTTP/1.1" 404 21280 "-" "Mozilla/5.0 (Linux; Android 14; Pixel 8) AppleWebKit/537.36 (KHTML, like Gecko) Chrome/135.0.6422.113 Mobile Safari/537.36"
2a06:98c0:3600::103 - - [17/Jul/2026:22:47:18 -0600] "GET /.env.dist HTTP/1.1" 404 21280 "-" "Mozilla/5.0 (Windows NT 10.0; Win64; x64) AppleWebKit/537.36 (KHTML, like Gecko) Chrome/135.0.0.0 Safari/537.36"
2a06:98c0:3600::103 - - [17/Jul/2026:22:47:26 -0600] "GET /.env.local HTTP/1.1" 404 21280 "-" "Mozilla/5.0 (compatible; Googlebot/2.1; +http://www.google.com/bot.html)"
2a06:98c0:3600::103 - - [17/Jul/2026:22:47:32 -0600] "GET /app HTTP/1.1" 404 21280 "https://www.google.com/search?q=bizcoach.biz" "Mozilla/5.0 (Windows NT 10.0; Win64; x64; rv:137.0) Gecko/20100101 Firefox/137.0"
2a06:98c0:3600::103 - - [17/Jul/2026:22:47:32 -0600] "GET /signup HTTP/1.1" 404 21280 "https://www.google.com/search?q=bizcoach.biz" "Mozilla/5.0 (Linux; Android 14; Pixel 8) AppleWebKit/537.36 (KHTML, like Gecko) Chrome/135.0.6422.113 Mobile Safari/537.36"
2a06:98c0:3600::103 - - [17/Jul/2026:22:47:34 -0600] "GET /wp-admin/ HTTP/1.1" 302 0 "-" "Mozilla/5.0 (Windows NT 10.0; Win64; x64) AppleWebKit/537.36 (KHTML, like Gecko) Chrome/135.0.0.0 Safari/537.36"
2a06:98c0:3600::103 - - [17/Jul/2026:22:47:35 -0600] "GET /wp-login.php?redirect_to=https%3A%2F%2Fbizcoach.biz%2Fwp-admin%2F&reauth=1 HTTP/1.1" 200 2191 "-" "Mozilla/5.0 (Windows NT 10.0; Win64; x64) AppleWebKit/537.36 (KHTML, like Gecko) Chrome/135.0.0.0 Safari/537.36"
18.218.13.84 - - [17/Jul/2026:22:47:08 -0600] "GET / HTTP/1.1" 200 22107 "https://www.google.com/search?q=bizcoach.biz" "Mozilla/5.0 (compatible; Googlebot/2.1; +http://www.google.com/bot.html)"
2a06:98c0:3600::103 - - [17/Jul/2026:22:47:09 -0600] "GET /robots.txt HTTP/1.1" 200 110 "https://www.google.com/search?q=bizcoach.biz" "Mozilla/5.0 (Macintosh; Intel Mac OS X 10_15_7) AppleWebKit/537.36 (KHTML, like Gecko) Chrome/135.0.0.0 Safari/537.36"
2a06:98c0:3600::103 - - [17/Jul/2026:22:47:15 -0600] "GET /wp-sitemap-posts-post-1.xml HTTP/1.1" 200 228 "https://www.google.com/search?q=bizcoach.biz" "Mozilla/5.0 (Macintosh; Intel Mac OS X 10_15_7) AppleWebKit/537.36 (KHTML, like Gecko) Chrome/135.0.0.0 Safari/537.36"
2a06:98c0:3600::103 - - [17/Jul/2026:22:47:16 -0600] "GET /wp-sitemap-users-1.xml HTTP/1.1" 200 190 "-" "Mozilla/5.0 (Macintosh; Intel Mac OS X 10_15_7) AppleWebKit/537.36 (KHTML, like Gecko) Chrome/135.0.0.0 Safari/537.36"
2a06:98c0:3600::103 - - [17/Jul/2026:22:47:22 -0600] "GET /.env.sample HTTP/1.1" 500 1095 "https://www.google.com/search?q=bizcoach.biz" "Mozilla/5.0 AppleWebKit/537.36 (KHTML, like Gecko; compatible; ChatGPT-User/1.0; +https://openai.com/bot)"
2a06:98c0:3600::103 - - [17/Jul/2026:22:47:22 -0600] "GET /config.yaml HTTP/1.1" 500 1095 "https://www.google.com/search?q=bizcoach.biz" "Mozilla/5.0 (Linux; Android 14; Pixel 8) AppleWebKit/537.36 (KHTML, like Gecko) Chrome/135.0.6422.113 Mobile Safari/537.36"
2a06:98c0:3600::103 - - [17/Jul/2026:22:47:22 -0600] "GET /.env.production HTTP/1.1" 500 1095 "https://www.google.com/search?q=bizcoach.biz" "Mozilla/5.0 (Windows NT 10.0; Win64; x64) AppleWebKit/537.36 (KHTML, like Gecko) Chrome/135.0.0.0 Safari/537.36"
2a06:98c0:3600::103 - - [17/Jul/2026:22:47:18 -0600] "GET /.env.test HTTP/1.1" 404 21280 "https://www.google.com/search?q=bizcoach.biz" "Mozilla/5.0 (Macintosh; Intel Mac OS X 14_5) AppleWebKit/605.1.15 (KHTML, like Gecko) Version/18.4 Safari/605.1.15"
18.218.13.84 - - [17/Jul/2026:22:47:18 -0600] "GET /secrets.json HTTP/1.1" 404 21280 "-" "Mozilla/5.0 AppleWebKit/537.36 (KHTML, like Gecko; compatible; ChatGPT-User/1.0; +https://openai.com/bot)"
2a06:98c0:3600::103 - - [17/Jul/2026:22:47:18 -0600] "GET /.env HTTP/1.1" 404 21280 "https://www.google.com/search?q=bizcoach.biz" "Mozilla/5.0 (Windows NT 10.0; Win64; x64; rv:137.0) Gecko/20100101 Firefox/137.0"
2a06:98c0:3600::103 - - [17/Jul/2026:22:47:26 -0600] "GET /.env HTTP/1.1" 404 21280 "-" "Mozilla/5.0 AppleWebKit/537.36 (KHTML, like Gecko; compatible; ChatGPT-User/1.0; +https://openai.com/bot)"
2a06:98c0:3600::103 - - [17/Jul/2026:22:47:26 -0600] "GET /client_secret.json HTTP/1.1" 404 21280 "https://www.google.com/search?q=bizcoach.biz" "Mozilla/5.0 AppleWebKit/537.36 (KHTML, like Gecko; compatible; ChatGPT-User/1.0; +https://openai.com/bot)"
2a06:98c0:3600::103 - - [17/Jul/2026:22:47:32 -0600] "GET /login HTTP/1.1" 302 0 "-" "Mozilla/5.0 (compatible; Googlebot/2.1; +http://www.google.com/bot.html)"
2a06:98c0:3600::103 - - [17/Jul/2026:22:47:32 -0600] "GET /dashboard HTTP/1.1" 302 0 "-" "Mozilla/5.0 (Windows NT 10.0; Win64; x64) AppleWebKit/537.36 (KHTML, like Gecko) Chrome/135.0.0.0 Safari/537.36"
2a06:98c0:3600::103 - - [17/Jul/2026:22:47:34 -0600] "GET /wp-admin/ HTTP/1.1" 302 0 "-" "Mozilla/5.0 (Macintosh; Intel Mac OS X 10_15_7) AppleWebKit/537.36 (KHTML, like Gecko) Chrome/135.0.0.0 Safari/537.36"
43.165.65.117 - - [17/Jul/2026:22:50:53 -0600] "GET / HTTP/1.1" 200 22108 "http://www.bizcoach.biz" "Mozilla/5.0 (iPhone; CPU iPhone OS 13_2_3 like Mac OS X) AppleWebKit/605.1.15 (KHTML, like Gecko) Version/13.0.3 Mobile/15E148 Safari/604.1"
74.7.241.54 - - [17/Jul/2026:22:54:01 -0600] "GET / HTTP/2" 301 0 "-" "Mozilla/5.0 AppleWebKit/537.36 (KHTML, like Gecko; compatible; GPTBot/1.4; +https://openai.com/gptbot)"
74.7.175.191 - - [17/Jul/2026:22:54:02 -0600] "GET /robots.txt HTTP/2" 200 93 "https://www.bizcoach.biz/robots.txt" "Mozilla/5.0 (Macintosh; Intel Mac OS X 10_15_7) AppleWebKit/537.36 (KHTML, like Gecko) Chrome/131.0.0.0 Safari/537.36; compatible; OAI-SearchBot/1.4; robots.txt; +https://openai.com/searchbot"
74.7.175.191 - - [17/Jul/2026:22:54:01 -0600] "GET /robots.txt HTTP/2" 301 0 "-" "Mozilla/5.0 (Macintosh; Intel Mac OS X 10_15_7) AppleWebKit/537.36 (KHTML, like Gecko) Chrome/131.0.0.0 Safari/537.36; compatible; OAI-SearchBot/1.4; robots.txt; +https://openai.com/searchbot"
110.42.208.131 - - [17/Jul/2026:22:57:11 -0600] "GET / HTTP/1.1" 200 22108 "http://www.bizcoach.biz" "Mozilla/5.0 (iPhone; CPU iPhone OS 13_2_3 like Mac OS X) AppleWebKit/605.1.15 (KHTML, like Gecko) Version/13.0.3 Mobile/15E148 Safari/604.1"
54.224.96.227 - - [18/Jul/2026:00:23:39 -0600] "GET /robots.txt HTTP/1.1" 200 110 "-" "Mozilla/5.0 (Macintosh; Intel Mac OS X 10_10_1) AppleWebKit/600.2.5 (KHTML, like Gecko) Version/8.0.2 Safari/600.2.5 (Gort)"
198.175.150.9 - - [18/Jul/2026:01:14:54 -0600] "POST /wp-cron.php?doing_wp_cron=1784358894.8892590999603271484375 HTTP/1.1" 200 0 "-" "WordPress/7.0.1; https://bizcoach.biz"
13.206.124.57 - - [18/Jul/2026:01:15:12 -0600] "GET /.env.local HTTP/1.1" 404 97312 "-" "Mozilla/5.0 (compatible; SecurityResearch/1.0)"
13.206.124.57 - - [18/Jul/2026:01:15:12 -0600] "GET /.env HTTP/1.1" 404 97312 "-" "Mozilla/5.0 (compatible; SecurityResearch/1.0)"
13.206.124.57 - - [18/Jul/2026:01:15:14 -0600] "GET /db.sql HTTP/1.1" 404 97312 "-" "Mozilla/5.0 (compatible; SecurityResearch/1.0)"
13.206.124.57 - - [18/Jul/2026:01:15:14 -0600] "GET /app/config/parameters.yml HTTP/1.1" 404 97312 "-" "Mozilla/5.0 (compatible; SecurityResearch/1.0)"
216.73.216.50 - - [18/Jul/2026:02:33:25 -0600] "GET /robots.txt HTTP/2" 200 93 "-" "Mozilla/5.0 AppleWebKit/537.36 (KHTML, like Gecko; compatible; ClaudeBot/1.0; +claudebot@anthropic.com)"
216.73.216.50 - - [18/Jul/2026:02:33:26 -0600] "GET /wp-sitemap.xml HTTP/2" 200 189 "-" "Mozilla/5.0 AppleWebKit/537.36 (KHTML, like Gecko; compatible; ClaudeBot/1.0; +claudebot@anthropic.com)"
45.92.87.198 - - [18/Jul/2026:00:19:54 -0600] "GET / HTTP/1.1" 200 22107 "-" "Mozilla/5.0 (Windows NT 10.0; Win64; x64) AppleWebKit/537.36 (KHTML, like Gecko) Chrome/94.0.4606.61 Safari/537.36"
185.245.104.75 - - [18/Jul/2026:00:56:57 -0600] "GET / HTTP/2" 200 18741 "http://BIZCOACH.BIZ" "Mozilla/5.0 (Windows NT 10.0; Win64; x64) AppleWebKit/537.36 (KHTML, like Gecko) Chrome/120.0.0.0 Safari/537.36"
13.206.124.57 - - [18/Jul/2026:01:15:12 -0600] "GET /.env.staging HTTP/1.1" 404 97312 "-" "Mozilla/5.0 (compatible; SecurityResearch/1.0)"
13.206.124.57 - - [18/Jul/2026:01:15:12 -0600] "GET /.env.dev HTTP/1.1" 404 97312 "-" "Mozilla/5.0 (compatible; SecurityResearch/1.0)"
13.206.124.57 - - [18/Jul/2026:01:15:12 -0600] "GET /wp-config.php.old HTTP/1.1" 404 65536 "-" "Mozilla/5.0 (compatible; SecurityResearch/1.0)"
13.206.124.57 - - [18/Jul/2026:01:15:14 -0600] "GET /.npmrc HTTP/1.1" 404 97312 "-" "Mozilla/5.0 (compatible; SecurityResearch/1.0)"
2a06:98c0:3600::103 - - [18/Jul/2026:01:12:20 -0600] "GET / HTTP/1.1" 200 18741 "-" "Mozilla/5.0 (Macintosh; Intel Mac OS X 10_15_7) AppleWebKit/537.36 (KHTML, like Gecko) Chrome/147.0.0.0 Safari/537.36 CloudflareWebScanner/1.0"
13.206.124.57 - - [18/Jul/2026:01:15:12 -0600] "GET /.git/config HTTP/1.1" 403 1242 "-" "Mozilla/5.0 (compatible; SecurityResearch/1.0)"
74.7.175.187 - - [18/Jul/2026:01:37:38 -0600] "GET /robots.txt HTTP/2" 403 5011 "-" "Mozilla/5.0 (Macintosh; Intel Mac OS X 10_15_7) AppleWebKit/537.36 (KHTML, like Gecko) Chrome/131.0.0.0 Safari/537.36; compatible; OAI-SearchBot/1.4; robots.txt; +https://openai.com/searchbot"
74.7.243.217 - - [18/Jul/2026:01:37:39 -0600] "GET / HTTP/2" 403 5011 "-" "Mozilla/5.0 AppleWebKit/537.36 (KHTML, like Gecko; compatible; GPTBot/1.4; +https://openai.com/gptbot)"
205.210.31.36 - - [18/Jul/2026:01:59:09 -0600] "GET / HTTP/1.1" 200 862 "-" "Hello from Palo Alto Networks, find out more about our scans in https://docs-cortex.paloaltonetworks.com/r/1/Cortex-Xpanse/Scanning-activity"
198.175.150.9 - - [18/Jul/2026:02:33:26 -0600] "POST /wp-cron.php?doing_wp_cron=1784363606.5462539196014404296875 HTTP/1.1" 200 0 "-" "WordPress/7.0.1; https://bizcoach.biz"
198.175.150.9 - - [18/Jul/2026:02:33:26 -0600] "POST /wp-cron.php?doing_wp_cron=1784363606.5714919567108154296875 HTTP/1.1" 200 0 "-" "WordPress/7.0.1; https://bizcoach.biz"
216.73.216.50 - - [18/Jul/2026:00:36:17 -0600] "GET /robots.txt HTTP/2" 200 93 "-" "Mozilla/5.0 AppleWebKit/537.36 (KHTML, like Gecko; compatible; ClaudeBot/1.0; +claudebot@anthropic.com)"
216.73.216.50 - - [18/Jul/2026:00:36:18 -0600] "GET /wp-sitemap.xml HTTP/2" 200 189 "-" "Mozilla/5.0 AppleWebKit/537.36 (KHTML, like Gecko; compatible; ClaudeBot/1.0; +claudebot@anthropic.com)"
35.84.28.123 - - [18/Jul/2026:01:14:54 -0600] "HEAD / HTTP/1.1" 301 0 "-" "Mozilla/5.0 (compatible; SecurityResearch/1.0)"
13.206.124.57 - - [18/Jul/2026:01:15:12 -0600] "GET /.env.backup HTTP/1.1" 404 97312 "-" "Mozilla/5.0 (compatible; SecurityResearch/1.0)"
13.206.124.57 - - [18/Jul/2026:01:15:12 -0600] "GET /.env.production HTTP/1.1" 404 97312 "-" "Mozilla/5.0 (compatible; SecurityResearch/1.0)"
13.206.124.57 - - [18/Jul/2026:01:15:14 -0600] "GET /wp-config.php.bak HTTP/1.1" 404 97312 "-" "Mozilla/5.0 (compatible; SecurityResearch/1.0)"
74.7.228.40 - - [18/Jul/2026:02:58:41 -0600] "GET /robots.txt HTTP/2" 401 53 "-" "Mozilla/5.0 (Macintosh; Intel Mac OS X 10_15_7) AppleWebKit/537.36 (KHTML, like Gecko) Chrome/131.0.0.0 Safari/537.36; compatible; OAI-SearchBot/1.4; robots.txt; +https://openai.com/searchbot"
74.7.227.179 - - [18/Jul/2026:02:58:41 -0600] "GET / HTTP/2" 401 53 "-" "Mozilla/5.0 AppleWebKit/537.36 (KHTML, like Gecko; compatible; GPTBot/1.4; +https://openai.com/gptbot)"
198.175.150.9 - - [18/Jul/2026:03:45:12 -0600] "POST /wp-cron.php?doing_wp_cron=1784367912.3550410270690917968750 HTTP/1.1" 200 0 "-" "WordPress/7.0.1; https://bizcoach.biz"
198.175.150.9 - - [18/Jul/2026:03:45:12 -0600] "POST /wp-cron.php?doing_wp_cron=1784367912.4496688842773437500000 HTTP/1.1" 200 0 "-" "WordPress/7.0.1; https://bizcoach.biz"
74.7.243.235 - - [18/Jul/2026:03:45:11 -0600] "GET / HTTP/2" 301 0 "-" "Mozilla/5.0 AppleWebKit/537.36 (KHTML, like Gecko; compatible; GPTBot/1.4; +https://openai.com/gptbot)"
198.175.150.9 - - [18/Jul/2026:03:45:12 -0600] "POST /wp-cron.php?doing_wp_cron=1784367912.3557109832763671875000 HTTP/1.1" 200 0 "-" "WordPress/7.0.1; https://bizcoach.biz"
74.7.175.174 - - [18/Jul/2026:03:45:11 -0600] "GET /robots.txt HTTP/2" 200 93 "-" "Mozilla/5.0 (Macintosh; Intel Mac OS X 10_15_7) AppleWebKit/537.36 (KHTML, like Gecko) Chrome/131.0.0.0 Safari/537.36; compatible; OAI-SearchBot/1.4; robots.txt; +https://openai.com/searchbot"
74.7.227.185 - - [18/Jul/2026:03:56:49 -0600] "GET / HTTP/2" 301 0 "-" "Mozilla/5.0 AppleWebKit/537.36 (KHTML, like Gecko; compatible; GPTBot/1.4; +https://openai.com/gptbot)"
74.7.175.156 - - [18/Jul/2026:03:56:49 -0600] "GET /robots.txt HTTP/2" 200 93 "-" "Mozilla/5.0 (Macintosh; Intel Mac OS X 10_15_7) AppleWebKit/537.36 (KHTML, like Gecko) Chrome/131.0.0.0 Safari/537.36; compatible; OAI-SearchBot/1.4; robots.txt; +https://openai.com/searchbot"
49.232.104.223 - - [18/Jul/2026:04:14:22 -0600] "GET / HTTP/1.1" 200 22108 "http://bizcoach.biz" "Mozilla/5.0 (iPhone; CPU iPhone OS 13_2_3 like Mac OS X) AppleWebKit/605.1.15 (KHTML, like Gecko) Version/13.0.3 Mobile/15E148 Safari/604.1"
74.7.241.130 - - [18/Jul/2026:04:19:19 -0600] "GET /robots.txt HTTP/2" 401 53 "-" "Mozilla/5.0 (Macintosh; Intel Mac OS X 10_15_7) AppleWebKit/537.36 (KHTML, like Gecko) Chrome/131.0.0.0 Safari/537.36; compatible; OAI-SearchBot/1.4; robots.txt; +https://openai.com/searchbot"
74.7.227.39 - - [18/Jul/2026:04:19:19 -0600] "GET / HTTP/2" 401 53 "-" "Mozilla/5.0 AppleWebKit/537.36 (KHTML, like Gecko; compatible; GPTBot/1.4; +https://openai.com/gptbot)"
216.73.216.50 - - [18/Jul/2026:04:34:21 -0600] "GET /robots.txt HTTP/2" 200 93 "-" "Mozilla/5.0 AppleWebKit/537.36 (KHTML, like Gecko; compatible; ClaudeBot/1.0; +claudebot@anthropic.com)"
216.73.216.50 - - [18/Jul/2026:04:34:22 -0600] "GET /wp-sitemap.xml HTTP/2" 200 189 "-" "Mozilla/5.0 AppleWebKit/537.36 (KHTML, like Gecko; compatible; ClaudeBot/1.0; +claudebot@anthropic.com)"
198.235.24.171 - - [18/Jul/2026:04:58:50 -0600] "GET / HTTP/1.1" 200 101388 "-" "Hello from Palo Alto Networks, find out more about our scans in https://docs-cortex.paloaltonetworks.com/r/1/Cortex-Xpanse/Scanning-activity"
198.175.150.9 - - [18/Jul/2026:04:58:50 -0600] "POST /wp-cron.php?doing_wp_cron=1784372330.2425260543823242187500 HTTP/1.1" 200 0 "-" "WordPress/7.0.1; https://bizcoach.biz"
198.235.24.171 - - [18/Jul/2026:04:58:49 -0600] "GET / HTTP/1.1" 301 0 "-" "Hello from Palo Alto Networks, find out more about our scans in https://docs-cortex.paloaltonetworks.com/r/1/Cortex-Xpanse/Scanning-activity"
205.210.31.174 - - [18/Jul/2026:05:44:05 -0600] "GET / HTTP/1.1" 401 36 "http://webdisk.bizcoach.biz/" "Hello from Palo Alto Networks, find out more about our scans in https://docs-cortex.paloaltonetworks.com/r/1/Cortex-Xpanse/Scanning-activity"
198.175.150.9 - - [18/Jul/2026:07:25:17 -0600] "POST /wp-cron.php?doing_wp_cron=1784381117.5375080108642578125000 HTTP/1.1" 200 0 "-" "WordPress/7.0.1; https://bizcoach.biz"
198.175.150.9 - - [18/Jul/2026:07:24:47 -0600] "POST /wp-cron.php?doing_wp_cron=1784381087.4768669605255126953125 HTTP/1.1" 200 0 "-" "WordPress/7.0.1; https://bizcoach.biz"
216.73.216.50 - - [18/Jul/2026:06:38:14 -0600] "GET /robots.txt HTTP/2" 200 93 "-" "Mozilla/5.0 AppleWebKit/537.36 (KHTML, like Gecko; compatible; ClaudeBot/1.0; +claudebot@anthropic.com)"
216.73.216.50 - - [18/Jul/2026:06:38:16 -0600] "GET /wp-sitemap.xml HTTP/2" 200 189 "-" "Mozilla/5.0 AppleWebKit/537.36 (KHTML, like Gecko; compatible; ClaudeBot/1.0; +claudebot@anthropic.com)"
198.235.24.114 - - [18/Jul/2026:06:56:12 -0600] "GET / HTTP/1.1" 401 36 "-" "Hello from Palo Alto Networks, find out more about our scans in https://docs-cortex.paloaltonetworks.com/r/1/Cortex-Xpanse/Scanning-activity"
198.175.150.9 - - [18/Jul/2026:07:25:11 -0600] "HEAD / HTTP/1.1" 200 0 "-" "-"
198.175.150.9 - - [18/Jul/2026:07:25:28 -0600] "POST /wp-admin/upgrade.php?step=upgrade_db HTTP/1.1" 200 21 "-" "WordPress/7.0.1; https://bizcoach.biz"
198.175.150.9 - - [18/Jul/2026:07:25:35 -0600] "HEAD / HTTP/1.1" 200 0 "-" "-"
42.49.90.53 - - [18/Jul/2026:07:41:57 -0600] "GET / HTTP/2" 200 22107 "https://bizcoach.biz/" "Mozilla/5.0 (Windows NT 6.1; WOW64) AppleWebKit/537.36 (KHTML, like Gecko) Chrome/50.0.2661.102 Safari/537.36"
64.23.242.210 - - [18/Jul/2026:08:22:54 -0600] "GET / HTTP/1.1" 200 22107 "-" "Mozilla/5.0 (X11; Linux x86_64) AppleWebKit/537.36 (KHTML, like Gecko) Chrome/142.0.0.0 Safari/537.36"
216.73.216.50 - - [18/Jul/2026:08:30:37 -0600] "GET /robots.txt HTTP/2" 200 93 "-" "Mozilla/5.0 AppleWebKit/537.36 (KHTML, like Gecko; compatible; ClaudeBot/1.0; +claudebot@anthropic.com)"
216.73.216.50 - - [18/Jul/2026:08:30:38 -0600] "GET /wp-sitemap.xml HTTP/2" 200 189 "-" "Mozilla/5.0 AppleWebKit/537.36 (KHTML, like Gecko; compatible; ClaudeBot/1.0; +claudebot@anthropic.com)"
143.198.227.60 - - [18/Jul/2026:08:31:30 -0600] "GET / HTTP/1.1" 401 53 "-" "Mozilla/5.0 (X11; Linux x86_64) AppleWebKit/537.36 (KHTML, like Gecko) Chrome/142.0.0.0 Safari/537.36"
143.198.227.60 - - [18/Jul/2026:08:31:31 -0600] "GET /favicon.ico HTTP/1.1" 401 53 "https://webdisk.bizcoach.biz/" "Mozilla/5.0 (X11; Linux x86_64) AppleWebKit/537.36 (KHTML, like Gecko) Chrome/142.0.0.0 Safari/537.36"
198.175.150.9 - - [18/Jul/2026:08:30:38 -0600] "POST /wp-cron.php?doing_wp_cron=1784385038.1414608955383300781250 HTTP/1.1" 200 0 "-" "WordPress/7.0.2; https://bizcoach.biz"