64.25.12.168 - - [17/Jul/2026:19:45:19 -0600] "GET /wp-content/uploads/2026/07/logo-500x300-1.jpg HTTP/2" 200 29920 "https://dfwblogger.com/" "Mozilla/5.0 (Windows NT 10.0; Win64; x64) AppleWebKit/537.36 (KHTML, like Gecko) Chrome/150.0.0.0 Safari/537.36"
64.25.12.168 - - [17/Jul/2026:19:45:19 -0600] "GET /wp-content/uploads/2026/07/newlogo500.jpg HTTP/2" 200 55045 "https://dfwblogger.com/" "Mozilla/5.0 (Windows NT 10.0; Win64; x64) AppleWebKit/537.36 (KHTML, like Gecko) Chrome/150.0.0.0 Safari/537.36"
64.25.12.168 - - [17/Jul/2026:19:45:19 -0600] "GET /wp-content/uploads/2026/07/new-coaster.jpg HTTP/2" 200 112630 "https://dfwblogger.com/" "Mozilla/5.0 (Windows NT 10.0; Win64; x64) AppleWebKit/537.36 (KHTML, like Gecko) Chrome/150.0.0.0 Safari/537.36"
64.25.12.168 - - [17/Jul/2026:19:45:19 -0600] "GET /wp-includes/js/imagesloaded.min.js?ver=5.0.0 HTTP/2" 200 1687 "https://dfwblogger.com/" "Mozilla/5.0 (Windows NT 10.0; Win64; x64) AppleWebKit/537.36 (KHTML, like Gecko) Chrome/150.0.0.0 Safari/537.36"
64.25.12.168 - - [17/Jul/2026:19:45:19 -0600] "GET /wp-content/plugins/elementor/assets/js/elementor-admin-bar.min.js?ver=4.1.5 HTTP/2" 200 2151 "https://dfwblogger.com/" "Mozilla/5.0 (Windows NT 10.0; Win64; x64) AppleWebKit/537.36 (KHTML, like Gecko) Chrome/150.0.0.0 Safari/537.36"
64.25.12.168 - - [17/Jul/2026:19:45:19 -0600] "GET /wp-content/plugins/google-site-kit/dist/assets/js/googlesitekit-adminbar-c9c36af8ad0f61a6d589.js HTTP/2" 200 35009 "https://dfwblogger.com/" "Mozilla/5.0 (Windows NT 10.0; Win64; x64) AppleWebKit/537.36 (KHTML, like Gecko) Chrome/150.0.0.0 Safari/537.36"
64.25.12.168 - - [17/Jul/2026:19:45:38 -0600] "POST /wp-admin/admin-ajax.php HTTP/2" 200 1639 "https://dfwblogger.com/" "Mozilla/5.0 (Windows NT 10.0; Win64; x64) AppleWebKit/537.36 (KHTML, like Gecko) Chrome/150.0.0.0 Safari/537.36"
64.25.12.168 - - [17/Jul/2026:19:45:39 -0600] "GET /wp-content/uploads/2025/03/No-More-Free-Luggage.jpg HTTP/2" 200 81690 "https://dfwblogger.com/" "Mozilla/5.0 (Windows NT 10.0; Win64; x64) AppleWebKit/537.36 (KHTML, like Gecko) Chrome/150.0.0.0 Safari/537.36"
64.25.12.168 - - [17/Jul/2026:19:45:39 -0600] "GET /wp-content/uploads/2025/03/spacex-dfw-connection.jpg HTTP/2" 200 79342 "https://dfwblogger.com/" "Mozilla/5.0 (Windows NT 10.0; Win64; x64) AppleWebKit/537.36 (KHTML, like Gecko) Chrome/150.0.0.0 Safari/537.36"
64.25.12.168 - - [17/Jul/2026:19:45:39 -0600] "GET /wp-content/uploads/2025/03/Why-Womens-Day-Matters-in-Dallas-Fort-Worth.jpg HTTP/2" 200 121198 "https://dfwblogger.com/" "Mozilla/5.0 (Windows NT 10.0; Win64; x64) AppleWebKit/537.36 (KHTML, like Gecko) Chrome/150.0.0.0 Safari/537.36"
64.25.12.168 - - [17/Jul/2026:19:45:39 -0600] "GET /wp-content/uploads/2025/02/What-Happened-To-Google-Yahoo-Bing.jpg HTTP/2" 200 35198 "https://dfwblogger.com/" "Mozilla/5.0 (Windows NT 10.0; Win64; x64) AppleWebKit/537.36 (KHTML, like Gecko) Chrome/150.0.0.0 Safari/537.36"
64.25.12.168 - - [17/Jul/2026:19:45:39 -0600] "GET /wp-content/uploads/2024/10/southwest.jpg HTTP/2" 200 67500 "https://dfwblogger.com/" "Mozilla/5.0 (Windows NT 10.0; Win64; x64) AppleWebKit/537.36 (KHTML, like Gecko) Chrome/150.0.0.0 Safari/537.36"
64.25.12.168 - - [17/Jul/2026:19:45:39 -0600] "GET /wp-content/uploads/2025/03/People-are-leaving-California.jpg HTTP/2" 200 82059 "https://dfwblogger.com/" "Mozilla/5.0 (Windows NT 10.0; Win64; x64) AppleWebKit/537.36 (KHTML, like Gecko) Chrome/150.0.0.0 Safari/537.36"
64.25.12.168 - - [17/Jul/2026:19:45:39 -0600] "GET /wp-content/uploads/2025/03/north-texas.jpg HTTP/2" 200 99429 "https://dfwblogger.com/" "Mozilla/5.0 (Windows NT 10.0; Win64; x64) AppleWebKit/537.36 (KHTML, like Gecko) Chrome/150.0.0.0 Safari/537.36"
216.73.217.178 - - [17/Jul/2026:19:47:35 -0600] "GET /?p=974 HTTP/2" 301 0 "-" "Mozilla/5.0 AppleWebKit/537.36 (KHTML, like Gecko; compatible; ClaudeBot/1.0; +claudebot@anthropic.com)"
216.73.217.178 - - [17/Jul/2026:19:47:36 -0600] "GET /2024/10/07/how-southwest-airlines-took-off-from-dallas-to-dominate-the-skies/ HTTP/2" 200 31695 "https://dfwblogger.com/?p=974" "Mozilla/5.0 AppleWebKit/537.36 (KHTML, like Gecko; compatible; ClaudeBot/1.0; +claudebot@anthropic.com)"
43.153.113.127 - - [17/Jul/2026:19:50:09 -0600] "GET /dfw-blogger-podcast/embed/ HTTP/1.1" 200 6981 "-" "Mozilla/5.0 (iPhone; CPU iPhone OS 13_2_3 like Mac OS X) AppleWebKit/605.1.15 (KHTML, like Gecko) Version/13.0.3 Mobile/15E148 Safari/604.1"
17.22.253.152 - - [17/Jul/2026:19:56:22 -0600] "GET /2023/10/12/nostalgia-in-motion-exploring-the-mckinney-avenue-trolley-in-dallas/ HTTP/2" 200 32724 "-" "Mozilla/5.0 (Macintosh; Intel Mac OS X 10_15_7) AppleWebKit/605.1.15 (KHTML, like Gecko) Version/17.4 Safari/605.1.15 (Applebot/0.1; +http://www.apple.com/go/applebot)"
54.215.86.42 - - [17/Jul/2026:19:57:23 -0600] "GET / HTTP/2" 200 30982 "-" "Mozilla/5.0 (Macintosh; Intel Mac OS X 10_15_0) AppleWebKit/537.36 (KHTML, like Gecko) Chrome/81.0.4044.138 Safari/537.36"
52.167.144.213 - - [17/Jul/2026:20:00:30 -0600] "GET /wp-content/uploads/elementor/css/post-7.css?ver=1784327491 HTTP/2" 200 342 "https://dfwblogger.com/2023/10/27/the-lewisville-fishing-barge-a-legacy-lost/" "Mozilla/5.0 AppleWebKit/537.36 (KHTML, like Gecko; compatible; bingbot/2.0; +http://www.bing.com/bingbot.htm) Chrome/136.0.0.0 Safari/537.36 AppleWebKit/537.36 (KHTML, like Gecko; compatible; bingbot/2.0; +http://www.bing.com/bingbot.htm) Chrome/116.0.1938.76 Safari/537.36"
185.191.171.3 - - [17/Jul/2026:20:03:00 -0600] "GET /robots.txt HTTP/1.1" 200 111 "-" "Mozilla/5.0 (compatible; SemrushBot/7~bl; +http://www.semrush.com/bot.html)"
173.252.82.5 - - [17/Jul/2026:19:35:17 -0600] "GET /wp-content/uploads/2023/10/Grapevine-Vintage-Railroad-768x489.jpg HTTP/2" 200 86258 "-" "meta-externalagent/1.1 (+https://developers.facebook.com/docs/sharing/webmasters/crawler)"
216.73.217.178 - - [17/Jul/2026:19:36:11 -0600] "GET /?p=1289 HTTP/2" 301 0 "-" "Mozilla/5.0 AppleWebKit/537.36 (KHTML, like Gecko; compatible; ClaudeBot/1.0; +claudebot@anthropic.com)"
216.73.217.178 - - [17/Jul/2026:19:36:12 -0600] "GET /2025/03/18/the-unending-struggle-dfws-battle-with-traffic-congestion-amid-rapid-population-growth/ HTTP/2" 200 29441 "https://dfwblogger.com/?p=1289" "Mozilla/5.0 AppleWebKit/537.36 (KHTML, like Gecko; compatible; ClaudeBot/1.0; +claudebot@anthropic.com)"
216.73.217.178 - - [17/Jul/2026:19:38:52 -0600] "GET /2023/10/13/the-jfk-shooting-unraveling-conspiracies-and-museum-insights/ HTTP/2" 200 28288 "-" "Mozilla/5.0 AppleWebKit/537.36 (KHTML, like Gecko; compatible; ClaudeBot/1.0; +claudebot@anthropic.com)"
216.73.217.178 - - [17/Jul/2026:19:39:55 -0600] "GET /2025/03/24/discover-waxahachie-texas-a-historic-gem-in-ellis-county/ HTTP/2" 200 29335 "-" "Mozilla/5.0 AppleWebKit/537.36 (KHTML, like Gecko; compatible; ClaudeBot/1.0; +claudebot@anthropic.com)"
216.73.217.178 - - [17/Jul/2026:19:44:34 -0600] "GET /?p=364 HTTP/2" 301 0 "-" "Mozilla/5.0 AppleWebKit/537.36 (KHTML, like Gecko; compatible; ClaudeBot/1.0; +claudebot@anthropic.com)"
216.73.217.178 - - [17/Jul/2026:19:44:35 -0600] "GET /2023/10/13/the-jfk-shooting-unraveling-conspiracies-and-museum-insights/ HTTP/2" 200 28288 "https://dfwblogger.com/?p=364" "Mozilla/5.0 AppleWebKit/537.36 (KHTML, like Gecko; compatible; ClaudeBot/1.0; +claudebot@anthropic.com)"
216.73.217.178 - - [17/Jul/2026:19:36:57 -0600] "GET /2023/12/04/the-majestic-theatre-in-dallas-a-glorious-legacy-of-entertainment/ HTTP/2" 200 29432 "-" "Mozilla/5.0 AppleWebKit/537.36 (KHTML, like Gecko; compatible; ClaudeBot/1.0; +claudebot@anthropic.com)"
52.167.144.213 - - [17/Jul/2026:20:00:01 -0600] "GET /2023/10/27/the-lewisville-fishing-barge-a-legacy-lost/ HTTP/2" 200 29522 "-" "Mozilla/5.0 AppleWebKit/537.36 (KHTML, like Gecko; compatible; bingbot/2.0; +http://www.bing.com/bingbot.htm) Chrome/116.0.1938.76 Safari/537.36"
216.73.217.178 - - [17/Jul/2026:19:35:39 -0600] "GET /2024/10/07/how-southwest-airlines-took-off-from-dallas-to-dominate-the-skies/ HTTP/2" 200 31695 "-" "Mozilla/5.0 AppleWebKit/537.36 (KHTML, like Gecko; compatible; ClaudeBot/1.0; +claudebot@anthropic.com)"
216.73.217.178 - - [17/Jul/2026:19:35:39 -0600] "GET /2024/09/26/what-is-the-open-border-costing-the-dfw-area/ HTTP/2" 200 31035 "-" "Mozilla/5.0 AppleWebKit/537.36 (KHTML, like Gecko; compatible; ClaudeBot/1.0; +claudebot@anthropic.com)"
198.175.150.9 - - [17/Jul/2026:19:38:22 -0600] "POST /wp-cron.php?doing_wp_cron=1784338702.1434540748596191406250 HTTP/1.1" 200 0 "-" "WordPress/7.0.2; https://dfwblogger.com"
216.73.217.178 - - [17/Jul/2026:19:38:21 -0600] "GET /?p=892 HTTP/2" 301 0 "-" "Mozilla/5.0 AppleWebKit/537.36 (KHTML, like Gecko; compatible; ClaudeBot/1.0; +claudebot@anthropic.com)"
216.73.217.178 - - [17/Jul/2026:19:38:22 -0600] "GET /2024/08/21/who-was-jake/ HTTP/2" 200 27172 "https://dfwblogger.com/?p=892" "Mozilla/5.0 AppleWebKit/537.36 (KHTML, like Gecko; compatible; ClaudeBot/1.0; +claudebot@anthropic.com)"
216.73.217.178 - - [17/Jul/2026:19:41:28 -0600] "GET /2025/03/20/will-ai-someday-take-over-most-jobs/ HTTP/2" 200 29441 "-" "Mozilla/5.0 AppleWebKit/537.36 (KHTML, like Gecko; compatible; ClaudeBot/1.0; +claudebot@anthropic.com)"
216.73.217.178 - - [17/Jul/2026:19:48:16 -0600] "GET /?p=767 HTTP/2" 301 0 "-" "Mozilla/5.0 AppleWebKit/537.36 (KHTML, like Gecko; compatible; ClaudeBot/1.0; +claudebot@anthropic.com)"
216.73.217.178 - - [17/Jul/2026:19:48:17 -0600] "GET /2023/12/04/the-majestic-theatre-in-dallas-a-glorious-legacy-of-entertainment/ HTTP/2" 200 29432 "https://dfwblogger.com/?p=767" "Mozilla/5.0 AppleWebKit/537.36 (KHTML, like Gecko; compatible; ClaudeBot/1.0; +claudebot@anthropic.com)"
52.167.144.230 - - [17/Jul/2026:20:00:25 -0600] "GET /wp-includes/js/wp-emoji-release.min.js?ver=7.0.2 HTTP/2" 200 4974 "https://dfwblogger.com/2023/10/27/the-lewisville-fishing-barge-a-legacy-lost/" "Mozilla/5.0 AppleWebKit/537.36 (KHTML, like Gecko; compatible; bingbot/2.0; +http://www.bing.com/bingbot.htm) Chrome/136.0.0.0 Safari/537.36 AppleWebKit/537.36 (KHTML, like Gecko; compatible; bingbot/2.0; +http://www.bing.com/bingbot.htm) Chrome/116.0.1938.76 Safari/537.36"
85.208.96.194 - - [17/Jul/2026:20:03:01 -0600] "GET /2023/10/page/3/ HTTP/1.1" 200 27352 "-" "Mozilla/5.0 (compatible; SemrushBot/7~bl; +http://www.semrush.com/bot.html)"
76.183.184.77 - - [17/Jul/2026:20:08:16 -0600] "GET /2025/03/12/living-in-the-dallas-fort-worth-metroplex-with-special-needs-kids/ HTTP/2" 200 28855 "https://search.yahoo.com/" "Mozilla/5.0 (Macintosh; Intel Mac OS X 10_15_7) AppleWebKit/537.36 (KHTML, like Gecko) Chrome/149.0.0.0 Safari/537.36"
76.183.184.77 - - [17/Jul/2026:20:08:17 -0600] "GET /wp-content/themes/astra/assets/css/minified/main.min.css?ver=4.13.6 HTTP/2" 200 8389 "https://dfwblogger.com/2025/03/12/living-in-the-dallas-fort-worth-metroplex-with-special-needs-kids/" "Mozilla/5.0 (Macintosh; Intel Mac OS X 10_15_7) AppleWebKit/537.36 (KHTML, like Gecko) Chrome/149.0.0.0 Safari/537.36"
76.183.184.77 - - [17/Jul/2026:20:08:17 -0600] "GET /wp-content/uploads/astra-addon/astra-addon-6a5586f2191895-56735099.css?ver=4.13.5 HTTP/2" 200 2401 "https://dfwblogger.com/2025/03/12/living-in-the-dallas-fort-worth-metroplex-with-special-needs-kids/" "Mozilla/5.0 (Macintosh; Intel Mac OS X 10_15_7) AppleWebKit/537.36 (KHTML, like Gecko) Chrome/149.0.0.0 Safari/537.36"
76.183.184.77 - - [17/Jul/2026:20:08:17 -0600] "GET /wp-content/plugins/elementor/assets/lib/eicons/css/elementor-icons.min.css?ver=5.50.0 HTTP/2" 200 4123 "https://dfwblogger.com/2025/03/12/living-in-the-dallas-fort-worth-metroplex-with-special-needs-kids/" "Mozilla/5.0 (Macintosh; Intel Mac OS X 10_15_7) AppleWebKit/537.36 (KHTML, like Gecko) Chrome/149.0.0.0 Safari/537.36"
76.183.184.77 - - [17/Jul/2026:20:08:17 -0600] "GET /wp-content/plugins/elementor/assets/css/frontend.min.css?ver=4.1.5 HTTP/2" 200 6613 "https://dfwblogger.com/2025/03/12/living-in-the-dallas-fort-worth-metroplex-with-special-needs-kids/" "Mozilla/5.0 (Macintosh; Intel Mac OS X 10_15_7) AppleWebKit/537.36 (KHTML, like Gecko) Chrome/149.0.0.0 Safari/537.36"
76.183.184.77 - - [17/Jul/2026:20:08:17 -0600] "GET /wp-content/uploads/elementor/css/post-7.css?ver=1784327491 HTTP/2" 200 342 "https://dfwblogger.com/2025/03/12/living-in-the-dallas-fort-worth-metroplex-with-special-needs-kids/" "Mozilla/5.0 (Macintosh; Intel Mac OS X 10_15_7) AppleWebKit/537.36 (KHTML, like Gecko) Chrome/149.0.0.0 Safari/537.36"
76.183.184.77 - - [17/Jul/2026:20:08:17 -0600] "GET /wp-content/plugins/elementor/assets/css/widget-social-icons.min.css?ver=3.24.0 HTTP/2" 200 1039 "https://dfwblogger.com/2025/03/12/living-in-the-dallas-fort-worth-metroplex-with-special-needs-kids/" "Mozilla/5.0 (Macintosh; Intel Mac OS X 10_15_7) AppleWebKit/537.36 (KHTML, like Gecko) Chrome/149.0.0.0 Safari/537.36"
76.183.184.77 - - [17/Jul/2026:20:08:17 -0600] "GET /wp-content/plugins/elementor/assets/lib/font-awesome/css/brands.css?ver=5.15.3 HTTP/2" 200 296 "https://dfwblogger.com/2025/03/12/living-in-the-dallas-fort-worth-metroplex-with-special-needs-kids/" "Mozilla/5.0 (Macintosh; Intel Mac OS X 10_15_7) AppleWebKit/537.36 (KHTML, like Gecko) Chrome/149.0.0.0 Safari/537.36"
76.183.184.77 - - [17/Jul/2026:20:08:17 -0600] "GET /wp-content/plugins/elementor/assets/lib/font-awesome/css/fontawesome.css?ver=5.15.3 HTTP/2" 200 12526 "https://dfwblogger.com/2025/03/12/living-in-the-dallas-fort-worth-metroplex-with-special-needs-kids/" "Mozilla/5.0 (Macintosh; Intel Mac OS X 10_15_7) AppleWebKit/537.36 (KHTML, like Gecko) Chrome/149.0.0.0 Safari/537.36"
76.183.184.77 - - [17/Jul/2026:20:08:17 -0600] "GET /wp-content/plugins/elementor/assets/lib/font-awesome/css/solid.css?ver=5.15.3 HTTP/2" 200 296 "https://dfwblogger.com/2025/03/12/living-in-the-dallas-fort-worth-metroplex-with-special-needs-kids/" "Mozilla/5.0 (Macintosh; Intel Mac OS X 10_15_7) AppleWebKit/537.36 (KHTML, like Gecko) Chrome/149.0.0.0 Safari/537.36"
76.183.184.77 - - [17/Jul/2026:20:08:17 -0600] "GET /wp-content/plugins/ultimate-elementor/assets/min-css/uael-frontend.min.css?ver=1.45.1 HTTP/2" 200 76022 "https://dfwblogger.com/2025/03/12/living-in-the-dallas-fort-worth-metroplex-with-special-needs-kids/" "Mozilla/5.0 (Macintosh; Intel Mac OS X 10_15_7) AppleWebKit/537.36 (KHTML, like Gecko) Chrome/149.0.0.0 Safari/537.36"
76.183.184.77 - - [17/Jul/2026:20:08:17 -0600] "GET /wp-content/uploads/elementor/css/post-1259.css?ver=1784328046 HTTP/2" 200 178 "https://dfwblogger.com/2025/03/12/living-in-the-dallas-fort-worth-metroplex-with-special-needs-kids/" "Mozilla/5.0 (Macintosh; Intel Mac OS X 10_15_7) AppleWebKit/537.36 (KHTML, like Gecko) Chrome/149.0.0.0 Safari/537.36"
76.183.184.77 - - [17/Jul/2026:20:08:17 -0600] "GET /wp-content/uploads/elementor/google-fonts/css/roboto.css?ver=1742235581 HTTP/2" 200 1876 "https://dfwblogger.com/2025/03/12/living-in-the-dallas-fort-worth-metroplex-with-special-needs-kids/" "Mozilla/5.0 (Macintosh; Intel Mac OS X 10_15_7) AppleWebKit/537.36 (KHTML, like Gecko) Chrome/149.0.0.0 Safari/537.36"
76.183.184.77 - - [17/Jul/2026:20:08:17 -0600] "GET /wp-content/uploads/elementor/google-fonts/css/robotoslab.css?ver=1742235587 HTTP/2" 200 708 "https://dfwblogger.com/2025/03/12/living-in-the-dallas-fort-worth-metroplex-with-special-needs-kids/" "Mozilla/5.0 (Macintosh; Intel Mac OS X 10_15_7) AppleWebKit/537.36 (KHTML, like Gecko) Chrome/149.0.0.0 Safari/537.36"
76.183.184.77 - - [17/Jul/2026:20:08:17 -0600] "GET /wp-includes/js/jquery/jquery.min.js?ver=3.7.1 HTTP/2" 200 29744 "https://dfwblogger.com/2025/03/12/living-in-the-dallas-fort-worth-metroplex-with-special-needs-kids/" "Mozilla/5.0 (Macintosh; Intel Mac OS X 10_15_7) AppleWebKit/537.36 (KHTML, like Gecko) Chrome/149.0.0.0 Safari/537.36"
76.183.184.77 - - [17/Jul/2026:20:08:17 -0600] "GET /wp-includes/js/jquery/jquery-migrate.min.js?ver=3.4.1 HTTP/2" 200 4678 "https://dfwblogger.com/2025/03/12/living-in-the-dallas-fort-worth-metroplex-with-special-needs-kids/" "Mozilla/5.0 (Macintosh; Intel Mac OS X 10_15_7) AppleWebKit/537.36 (KHTML, like Gecko) Chrome/149.0.0.0 Safari/537.36"
76.183.184.77 - - [17/Jul/2026:20:08:17 -0600] "GET /wp-content/uploads/2025/03/Special-Needs.jpg HTTP/2" 200 62574 "https://dfwblogger.com/2025/03/12/living-in-the-dallas-fort-worth-metroplex-with-special-needs-kids/" "Mozilla/5.0 (Macintosh; Intel Mac OS X 10_15_7) AppleWebKit/537.36 (KHTML, like Gecko) Chrome/149.0.0.0 Safari/537.36"
76.183.184.77 - - [17/Jul/2026:20:08:17 -0600] "GET /wp-content/themes/astra/assets/js/minified/frontend.min.js?ver=4.13.6 HTTP/2" 200 5693 "https://dfwblogger.com/2025/03/12/living-in-the-dallas-fort-worth-metroplex-with-special-needs-kids/" "Mozilla/5.0 (Macintosh; Intel Mac OS X 10_15_7) AppleWebKit/537.36 (KHTML, like Gecko) Chrome/149.0.0.0 Safari/537.36"
76.183.184.77 - - [17/Jul/2026:20:08:17 -0600] "GET /wp-content/uploads/astra-addon/astra-addon-6a5586f21983a0-91101535.js?ver=4.13.5 HTTP/2" 200 3191 "https://dfwblogger.com/2025/03/12/living-in-the-dallas-fort-worth-metroplex-with-special-needs-kids/" "Mozilla/5.0 (Macintosh; Intel Mac OS X 10_15_7) AppleWebKit/537.36 (KHTML, like Gecko) Chrome/149.0.0.0 Safari/537.36"
76.183.184.77 - - [17/Jul/2026:20:08:17 -0600] "GET /wp-content/plugins/astra-addon/assets/js/minified/purify.min.js?ver=4.13.5 HTTP/2" 200 10151 "https://dfwblogger.com/2025/03/12/living-in-the-dallas-fort-worth-metroplex-with-special-needs-kids/" "Mozilla/5.0 (Macintosh; Intel Mac OS X 10_15_7) AppleWebKit/537.36 (KHTML, like Gecko) Chrome/149.0.0.0 Safari/537.36"
76.183.184.77 - - [17/Jul/2026:20:08:17 -0600] "GET /wp-content/plugins/elementor/assets/js/webpack.runtime.min.js?ver=4.1.5 HTTP/2" 200 2338 "https://dfwblogger.com/2025/03/12/living-in-the-dallas-fort-worth-metroplex-with-special-needs-kids/" "Mozilla/5.0 (Macintosh; Intel Mac OS X 10_15_7) AppleWebKit/537.36 (KHTML, like Gecko) Chrome/149.0.0.0 Safari/537.36"
76.183.184.77 - - [17/Jul/2026:20:08:17 -0600] "GET /wp-content/plugins/elementor/assets/js/frontend-modules.min.js?ver=4.1.5 HTTP/2" 200 15445 "https://dfwblogger.com/2025/03/12/living-in-the-dallas-fort-worth-metroplex-with-special-needs-kids/" "Mozilla/5.0 (Macintosh; Intel Mac OS X 10_15_7) AppleWebKit/537.36 (KHTML, like Gecko) Chrome/149.0.0.0 Safari/537.36"
76.183.184.77 - - [17/Jul/2026:20:08:17 -0600] "GET /wp-includes/js/jquery/ui/core.min.js?ver=1.13.3 HTTP/2" 200 6812 "https://dfwblogger.com/2025/03/12/living-in-the-dallas-fort-worth-metroplex-with-special-needs-kids/" "Mozilla/5.0 (Macintosh; Intel Mac OS X 10_15_7) AppleWebKit/537.36 (KHTML, like Gecko) Chrome/149.0.0.0 Safari/537.36"
76.183.184.77 - - [17/Jul/2026:20:08:17 -0600] "GET /wp-content/plugins/elementor/assets/js/frontend.min.js?ver=4.1.5 HTTP/2" 200 10124 "https://dfwblogger.com/2025/03/12/living-in-the-dallas-fort-worth-metroplex-with-special-needs-kids/" "Mozilla/5.0 (Macintosh; Intel Mac OS X 10_15_7) AppleWebKit/537.36 (KHTML, like Gecko) Chrome/149.0.0.0 Safari/537.36"
76.183.184.77 - - [17/Jul/2026:20:08:17 -0600] "GET /wp-content/plugins/elementor-pro/assets/js/webpack-pro.runtime.min.js?ver=4.1.3 HTTP/2" 200 2606 "https://dfwblogger.com/2025/03/12/living-in-the-dallas-fort-worth-metroplex-with-special-needs-kids/" "Mozilla/5.0 (Macintosh; Intel Mac OS X 10_15_7) AppleWebKit/537.36 (KHTML, like Gecko) Chrome/149.0.0.0 Safari/537.36"
76.183.184.77 - - [17/Jul/2026:20:08:17 -0600] "GET /wp-includes/js/dist/hooks.min.js?ver=7496969728ca0f95732d HTTP/2" 200 1734 "https://dfwblogger.com/2025/03/12/living-in-the-dallas-fort-worth-metroplex-with-special-needs-kids/" "Mozilla/5.0 (Macintosh; Intel Mac OS X 10_15_7) AppleWebKit/537.36 (KHTML, like Gecko) Chrome/149.0.0.0 Safari/537.36"
76.183.184.77 - - [17/Jul/2026:20:08:17 -0600] "GET /wp-content/uploads/elementor/google-fonts/fonts/roboto-kfo7cnqeu92fr1me7ksn66agldtyluama3yuba.woff2 HTTP/2" 200 40128 "https://dfwblogger.com/wp-content/uploads/elementor/google-fonts/css/roboto.css?ver=1742235581" "Mozilla/5.0 (Macintosh; Intel Mac OS X 10_15_7) AppleWebKit/537.36 (KHTML, like Gecko) Chrome/149.0.0.0 Safari/537.36"
76.183.184.77 - - [17/Jul/2026:20:08:17 -0600] "GET /wp-includes/js/dist/i18n.min.js?ver=781d11515ad3d91786ec HTTP/2" 200 2354 "https://dfwblogger.com/2025/03/12/living-in-the-dallas-fort-worth-metroplex-with-special-needs-kids/" "Mozilla/5.0 (Macintosh; Intel Mac OS X 10_15_7) AppleWebKit/537.36 (KHTML, like Gecko) Chrome/149.0.0.0 Safari/537.36"
76.183.184.77 - - [17/Jul/2026:20:08:17 -0600] "GET /wp-content/plugins/elementor-pro/assets/js/frontend.min.js?ver=4.1.3 HTTP/2" 200 6191 "https://dfwblogger.com/2025/03/12/living-in-the-dallas-fort-worth-metroplex-with-special-needs-kids/" "Mozilla/5.0 (Macintosh; Intel Mac OS X 10_15_7) AppleWebKit/537.36 (KHTML, like Gecko) Chrome/149.0.0.0 Safari/537.36"
76.183.184.77 - - [17/Jul/2026:20:08:17 -0600] "GET /wp-content/plugins/elementor-pro/assets/js/elements-handlers.min.js?ver=4.1.3 HTTP/2" 200 10079 "https://dfwblogger.com/2025/03/12/living-in-the-dallas-fort-worth-metroplex-with-special-needs-kids/" "Mozilla/5.0 (Macintosh; Intel Mac OS X 10_15_7) AppleWebKit/537.36 (KHTML, like Gecko) Chrome/149.0.0.0 Safari/537.36"
76.183.184.77 - - [17/Jul/2026:20:08:17 -0600] "GET /wp-content/plugins/elementor/assets/js/shared-frontend-handlers.03caa53373b56d3bab67.bundle.min.js HTTP/2" 200 2511 "https://dfwblogger.com/2025/03/12/living-in-the-dallas-fort-worth-metroplex-with-special-needs-kids/" "Mozilla/5.0 (Macintosh; Intel Mac OS X 10_15_7) AppleWebKit/537.36 (KHTML, like Gecko) Chrome/149.0.0.0 Safari/537.36"
76.183.184.77 - - [17/Jul/2026:20:08:17 -0600] "GET /wp-content/plugins/elementor/assets/js/text-editor.45609661e409413f1cef.bundle.min.js HTTP/2" 200 592 "https://dfwblogger.com/2025/03/12/living-in-the-dallas-fort-worth-metroplex-with-special-needs-kids/" "Mozilla/5.0 (Macintosh; Intel Mac OS X 10_15_7) AppleWebKit/537.36 (KHTML, like Gecko) Chrome/149.0.0.0 Safari/537.36"
76.183.184.77 - - [17/Jul/2026:20:08:17 -0600] "GET /wp-content/uploads/2026/07/cropped-logo-dfwblogger-32x32.png HTTP/2" 200 2568 "https://dfwblogger.com/2025/03/12/living-in-the-dallas-fort-worth-metroplex-with-special-needs-kids/" "Mozilla/5.0 (Macintosh; Intel Mac OS X 10_15_7) AppleWebKit/537.36 (KHTML, like Gecko) Chrome/149.0.0.0 Safari/537.36"
17.22.253.46 - - [17/Jul/2026:20:12:55 -0600] "GET /wp-content/themes/astra/assets/css/minified/main.min.css?ver=4.13.6 HTTP/2" 200 8389 "https://dfwblogger.com/2023/10/12/nostalgia-in-motion-exploring-the-mckinney-avenue-trolley-in-dallas/" "Mozilla/5.0 (Macintosh; Intel Mac OS X 10_15_7) AppleWebKit/605.1.15 (KHTML, like Gecko) Version/17.4 Safari/605.1.15 (Applebot/0.1; +http://www.apple.com/go/applebot)"
17.22.253.46 - - [17/Jul/2026:20:12:56 -0600] "GET /wp-content/plugins/elementor/assets/css/frontend.min.css?ver=4.1.5 HTTP/2" 200 6613 "https://dfwblogger.com/2023/10/12/nostalgia-in-motion-exploring-the-mckinney-avenue-trolley-in-dallas/" "Mozilla/5.0 (Macintosh; Intel Mac OS X 10_15_7) AppleWebKit/605.1.15 (KHTML, like Gecko) Version/17.4 Safari/605.1.15 (Applebot/0.1; +http://www.apple.com/go/applebot)"
17.22.253.46 - - [17/Jul/2026:20:12:57 -0600] "GET /wp-content/plugins/elementor/assets/lib/eicons/css/elementor-icons.min.css?ver=5.50.0 HTTP/2" 200 4123 "https://dfwblogger.com/2023/10/12/nostalgia-in-motion-exploring-the-mckinney-avenue-trolley-in-dallas/" "Mozilla/5.0 (Macintosh; Intel Mac OS X 10_15_7) AppleWebKit/605.1.15 (KHTML, like Gecko) Version/17.4 Safari/605.1.15 (Applebot/0.1; +http://www.apple.com/go/applebot)"
17.22.253.46 - - [17/Jul/2026:20:12:59 -0600] "GET /wp-content/uploads/elementor/css/post-7.css?ver=1784327491 HTTP/2" 200 342 "https://dfwblogger.com/2023/10/12/nostalgia-in-motion-exploring-the-mckinney-avenue-trolley-in-dallas/" "Mozilla/5.0 (Macintosh; Intel Mac OS X 10_15_7) AppleWebKit/605.1.15 (KHTML, like Gecko) Version/17.4 Safari/605.1.15 (Applebot/0.1; +http://www.apple.com/go/applebot)"
17.22.253.46 - - [17/Jul/2026:20:13:00 -0600] "GET /wp-content/uploads/astra-addon/astra-addon-6a5586f2191895-56735099.css?ver=4.13.5 HTTP/2" 200 2401 "https://dfwblogger.com/2023/10/12/nostalgia-in-motion-exploring-the-mckinney-avenue-trolley-in-dallas/" "Mozilla/5.0 (Macintosh; Intel Mac OS X 10_15_7) AppleWebKit/605.1.15 (KHTML, like Gecko) Version/17.4 Safari/605.1.15 (Applebot/0.1; +http://www.apple.com/go/applebot)"
17.22.253.46 - - [17/Jul/2026:20:13:02 -0600] "GET /wp-content/plugins/ultimate-elementor/assets/min-css/uael-frontend.min.css?ver=1.45.1 HTTP/2" 200 76022 "https://dfwblogger.com/2023/10/12/nostalgia-in-motion-exploring-the-mckinney-avenue-trolley-in-dallas/" "Mozilla/5.0 (Macintosh; Intel Mac OS X 10_15_7) AppleWebKit/605.1.15 (KHTML, like Gecko) Version/17.4 Safari/605.1.15 (Applebot/0.1; +http://www.apple.com/go/applebot)"
17.22.253.46 - - [17/Jul/2026:20:13:04 -0600] "GET /wp-content/plugins/elementor/assets/css/widget-social-icons.min.css?ver=3.24.0 HTTP/2" 200 1039 "https://dfwblogger.com/2023/10/12/nostalgia-in-motion-exploring-the-mckinney-avenue-trolley-in-dallas/" "Mozilla/5.0 (Macintosh; Intel Mac OS X 10_15_7) AppleWebKit/605.1.15 (KHTML, like Gecko) Version/17.4 Safari/605.1.15 (Applebot/0.1; +http://www.apple.com/go/applebot)"
17.22.253.46 - - [17/Jul/2026:20:13:05 -0600] "GET /wp-content/plugins/elementor/assets/lib/font-awesome/css/brands.css?ver=5.15.3 HTTP/2" 200 296 "https://dfwblogger.com/2023/10/12/nostalgia-in-motion-exploring-the-mckinney-avenue-trolley-in-dallas/" "Mozilla/5.0 (Macintosh; Intel Mac OS X 10_15_7) AppleWebKit/605.1.15 (KHTML, like Gecko) Version/17.4 Safari/605.1.15 (Applebot/0.1; +http://www.apple.com/go/applebot)"
17.22.253.46 - - [17/Jul/2026:20:13:06 -0600] "GET /wp-content/plugins/elementor/assets/lib/font-awesome/css/fontawesome.css?ver=5.15.3 HTTP/2" 200 12526 "https://dfwblogger.com/2023/10/12/nostalgia-in-motion-exploring-the-mckinney-avenue-trolley-in-dallas/" "Mozilla/5.0 (Macintosh; Intel Mac OS X 10_15_7) AppleWebKit/605.1.15 (KHTML, like Gecko) Version/17.4 Safari/605.1.15 (Applebot/0.1; +http://www.apple.com/go/applebot)"
17.22.253.46 - - [17/Jul/2026:20:13:08 -0600] "GET /wp-content/plugins/elementor/assets/lib/font-awesome/css/solid.css?ver=5.15.3 HTTP/2" 200 296 "https://dfwblogger.com/2023/10/12/nostalgia-in-motion-exploring-the-mckinney-avenue-trolley-in-dallas/" "Mozilla/5.0 (Macintosh; Intel Mac OS X 10_15_7) AppleWebKit/605.1.15 (KHTML, like Gecko) Version/17.4 Safari/605.1.15 (Applebot/0.1; +http://www.apple.com/go/applebot)"
17.22.253.46 - - [17/Jul/2026:20:13:09 -0600] "GET /wp-content/plugins/elementor/assets/css/widget-heading.min.css?ver=4.1.5 HTTP/2" 200 126 "https://dfwblogger.com/2023/10/12/nostalgia-in-motion-exploring-the-mckinney-avenue-trolley-in-dallas/" "Mozilla/5.0 (Macintosh; Intel Mac OS X 10_15_7) AppleWebKit/605.1.15 (KHTML, like Gecko) Version/17.4 Safari/605.1.15 (Applebot/0.1; +http://www.apple.com/go/applebot)"
17.22.253.46 - - [17/Jul/2026:20:13:11 -0600] "GET /wp-content/uploads/elementor/css/post-349.css?ver=1784334404 HTTP/2" 200 271 "https://dfwblogger.com/2023/10/12/nostalgia-in-motion-exploring-the-mckinney-avenue-trolley-in-dallas/" "Mozilla/5.0 (Macintosh; Intel Mac OS X 10_15_7) AppleWebKit/605.1.15 (KHTML, like Gecko) Version/17.4 Safari/605.1.15 (Applebot/0.1; +http://www.apple.com/go/applebot)"
17.22.253.46 - - [17/Jul/2026:20:13:12 -0600] "GET /wp-content/uploads/elementor/google-fonts/css/roboto.css?ver=1742235581 HTTP/2" 200 1876 "https://dfwblogger.com/2023/10/12/nostalgia-in-motion-exploring-the-mckinney-avenue-trolley-in-dallas/" "Mozilla/5.0 (Macintosh; Intel Mac OS X 10_15_7) AppleWebKit/605.1.15 (KHTML, like Gecko) Version/17.4 Safari/605.1.15 (Applebot/0.1; +http://www.apple.com/go/applebot)"
17.22.253.46 - - [17/Jul/2026:20:13:14 -0600] "GET /wp-content/uploads/elementor/google-fonts/css/robotoslab.css?ver=1742235587 HTTP/2" 200 708 "https://dfwblogger.com/2023/10/12/nostalgia-in-motion-exploring-the-mckinney-avenue-trolley-in-dallas/" "Mozilla/5.0 (Macintosh; Intel Mac OS X 10_15_7) AppleWebKit/605.1.15 (KHTML, like Gecko) Version/17.4 Safari/605.1.15 (Applebot/0.1; +http://www.apple.com/go/applebot)"
17.22.253.46 - - [17/Jul/2026:20:13:15 -0600] "GET /wp-includes/js/jquery/jquery.min.js?ver=3.7.1 HTTP/2" 200 29744 "https://dfwblogger.com/2023/10/12/nostalgia-in-motion-exploring-the-mckinney-avenue-trolley-in-dallas/" "Mozilla/5.0 (Macintosh; Intel Mac OS X 10_15_7) AppleWebKit/605.1.15 (KHTML, like Gecko) Version/17.4 Safari/605.1.15 (Applebot/0.1; +http://www.apple.com/go/applebot)"
17.22.253.46 - - [17/Jul/2026:20:13:17 -0600] "GET /wp-includes/js/jquery/jquery-migrate.min.js?ver=3.4.1 HTTP/2" 200 4678 "https://dfwblogger.com/2023/10/12/nostalgia-in-motion-exploring-the-mckinney-avenue-trolley-in-dallas/" "Mozilla/5.0 (Macintosh; Intel Mac OS X 10_15_7) AppleWebKit/605.1.15 (KHTML, like Gecko) Version/17.4 Safari/605.1.15 (Applebot/0.1; +http://www.apple.com/go/applebot)"
17.22.253.46 - - [17/Jul/2026:20:13:18 -0600] "GET /wp-content/themes/astra/assets/js/minified/frontend.min.js?ver=4.13.6 HTTP/2" 200 5693 "https://dfwblogger.com/2023/10/12/nostalgia-in-motion-exploring-the-mckinney-avenue-trolley-in-dallas/" "Mozilla/5.0 (Macintosh; Intel Mac OS X 10_15_7) AppleWebKit/605.1.15 (KHTML, like Gecko) Version/17.4 Safari/605.1.15 (Applebot/0.1; +http://www.apple.com/go/applebot)"
17.22.253.46 - - [17/Jul/2026:20:13:20 -0600] "GET /wp-content/uploads/astra-addon/astra-addon-6a5586f21983a0-91101535.js?ver=4.13.5 HTTP/2" 200 3191 "https://dfwblogger.com/2023/10/12/nostalgia-in-motion-exploring-the-mckinney-avenue-trolley-in-dallas/" "Mozilla/5.0 (Macintosh; Intel Mac OS X 10_15_7) AppleWebKit/605.1.15 (KHTML, like Gecko) Version/17.4 Safari/605.1.15 (Applebot/0.1; +http://www.apple.com/go/applebot)"
17.22.253.46 - - [17/Jul/2026:20:13:21 -0600] "GET /wp-content/plugins/astra-addon/assets/js/minified/purify.min.js?ver=4.13.5 HTTP/2" 200 10151 "https://dfwblogger.com/2023/10/12/nostalgia-in-motion-exploring-the-mckinney-avenue-trolley-in-dallas/" "Mozilla/5.0 (Macintosh; Intel Mac OS X 10_15_7) AppleWebKit/605.1.15 (KHTML, like Gecko) Version/17.4 Safari/605.1.15 (Applebot/0.1; +http://www.apple.com/go/applebot)"
17.22.253.46 - - [17/Jul/2026:20:13:23 -0600] "GET /wp-content/plugins/elementor/assets/js/webpack.runtime.min.js?ver=4.1.5 HTTP/2" 200 2338 "https://dfwblogger.com/2023/10/12/nostalgia-in-motion-exploring-the-mckinney-avenue-trolley-in-dallas/" "Mozilla/5.0 (Macintosh; Intel Mac OS X 10_15_7) AppleWebKit/605.1.15 (KHTML, like Gecko) Version/17.4 Safari/605.1.15 (Applebot/0.1; +http://www.apple.com/go/applebot)"
17.22.253.46 - - [17/Jul/2026:20:13:24 -0600] "GET /wp-content/plugins/elementor/assets/js/frontend-modules.min.js?ver=4.1.5 HTTP/2" 200 15445 "https://dfwblogger.com/2023/10/12/nostalgia-in-motion-exploring-the-mckinney-avenue-trolley-in-dallas/" "Mozilla/5.0 (Macintosh; Intel Mac OS X 10_15_7) AppleWebKit/605.1.15 (KHTML, like Gecko) Version/17.4 Safari/605.1.15 (Applebot/0.1; +http://www.apple.com/go/applebot)"
17.22.253.46 - - [17/Jul/2026:20:13:26 -0600] "GET /wp-includes/js/jquery/ui/core.min.js?ver=1.13.3 HTTP/2" 200 6812 "https://dfwblogger.com/2023/10/12/nostalgia-in-motion-exploring-the-mckinney-avenue-trolley-in-dallas/" "Mozilla/5.0 (Macintosh; Intel Mac OS X 10_15_7) AppleWebKit/605.1.15 (KHTML, like Gecko) Version/17.4 Safari/605.1.15 (Applebot/0.1; +http://www.apple.com/go/applebot)"
17.22.253.46 - - [17/Jul/2026:20:13:27 -0600] "GET /wp-content/plugins/elementor/assets/js/frontend.min.js?ver=4.1.5 HTTP/2" 200 10124 "https://dfwblogger.com/2023/10/12/nostalgia-in-motion-exploring-the-mckinney-avenue-trolley-in-dallas/" "Mozilla/5.0 (Macintosh; Intel Mac OS X 10_15_7) AppleWebKit/605.1.15 (KHTML, like Gecko) Version/17.4 Safari/605.1.15 (Applebot/0.1; +http://www.apple.com/go/applebot)"
17.22.253.46 - - [17/Jul/2026:20:13:29 -0600] "GET /wp-content/plugins/elementor-pro/assets/js/webpack-pro.runtime.min.js?ver=4.1.3 HTTP/2" 200 2606 "https://dfwblogger.com/2023/10/12/nostalgia-in-motion-exploring-the-mckinney-avenue-trolley-in-dallas/" "Mozilla/5.0 (Macintosh; Intel Mac OS X 10_15_7) AppleWebKit/605.1.15 (KHTML, like Gecko) Version/17.4 Safari/605.1.15 (Applebot/0.1; +http://www.apple.com/go/applebot)"
17.22.253.46 - - [17/Jul/2026:20:13:30 -0600] "GET /wp-includes/js/dist/hooks.min.js?ver=7496969728ca0f95732d HTTP/2" 200 1734 "https://dfwblogger.com/2023/10/12/nostalgia-in-motion-exploring-the-mckinney-avenue-trolley-in-dallas/" "Mozilla/5.0 (Macintosh; Intel Mac OS X 10_15_7) AppleWebKit/605.1.15 (KHTML, like Gecko) Version/17.4 Safari/605.1.15 (Applebot/0.1; +http://www.apple.com/go/applebot)"
17.22.253.46 - - [17/Jul/2026:20:13:32 -0600] "GET /wp-includes/js/dist/i18n.min.js?ver=781d11515ad3d91786ec HTTP/2" 200 2354 "https://dfwblogger.com/2023/10/12/nostalgia-in-motion-exploring-the-mckinney-avenue-trolley-in-dallas/" "Mozilla/5.0 (Macintosh; Intel Mac OS X 10_15_7) AppleWebKit/605.1.15 (KHTML, like Gecko) Version/17.4 Safari/605.1.15 (Applebot/0.1; +http://www.apple.com/go/applebot)"
17.22.253.46 - - [17/Jul/2026:20:13:33 -0600] "GET /wp-content/plugins/elementor-pro/assets/js/frontend.min.js?ver=4.1.3 HTTP/2" 200 6191 "https://dfwblogger.com/2023/10/12/nostalgia-in-motion-exploring-the-mckinney-avenue-trolley-in-dallas/" "Mozilla/5.0 (Macintosh; Intel Mac OS X 10_15_7) AppleWebKit/605.1.15 (KHTML, like Gecko) Version/17.4 Safari/605.1.15 (Applebot/0.1; +http://www.apple.com/go/applebot)"
76.183.184.77 - - [17/Jul/2026:20:08:17 -0600] "GET /wp-includes/js/wp-emoji-release.min.js?ver=7.0.2 HTTP/2" 200 4974 "https://dfwblogger.com/2025/03/12/living-in-the-dallas-fort-worth-metroplex-with-special-needs-kids/" "Mozilla/5.0 (Macintosh; Intel Mac OS X 10_15_7) AppleWebKit/537.36 (KHTML, like Gecko) Chrome/149.0.0.0 Safari/537.36"
17.22.253.46 - - [17/Jul/2026:20:13:35 -0600] "GET /wp-content/plugins/elementor-pro/assets/js/elements-handlers.min.js?ver=4.1.3 HTTP/2" 200 10079 "https://dfwblogger.com/2023/10/12/nostalgia-in-motion-exploring-the-mckinney-avenue-trolley-in-dallas/" "Mozilla/5.0 (Macintosh; Intel Mac OS X 10_15_7) AppleWebKit/605.1.15 (KHTML, like Gecko) Version/17.4 Safari/605.1.15 (Applebot/0.1; +http://www.apple.com/go/applebot)"
17.22.253.46 - - [17/Jul/2026:20:13:36 -0600] "GET /wp-content/plugins/elementor/assets/js/shared-frontend-handlers.03caa53373b56d3bab67.bundle.min.js HTTP/2" 200 2511 "https://dfwblogger.com/2023/10/12/nostalgia-in-motion-exploring-the-mckinney-avenue-trolley-in-dallas/" "Mozilla/5.0 (Macintosh; Intel Mac OS X 10_15_7) AppleWebKit/605.1.15 (KHTML, like Gecko) Version/17.4 Safari/605.1.15 (Applebot/0.1; +http://www.apple.com/go/applebot)"
17.22.253.46 - - [17/Jul/2026:20:13:38 -0600] "GET /wp-content/plugins/elementor/assets/js/text-editor.45609661e409413f1cef.bundle.min.js HTTP/2" 200 592 "https://dfwblogger.com/2023/10/12/nostalgia-in-motion-exploring-the-mckinney-avenue-trolley-in-dallas/" "Mozilla/5.0 (Macintosh; Intel Mac OS X 10_15_7) AppleWebKit/605.1.15 (KHTML, like Gecko) Version/17.4 Safari/605.1.15 (Applebot/0.1; +http://www.apple.com/go/applebot)"
17.22.253.46 - - [17/Jul/2026:20:13:39 -0600] "GET /wp-includes/js/wp-emoji-release.min.js?ver=7.0.2 HTTP/2" 200 4974 "https://dfwblogger.com/2023/10/12/nostalgia-in-motion-exploring-the-mckinney-avenue-trolley-in-dallas/" "Mozilla/5.0 (Macintosh; Intel Mac OS X 10_15_7) AppleWebKit/605.1.15 (KHTML, like Gecko) Version/17.4 Safari/605.1.15 (Applebot/0.1; +http://www.apple.com/go/applebot)"
65.55.210.65 - - [17/Jul/2026:20:16:23 -0600] "GET /wp-content/uploads/elementor/css/post-624.css?ver=1784334329 HTTP/2" 200 287 "https://dfwblogger.com/2023/10/27/the-lewisville-fishing-barge-a-legacy-lost/" "Mozilla/5.0 AppleWebKit/537.36 (KHTML, like Gecko; compatible; bingbot/2.0; +http://www.bing.com/bingbot.htm) Chrome/136.0.0.0 Safari/537.36"
198.175.150.9 - - [17/Jul/2026:20:17:58 -0600] "POST /wp-cron.php?doing_wp_cron=1784341078.0331029891967773437500 HTTP/1.1" 200 0 "-" "WordPress/7.0.2; https://dfwblogger.com"
198.175.150.9 - - [17/Jul/2026:20:32:19 -0600] "POST /wp-cron.php?doing_wp_cron=1784341939.8820769786834716796875 HTTP/1.1" 200 0 "-" "WordPress/7.0.2; https://dfwblogger.com"
198.175.150.9 - - [17/Jul/2026:20:32:19 -0600] "POST /wp-cron.php?doing_wp_cron=1784341939.9028930664062500000000 HTTP/1.1" 200 0 "-" "WordPress/7.0.2; https://dfwblogger.com"
3.235.196.209 - - [17/Jul/2026:20:36:23 -0600] "GET /post/ HTTP/2" 200 29577 "-" "Mozilla/5.0 (Macintosh; Intel Mac OS X 10_15_0) AppleWebKit/537.36 (KHTML, like Gecko) Chrome/81.0.4044.138 Safari/537.36"
198.175.150.9 - - [17/Jul/2026:20:39:59 -0600] "POST /wp-cron.php?doing_wp_cron=1784342399.9424910545349121093750 HTTP/1.1" 200 0 "-" "WordPress/7.0.2; https://dfwblogger.com"
104.210.140.128 - - [17/Jul/2026:20:39:59 -0600] "GET /robots.txt HTTP/2" 200 98 "-" "Mozilla/5.0 (Macintosh; Intel Mac OS X 10_15_7) AppleWebKit/537.36 (KHTML, like Gecko) Chrome/131.0.0.0 Safari/537.36; compatible; OAI-SearchBot/1.0; +https://openai.com/searchbot"
85.208.96.204 - - [17/Jul/2026:20:42:18 -0600] "GET /tag/grand-prairie-tx/ HTTP/1.1" 200 26401 "-" "Mozilla/5.0 (compatible; SemrushBot/7~bl; +http://www.semrush.com/bot.html)"
47.82.11.229 - - [17/Jul/2026:20:13:57 -0600] "GET /wp-content/uploads/2023/10/sawfish-dallas-aquarium.jpg HTTP/1.1" 200 7666 "https://dfwblogger.com/wp-content/uploads/2023/10/sawfish-dallas-aquarium.jpg" "Mozilla/5.0 (Macintosh; Intel Mac OS X 10_15_7) AppleWebKit/537.36 (KHTML, like Gecko) Chrome/139.0.0.0 Safari/537.36"
43.134.3.111 - - [17/Jul/2026:20:17:57 -0600] "GET /category/family/ HTTP/1.1" 200 26862 "-" "Mozilla/5.0 (iPhone; CPU iPhone OS 13_2_3 like Mac OS X) AppleWebKit/605.1.15 (KHTML, like Gecko) Version/13.0.3 Mobile/15E148 Safari/604.1"
76.183.184.77 - - [17/Jul/2026:20:12:45 -0600] "GET /?s=how+many+special+needs+families+struggle+with+utilities+and+rent+ HTTP/2" 200 22205 "https://dfwblogger.com/2025/03/12/living-in-the-dallas-fort-worth-metroplex-with-special-needs-kids/" "Mozilla/5.0 (Macintosh; Intel Mac OS X 10_15_7) AppleWebKit/537.36 (KHTML, like Gecko) Chrome/149.0.0.0 Safari/537.36"
76.183.184.77 - - [17/Jul/2026:20:12:46 -0600] "GET /wp-includes/css/dist/block-library/style.min.css?ver=7.0.2 HTTP/2" 200 16250 "https://dfwblogger.com/?s=how+many+special+needs+families+struggle+with+utilities+and+rent+" "Mozilla/5.0 (Macintosh; Intel Mac OS X 10_15_7) AppleWebKit/537.36 (KHTML, like Gecko) Chrome/149.0.0.0 Safari/537.36"
43.154.250.181 - - [17/Jul/2026:20:29:15 -0600] "GET /category/food/ HTTP/1.1" 200 26641 "-" "Mozilla/5.0 (iPhone; CPU iPhone OS 13_2_3 like Mac OS X) AppleWebKit/605.1.15 (KHTML, like Gecko) Version/13.0.3 Mobile/15E148 Safari/604.1"
43.156.232.154 - - [17/Jul/2026:20:32:19 -0600] "GET /2025/05/11/dallas-pickle-festival/ HTTP/1.1" 200 32331 "-" "Mozilla/5.0 (iPhone; CPU iPhone OS 13_2_3 like Mac OS X) AppleWebKit/605.1.15 (KHTML, like Gecko) Version/13.0.3 Mobile/15E148 Safari/604.1"
216.73.217.178 - - [17/Jul/2026:20:50:19 -0600] "GET /?p=364 HTTP/2" 301 0 "-" "Mozilla/5.0 AppleWebKit/537.36 (KHTML, like Gecko; compatible; ClaudeBot/1.0; +claudebot@anthropic.com)"
216.73.217.178 - - [17/Jul/2026:20:50:19 -0600] "GET /?p=767 HTTP/2" 301 0 "-" "Mozilla/5.0 AppleWebKit/537.36 (KHTML, like Gecko; compatible; ClaudeBot/1.0; +claudebot@anthropic.com)"
216.73.217.178 - - [17/Jul/2026:20:50:21 -0600] "GET /2023/10/13/the-jfk-shooting-unraveling-conspiracies-and-museum-insights/ HTTP/2" 200 28288 "https://dfwblogger.com/?p=364" "Mozilla/5.0 AppleWebKit/537.36 (KHTML, like Gecko; compatible; ClaudeBot/1.0; +claudebot@anthropic.com)"
216.73.217.178 - - [17/Jul/2026:20:50:21 -0600] "GET /2023/12/04/the-majestic-theatre-in-dallas-a-glorious-legacy-of-entertainment/ HTTP/2" 200 29432 "https://dfwblogger.com/?p=767" "Mozilla/5.0 AppleWebKit/537.36 (KHTML, like Gecko; compatible; ClaudeBot/1.0; +claudebot@anthropic.com)"
101.32.52.164 - - [17/Jul/2026:20:47:14 -0600] "GET /category/fairs-festivals/ HTTP/1.1" 403 72 "-" "Mozilla/5.0 (iPhone; CPU iPhone OS 13_2_3 like Mac OS X) AppleWebKit/605.1.15 (KHTML, like Gecko) Version/13.0.3 Mobile/15E148 Safari/604.1"
43.154.127.188 - - [17/Jul/2026:20:50:41 -0600] "GET /category/fun-for-kids/feed/ HTTP/1.1" 200 32348 "-" "Mozilla/5.0 (iPhone; CPU iPhone OS 13_2_3 like Mac OS X) AppleWebKit/605.1.15 (KHTML, like Gecko) Version/13.0.3 Mobile/15E148 Safari/604.1"
216.73.217.178 - - [17/Jul/2026:20:47:53 -0600] "GET /robots.txt HTTP/2" 200 98 "-" "Mozilla/5.0 AppleWebKit/537.36 (KHTML, like Gecko; compatible; ClaudeBot/1.0; +claudebot@anthropic.com)"
216.73.217.178 - - [17/Jul/2026:20:47:58 -0600] "GET /wp-sitemap.xml HTTP/2" 200 201 "-" "Mozilla/5.0 AppleWebKit/537.36 (KHTML, like Gecko; compatible; ClaudeBot/1.0; +claudebot@anthropic.com)"
216.73.217.178 - - [17/Jul/2026:20:52:25 -0600] "GET /?p=1259 HTTP/2" 301 0 "-" "Mozilla/5.0 AppleWebKit/537.36 (KHTML, like Gecko; compatible; ClaudeBot/1.0; +claudebot@anthropic.com)"
216.73.217.178 - - [17/Jul/2026:20:52:26 -0600] "GET /2025/03/12/living-in-the-dallas-fort-worth-metroplex-with-special-needs-kids/ HTTP/2" 200 28855 "https://dfwblogger.com/?p=1259" "Mozilla/5.0 AppleWebKit/537.36 (KHTML, like Gecko; compatible; ClaudeBot/1.0; +claudebot@anthropic.com)"
216.73.217.178 - - [17/Jul/2026:20:52:57 -0600] "GET /?p=1327 HTTP/2" 301 0 "-" "Mozilla/5.0 AppleWebKit/537.36 (KHTML, like Gecko; compatible; ClaudeBot/1.0; +claudebot@anthropic.com)"
216.73.217.178 - - [17/Jul/2026:20:52:58 -0600] "GET /2025/03/24/what-new-evidence-did-president-trump-release-about-the-jfk-files/ HTTP/2" 200 31526 "https://dfwblogger.com/?p=1327" "Mozilla/5.0 AppleWebKit/537.36 (KHTML, like Gecko; compatible; ClaudeBot/1.0; +claudebot@anthropic.com)"
77.75.78.169 - - [17/Jul/2026:20:54:25 -0600] "GET /2024/02/11/the-sweet-legacy-of-sees-candies/ HTTP/1.1" 200 33946 "-" "Mozilla/5.0 (compatible; SeznamBot/4.0; +https://o-seznam.cz/napoveda/vyhledavani/en/seznambot-crawler/)"
77.75.78.169 - - [17/Jul/2026:20:55:03 -0600] "GET /2025/03/01/the-history-of-cedar-hill-texas/ HTTP/1.1" 200 31828 "-" "Mozilla/5.0 (compatible; SeznamBot/4.0; +https://o-seznam.cz/napoveda/vyhledavani/en/seznambot-crawler/)"
216.73.217.178 - - [17/Jul/2026:20:56:07 -0600] "GET /?p=892 HTTP/2" 301 0 "-" "Mozilla/5.0 AppleWebKit/537.36 (KHTML, like Gecko; compatible; ClaudeBot/1.0; +claudebot@anthropic.com)"
216.73.217.178 - - [17/Jul/2026:20:56:08 -0600] "GET /2024/08/21/who-was-jake/ HTTP/2" 200 27172 "https://dfwblogger.com/?p=892" "Mozilla/5.0 AppleWebKit/537.36 (KHTML, like Gecko; compatible; ClaudeBot/1.0; +claudebot@anthropic.com)"
45.78.209.169 - - [17/Jul/2026:20:57:36 -0600] "GET /wp-content/uploads/2025/03/Waxahachie-Texas.jpg HTTP/2" 200 181280 "-" "Mozilla/5.0 (Windows NT 10.0; Win64; x64) AppleWebKit/537.36 (KHTML, like Gecko) Chrome/148.0.0.0 Safari/537.36"
43.159.140.236 - - [17/Jul/2026:21:02:14 -0600] "GET /wp-json/wp/v2/categories/19 HTTP/1.1" 200 310 "-" "Mozilla/5.0 (iPhone; CPU iPhone OS 13_2_3 like Mac OS X) AppleWebKit/605.1.15 (KHTML, like Gecko) Version/13.0.3 Mobile/15E148 Safari/604.1"
77.75.78.172 - - [17/Jul/2026:21:05:21 -0600] "GET /tag/towns/ HTTP/1.1" 200 26080 "-" "Mozilla/5.0 (compatible; SeznamBot/4.0; +https://o-seznam.cz/napoveda/vyhledavani/en/seznambot-crawler/)"
77.75.78.172 - - [17/Jul/2026:21:02:19 -0600] "GET /tag/science/ HTTP/1.1" 200 26099 "-" "Mozilla/5.0 (compatible; SeznamBot/4.0; +https://o-seznam.cz/napoveda/vyhledavani/en/seznambot-crawler/)"
77.75.78.172 - - [17/Jul/2026:21:02:23 -0600] "GET /tag/balloon-animals/ HTTP/1.1" 200 26388 "-" "Mozilla/5.0 (compatible; SeznamBot/4.0; +https://o-seznam.cz/napoveda/vyhledavani/en/seznambot-crawler/)"
54.39.136.30 - - [17/Jul/2026:21:26:21 -0600] "GET /wp-content/uploads/2026/07/new-coaster.jpg HTTP/2" 200 112630 "-" "Mozilla/5.0 (compatible; AhrefsBot/7.0; +http://ahrefs.com/robot/)"
148.113.130.84 - - [17/Jul/2026:21:26:48 -0600] "GET /wp-content/uploads/2023/10/balloon-glow-1024x411.jpg HTTP/2" 200 82887 "-" "Mozilla/5.0 (compatible; AhrefsBot/7.0; +http://ahrefs.com/robot/)"
198.175.150.9 - - [17/Jul/2026:21:34:05 -0600] "POST /wp-cron.php?doing_wp_cron=1784345645.2096970081329345703125 HTTP/1.1" 200 0 "-" "WordPress/7.0.2; https://dfwblogger.com"
138.246.253.24 - - [17/Jul/2026:21:34:04 -0600] "GET /robots.txt HTTP/1.1" 200 115 "-" "Mozilla/5.0 (Windows NT 10.0; Win64; x64) AppleWebKit/537.36 (KHTML, like Gecko) Chrome/103.0.5060.134 Safari/537.36"
52.53.194.134 - - [17/Jul/2026:21:36:22 -0600] "GET / HTTP/2" 200 30982 "-" "Mozilla/5.0 (Macintosh; Intel Mac OS X 10_15_0) AppleWebKit/537.36 (KHTML, like Gecko) Chrome/81.0.4044.138 Safari/537.36"
185.191.171.19 - - [17/Jul/2026:21:40:13 -0600] "GET /tag/lancaster-tx/ HTTP/1.1" 200 26265 "-" "Mozilla/5.0 (compatible; SemrushBot/7~bl; +http://www.semrush.com/bot.html)"
51.222.168.101 - - [17/Jul/2026:21:26:23 -0600] "GET /wp-content/uploads/2023/10/Ripleys-featured-1024x578.jpg HTTP/2" 200 108234 "-" "Mozilla/5.0 (compatible; AhrefsBot/7.0; +http://ahrefs.com/robot/)"
101.47.42.52 - - [17/Jul/2026:21:29:09 -0600] "GET /wp-content/uploads/2024/02/indian-americans.jpg HTTP/2" 403 72 "-" "Mozilla/5.0 (Windows NT 10.0; Win64; x64) AppleWebKit/537.36 (KHTML, like Gecko) Chrome/148.0.0.0 Safari/537.36"
101.47.42.52 - - [17/Jul/2026:21:29:10 -0600] "GET /wp-content/uploads/2024/02/indian-americans.jpg HTTP/2" 403 72 "-" "Mozilla/5.0 (Windows NT 10.0; Win64; x64) AppleWebKit/537.36 (KHTML, like Gecko) Chrome/148.0.0.0 Safari/537.36"
40.88.21.235 - - [17/Jul/2026:21:35:25 -0600] "GET /wp-content/uploads/2026/07/cropped-logo-dfwblogger-32x32.png HTTP/1.1" 200 2568 "-" "DuckDuckBot/1.1; (+http://duckduckgo.com/duckduckbot.html)"
85.208.96.200 - - [17/Jul/2026:21:40:12 -0600] "GET /robots.txt HTTP/1.1" 200 111 "-" "Mozilla/5.0 (compatible; SemrushBot/7~bl; +http://www.semrush.com/bot.html)"
45.78.215.253 - - [17/Jul/2026:21:20:27 -0600] "GET /wp-content/uploads/2023/10/Aledo-texas.jpg HTTP/2" 200 220844 "-" "Mozilla/5.0 (Windows NT 10.0; Win64; x64) AppleWebKit/537.36 (KHTML, like Gecko) Chrome/146.0.0.0 Safari/537.36"
148.113.130.115 - - [17/Jul/2026:21:23:43 -0600] "GET /category/fun-for-kids/ HTTP/2" 200 26273 "-" "Mozilla/5.0 (compatible; AhrefsBot/7.0; +http://ahrefs.com/robot/)"
43.157.147.3 - - [17/Jul/2026:21:28:15 -0600] "GET /2025/09/09/dallas-fort-worths-highways-are-becoming-obstacle-courses/ HTTP/1.1" 200 36877 "-" "Mozilla/5.0 (iPhone; CPU iPhone OS 13_2_3 like Mac OS X) AppleWebKit/605.1.15 (KHTML, like Gecko) Version/13.0.3 Mobile/15E148 Safari/604.1"
101.47.42.52 - - [17/Jul/2026:21:29:11 -0600] "GET /wp-content/uploads/2024/02/indian-americans.jpg HTTP/2" 403 72 "-" "Mozilla/5.0 (Windows NT 10.0; Win64; x64) AppleWebKit/537.36 (KHTML, like Gecko) Chrome/148.0.0.0 Safari/537.36"
40.88.21.235 - - [17/Jul/2026:21:35:24 -0600] "GET / HTTP/1.1" 200 30982 "http://dfwblogger.com" "DuckDuckBot/1.1; (+http://duckduckgo.com/duckduckbot.html)"
198.175.150.9 - - [17/Jul/2026:21:40:13 -0600] "POST /wp-cron.php?doing_wp_cron=1784346013.7809588909149169921875 HTTP/1.1" 200 0 "-" "WordPress/7.0.2; https://dfwblogger.com"
43.157.147.3 - - [17/Jul/2026:21:13:57 -0600] "GET /2026/01/18/the-history-of-southlake-texas/embed/ HTTP/1.1" 200 7560 "-" "Mozilla/5.0 (iPhone; CPU iPhone OS 13_2_3 like Mac OS X) AppleWebKit/605.1.15 (KHTML, like Gecko) Version/13.0.3 Mobile/15E148 Safari/604.1"
198.175.150.9 - - [17/Jul/2026:21:34:05 -0600] "POST /wp-cron.php?doing_wp_cron=1784345645.1817879676818847656250 HTTP/1.1" 200 0 "-" "WordPress/7.0.2; https://dfwblogger.com"
3.239.198.53 - - [17/Jul/2026:21:44:22 -0600] "GET / HTTP/2" 200 30982 "-" "Mozilla/5.0 (Macintosh; Intel Mac OS X 10_15_0) AppleWebKit/537.36 (KHTML, like Gecko) Chrome/81.0.4044.138 Safari/537.36"
101.47.171.103 - - [17/Jul/2026:22:00:59 -0600] "GET /wp-content/uploads/2024/02/indian-americans-1024x640.jpg HTTP/2" 403 72 "-" "Mozilla/5.0 (Windows NT 10.0; Win64; x64) AppleWebKit/537.36 (KHTML, like Gecko) Chrome/147.0.0.0 Safari/537.36"
170.106.163.84 - - [17/Jul/2026:22:13:11 -0600] "GET /?p=1483 HTTP/1.1" 301 0 "-" "Mozilla/5.0 (iPhone; CPU iPhone OS 13_2_3 like Mac OS X) AppleWebKit/605.1.15 (KHTML, like Gecko) Version/13.0.3 Mobile/15E148 Safari/604.1"
170.106.163.84 - - [17/Jul/2026:22:13:20 -0600] "GET /2025/10/12/heb-coming-to-rockwall/ HTTP/1.1" 200 39195 "https://dfwblogger.com/?p=1483" "Mozilla/5.0 (iPhone; CPU iPhone OS 13_2_3 like Mac OS X) AppleWebKit/605.1.15 (KHTML, like Gecko) Version/13.0.3 Mobile/15E148 Safari/604.1"
52.167.144.182 - - [17/Jul/2026:21:55:01 -0600] "GET /2026/07/ HTTP/2" 200 22305 "-" "Mozilla/5.0 AppleWebKit/537.36 (KHTML, like Gecko; compatible; bingbot/2.0; +http://www.bing.com/bingbot.htm) Chrome/116.0.1938.76 Safari/537.36"
170.106.160.90 - - [17/Jul/2026:21:55:06 -0600] "GET /2025/10/21/the-history-of-lancaster-texas/ HTTP/1.1" 200 37507 "-" "Mozilla/5.0 (iPhone; CPU iPhone OS 13_2_3 like Mac OS X) AppleWebKit/605.1.15 (KHTML, like Gecko) Version/13.0.3 Mobile/15E148 Safari/604.1"
101.47.171.103 - - [17/Jul/2026:22:01:01 -0600] "GET /wp-content/uploads/2024/02/indian-americans-1024x640.jpg HTTP/2" 403 72 "-" "Mozilla/5.0 (Windows NT 10.0; Win64; x64) AppleWebKit/537.36 (KHTML, like Gecko) Chrome/147.0.0.0 Safari/537.36"
216.73.217.178 - - [17/Jul/2026:22:08:16 -0600] "GET /robots.txt HTTP/2" 200 98 "-" "Mozilla/5.0 AppleWebKit/537.36 (KHTML, like Gecko; compatible; ClaudeBot/1.0; +claudebot@anthropic.com)"
216.73.217.178 - - [17/Jul/2026:22:08:22 -0600] "GET /wp-sitemap.xml HTTP/2" 200 201 "-" "Mozilla/5.0 AppleWebKit/537.36 (KHTML, like Gecko; compatible; ClaudeBot/1.0; +claudebot@anthropic.com)"
101.47.171.103 - - [17/Jul/2026:22:01:00 -0600] "GET /wp-content/uploads/2024/02/indian-americans-1024x640.jpg HTTP/2" 403 72 "-" "Mozilla/5.0 (Windows NT 10.0; Win64; x64) AppleWebKit/537.36 (KHTML, like Gecko) Chrome/147.0.0.0 Safari/537.36"
