216.73.216.143 - - [18/Jul/2026:01:24:23 -0600] "GET /robots.txt HTTP/2" 200 96 "-" "Mozilla/5.0 AppleWebKit/537.36 (KHTML, like Gecko; compatible; ClaudeBot/1.0; +claudebot@anthropic.com)"
216.73.216.143 - - [18/Jul/2026:01:24:25 -0600] "GET /wp-sitemap.xml HTTP/2" 200 197 "-" "Mozilla/5.0 AppleWebKit/537.36 (KHTML, like Gecko; compatible; ClaudeBot/1.0; +claudebot@anthropic.com)"
185.191.171.16 - - [18/Jul/2026:01:25:11 -0600] "GET /checkers-the-magician-a-magical-experience-for-kids-and-families-in-mansfield-texas/ HTTP/1.1" 200 37455 "-" "Mozilla/5.0 (compatible; SemrushBot/7~bl; +http://www.semrush.com/bot.html)"
76.186.41.80 - - [18/Jul/2026:01:31:20 -0600] "GET /wp-content/themes/astra/assets/css/minified/frontend.min.css?ver=4.13.6 HTTP/2" 200 9111 "https://dfwmagic.com/magic-shows-near-me-in-frisco-texas/" "Mozilla/5.0 (Windows NT 10.0; Win64; x64) AppleWebKit/537.36 (KHTML, like Gecko) Chrome/150.0.0.0 Safari/537.36 Edg/150.0.0.0"
198.175.150.9 - - [18/Jul/2026:01:31:20 -0600] "POST /wp-cron.php?doing_wp_cron=1784359880.3779320716857910156250 HTTP/1.1" 200 0 "-" "WordPress/7.0.1; https://dfwmagic.com"
76.186.41.80 - - [18/Jul/2026:01:31:18 -0600] "GET /magic-shows-near-me-in-frisco-texas/ HTTP/2" 200 30006 "https://www.google.com/" "Mozilla/5.0 (Windows NT 10.0; Win64; x64) AppleWebKit/537.36 (KHTML, like Gecko) Chrome/150.0.0.0 Safari/537.36 Edg/150.0.0.0"
76.186.41.80 - - [18/Jul/2026:01:31:20 -0600] "GET /wp-content/plugins/elementor/assets/lib/eicons/css/elementor-icons.min.css?ver=5.50.0 HTTP/2" 200 4123 "https://dfwmagic.com/magic-shows-near-me-in-frisco-texas/" "Mozilla/5.0 (Windows NT 10.0; Win64; x64) AppleWebKit/537.36 (KHTML, like Gecko) Chrome/150.0.0.0 Safari/537.36 Edg/150.0.0.0"
76.186.41.80 - - [18/Jul/2026:01:31:20 -0600] "GET /wp-content/plugins/elementor/assets/css/frontend.min.css?ver=4.1.5 HTTP/2" 200 6613 "https://dfwmagic.com/magic-shows-near-me-in-frisco-texas/" "Mozilla/5.0 (Windows NT 10.0; Win64; x64) AppleWebKit/537.36 (KHTML, like Gecko) Chrome/150.0.0.0 Safari/537.36 Edg/150.0.0.0"
76.186.41.80 - - [18/Jul/2026:01:31:20 -0600] "GET /wp-content/uploads/elementor/css/post-256.css?ver=1784284935 HTTP/2" 200 446 "https://dfwmagic.com/magic-shows-near-me-in-frisco-texas/" "Mozilla/5.0 (Windows NT 10.0; Win64; x64) AppleWebKit/537.36 (KHTML, like Gecko) Chrome/150.0.0.0 Safari/537.36 Edg/150.0.0.0"
76.186.41.80 - - [18/Jul/2026:01:31:20 -0600] "GET /wp-content/uploads/astra-addon/astra-addon-6a439d3ba7c902-10687543.css?ver=4.13.5 HTTP/2" 200 6887 "https://dfwmagic.com/magic-shows-near-me-in-frisco-texas/" "Mozilla/5.0 (Windows NT 10.0; Win64; x64) AppleWebKit/537.36 (KHTML, like Gecko) Chrome/150.0.0.0 Safari/537.36 Edg/150.0.0.0"
76.186.41.80 - - [18/Jul/2026:01:31:20 -0600] "GET /wp-content/plugins/ultimate-elementor/assets/min-css/uael-frontend.min.css?ver=1.45.1 HTTP/2" 200 76022 "https://dfwmagic.com/magic-shows-near-me-in-frisco-texas/" "Mozilla/5.0 (Windows NT 10.0; Win64; x64) AppleWebKit/537.36 (KHTML, like Gecko) Chrome/150.0.0.0 Safari/537.36 Edg/150.0.0.0"
76.186.41.80 - - [18/Jul/2026:01:31:20 -0600] "GET /wp-content/plugins/elementor/assets/css/widget-social-icons.min.css?ver=3.24.0 HTTP/2" 200 1039 "https://dfwmagic.com/magic-shows-near-me-in-frisco-texas/" "Mozilla/5.0 (Windows NT 10.0; Win64; x64) AppleWebKit/537.36 (KHTML, like Gecko) Chrome/150.0.0.0 Safari/537.36 Edg/150.0.0.0"
76.186.41.80 - - [18/Jul/2026:01:31:20 -0600] "GET /wp-content/plugins/elementor/assets/lib/font-awesome/css/brands.css?ver=5.15.3 HTTP/2" 200 296 "https://dfwmagic.com/magic-shows-near-me-in-frisco-texas/" "Mozilla/5.0 (Windows NT 10.0; Win64; x64) AppleWebKit/537.36 (KHTML, like Gecko) Chrome/150.0.0.0 Safari/537.36 Edg/150.0.0.0"
76.186.41.80 - - [18/Jul/2026:01:31:20 -0600] "GET /wp-content/plugins/elementor/assets/lib/font-awesome/css/fontawesome.css?ver=5.15.3 HTTP/2" 200 12526 "https://dfwmagic.com/magic-shows-near-me-in-frisco-texas/" "Mozilla/5.0 (Windows NT 10.0; Win64; x64) AppleWebKit/537.36 (KHTML, like Gecko) Chrome/150.0.0.0 Safari/537.36 Edg/150.0.0.0"
76.186.41.80 - - [18/Jul/2026:01:31:20 -0600] "GET /wp-content/plugins/elementor/assets/lib/font-awesome/css/solid.css?ver=5.15.3 HTTP/2" 200 296 "https://dfwmagic.com/magic-shows-near-me-in-frisco-texas/" "Mozilla/5.0 (Windows NT 10.0; Win64; x64) AppleWebKit/537.36 (KHTML, like Gecko) Chrome/150.0.0.0 Safari/537.36 Edg/150.0.0.0"
76.186.41.80 - - [18/Jul/2026:01:31:20 -0600] "GET /wp-content/uploads/elementor/google-fonts/css/roboto.css?ver=1742235209 HTTP/2" 200 1862 "https://dfwmagic.com/magic-shows-near-me-in-frisco-texas/" "Mozilla/5.0 (Windows NT 10.0; Win64; x64) AppleWebKit/537.36 (KHTML, like Gecko) Chrome/150.0.0.0 Safari/537.36 Edg/150.0.0.0"
76.186.41.80 - - [18/Jul/2026:01:31:20 -0600] "GET /wp-content/uploads/elementor/google-fonts/css/robotoslab.css?ver=1742235216 HTTP/2" 200 698 "https://dfwmagic.com/magic-shows-near-me-in-frisco-texas/" "Mozilla/5.0 (Windows NT 10.0; Win64; x64) AppleWebKit/537.36 (KHTML, like Gecko) Chrome/150.0.0.0 Safari/537.36 Edg/150.0.0.0"
76.186.41.80 - - [18/Jul/2026:01:31:20 -0600] "GET /wp-includes/js/jquery/jquery.min.js?ver=3.7.1 HTTP/2" 200 29744 "https://dfwmagic.com/magic-shows-near-me-in-frisco-texas/" "Mozilla/5.0 (Windows NT 10.0; Win64; x64) AppleWebKit/537.36 (KHTML, like Gecko) Chrome/150.0.0.0 Safari/537.36 Edg/150.0.0.0"
76.186.41.80 - - [18/Jul/2026:01:31:20 -0600] "GET /wp-includes/js/jquery/jquery-migrate.min.js?ver=3.4.1 HTTP/2" 200 4678 "https://dfwmagic.com/magic-shows-near-me-in-frisco-texas/" "Mozilla/5.0 (Windows NT 10.0; Win64; x64) AppleWebKit/537.36 (KHTML, like Gecko) Chrome/150.0.0.0 Safari/537.36 Edg/150.0.0.0"
76.186.41.80 - - [18/Jul/2026:01:31:20 -0600] "GET /wp-content/uploads/2025/03/Checkers-the-Magician-Frisco.jpg HTTP/2" 200 67622 "https://dfwmagic.com/magic-shows-near-me-in-frisco-texas/" "Mozilla/5.0 (Windows NT 10.0; Win64; x64) AppleWebKit/537.36 (KHTML, like Gecko) Chrome/150.0.0.0 Safari/537.36 Edg/150.0.0.0"
76.186.41.80 - - [18/Jul/2026:01:31:20 -0600] "GET /wp-content/uploads/2025/03/Addison-Birthday-Party-Magic-Show.jpg HTTP/2" 200 63410 "https://dfwmagic.com/magic-shows-near-me-in-frisco-texas/" "Mozilla/5.0 (Windows NT 10.0; Win64; x64) AppleWebKit/537.36 (KHTML, like Gecko) Chrome/150.0.0.0 Safari/537.36 Edg/150.0.0.0"
76.186.41.80 - - [18/Jul/2026:01:31:20 -0600] "GET /wp-content/uploads/2025/03/Aledo-Birthday-Party-Magic-Show.jpg HTTP/2" 200 62624 "https://dfwmagic.com/magic-shows-near-me-in-frisco-texas/" "Mozilla/5.0 (Windows NT 10.0; Win64; x64) AppleWebKit/537.36 (KHTML, like Gecko) Chrome/150.0.0.0 Safari/537.36 Edg/150.0.0.0"
76.186.41.80 - - [18/Jul/2026:01:31:20 -0600] "GET /wp-content/plugins/astra-addon/addons/nav-menu/assets/css/minified/magamenu-frontend.min.css?ver=4.13.5 HTTP/2" 200 0 "https://dfwmagic.com/magic-shows-near-me-in-frisco-texas/" "Mozilla/5.0 (Windows NT 10.0; Win64; x64) AppleWebKit/537.36 (KHTML, like Gecko) Chrome/150.0.0.0 Safari/537.36 Edg/150.0.0.0"
76.186.41.80 - - [18/Jul/2026:01:31:20 -0600] "GET /wp-content/themes/astra/assets/js/minified/frontend.min.js?ver=4.13.6 HTTP/2" 200 5693 "https://dfwmagic.com/magic-shows-near-me-in-frisco-texas/" "Mozilla/5.0 (Windows NT 10.0; Win64; x64) AppleWebKit/537.36 (KHTML, like Gecko) Chrome/150.0.0.0 Safari/537.36 Edg/150.0.0.0"
76.186.41.80 - - [18/Jul/2026:01:31:20 -0600] "GET /wp-content/uploads/astra-addon/astra-addon-6a439d3ba85c10-33209755.js?ver=4.13.5 HTTP/2" 200 8448 "https://dfwmagic.com/magic-shows-near-me-in-frisco-texas/" "Mozilla/5.0 (Windows NT 10.0; Win64; x64) AppleWebKit/537.36 (KHTML, like Gecko) Chrome/150.0.0.0 Safari/537.36 Edg/150.0.0.0"
76.186.41.80 - - [18/Jul/2026:01:31:20 -0600] "GET /wp-content/plugins/astra-addon/assets/js/minified/purify.min.js?ver=4.13.5 HTTP/2" 200 10151 "https://dfwmagic.com/magic-shows-near-me-in-frisco-texas/" "Mozilla/5.0 (Windows NT 10.0; Win64; x64) AppleWebKit/537.36 (KHTML, like Gecko) Chrome/150.0.0.0 Safari/537.36 Edg/150.0.0.0"
76.186.41.80 - - [18/Jul/2026:01:31:20 -0600] "GET /wp-content/plugins/elementor/assets/js/webpack.runtime.min.js?ver=4.1.5 HTTP/2" 200 2338 "https://dfwmagic.com/magic-shows-near-me-in-frisco-texas/" "Mozilla/5.0 (Windows NT 10.0; Win64; x64) AppleWebKit/537.36 (KHTML, like Gecko) Chrome/150.0.0.0 Safari/537.36 Edg/150.0.0.0"
76.186.41.80 - - [18/Jul/2026:01:31:20 -0600] "GET /wp-content/plugins/elementor/assets/js/frontend-modules.min.js?ver=4.1.5 HTTP/2" 200 15445 "https://dfwmagic.com/magic-shows-near-me-in-frisco-texas/" "Mozilla/5.0 (Windows NT 10.0; Win64; x64) AppleWebKit/537.36 (KHTML, like Gecko) Chrome/150.0.0.0 Safari/537.36 Edg/150.0.0.0"
76.186.41.80 - - [18/Jul/2026:01:31:20 -0600] "GET /wp-includes/js/jquery/ui/core.min.js?ver=1.13.3 HTTP/2" 200 6812 "https://dfwmagic.com/magic-shows-near-me-in-frisco-texas/" "Mozilla/5.0 (Windows NT 10.0; Win64; x64) AppleWebKit/537.36 (KHTML, like Gecko) Chrome/150.0.0.0 Safari/537.36 Edg/150.0.0.0"
76.186.41.80 - - [18/Jul/2026:01:31:20 -0600] "GET /wp-content/plugins/elementor/assets/js/frontend.min.js?ver=4.1.5 HTTP/2" 200 10124 "https://dfwmagic.com/magic-shows-near-me-in-frisco-texas/" "Mozilla/5.0 (Windows NT 10.0; Win64; x64) AppleWebKit/537.36 (KHTML, like Gecko) Chrome/150.0.0.0 Safari/537.36 Edg/150.0.0.0"
76.186.41.80 - - [18/Jul/2026:01:31:20 -0600] "GET /wp-content/plugins/elementor-pro/assets/js/webpack-pro.runtime.min.js?ver=4.1.3 HTTP/2" 200 2606 "https://dfwmagic.com/magic-shows-near-me-in-frisco-texas/" "Mozilla/5.0 (Windows NT 10.0; Win64; x64) AppleWebKit/537.36 (KHTML, like Gecko) Chrome/150.0.0.0 Safari/537.36 Edg/150.0.0.0"
76.186.41.80 - - [18/Jul/2026:01:31:20 -0600] "GET /wp-includes/js/dist/hooks.min.js?ver=7496969728ca0f95732d HTTP/2" 200 1734 "https://dfwmagic.com/magic-shows-near-me-in-frisco-texas/" "Mozilla/5.0 (Windows NT 10.0; Win64; x64) AppleWebKit/537.36 (KHTML, like Gecko) Chrome/150.0.0.0 Safari/537.36 Edg/150.0.0.0"
76.186.41.80 - - [18/Jul/2026:01:31:20 -0600] "GET /wp-includes/js/dist/i18n.min.js?ver=781d11515ad3d91786ec HTTP/2" 200 2354 "https://dfwmagic.com/magic-shows-near-me-in-frisco-texas/" "Mozilla/5.0 (Windows NT 10.0; Win64; x64) AppleWebKit/537.36 (KHTML, like Gecko) Chrome/150.0.0.0 Safari/537.36 Edg/150.0.0.0"
76.186.41.80 - - [18/Jul/2026:01:31:20 -0600] "GET /wp-content/plugins/elementor-pro/assets/js/frontend.min.js?ver=4.1.3 HTTP/2" 200 6191 "https://dfwmagic.com/magic-shows-near-me-in-frisco-texas/" "Mozilla/5.0 (Windows NT 10.0; Win64; x64) AppleWebKit/537.36 (KHTML, like Gecko) Chrome/150.0.0.0 Safari/537.36 Edg/150.0.0.0"
76.186.41.80 - - [18/Jul/2026:01:31:20 -0600] "GET /wp-content/plugins/elementor-pro/assets/js/elements-handlers.min.js?ver=4.1.3 HTTP/2" 200 10079 "https://dfwmagic.com/magic-shows-near-me-in-frisco-texas/" "Mozilla/5.0 (Windows NT 10.0; Win64; x64) AppleWebKit/537.36 (KHTML, like Gecko) Chrome/150.0.0.0 Safari/537.36 Edg/150.0.0.0"
76.186.41.80 - - [18/Jul/2026:01:31:20 -0600] "GET /wp-content/themes/astra/assets/fonts/astra.woff HTTP/2" 200 3304 "https://dfwmagic.com/magic-shows-near-me-in-frisco-texas/" "Mozilla/5.0 (Windows NT 10.0; Win64; x64) AppleWebKit/537.36 (KHTML, like Gecko) Chrome/150.0.0.0 Safari/537.36 Edg/150.0.0.0"
76.186.41.80 - - [18/Jul/2026:01:31:20 -0600] "GET /wp-content/plugins/elementor/assets/js/section-frontend-handlers.d85ab872da118940910d.bundle.min.js HTTP/2" 200 229 "https://dfwmagic.com/magic-shows-near-me-in-frisco-texas/" "Mozilla/5.0 (Windows NT 10.0; Win64; x64) AppleWebKit/537.36 (KHTML, like Gecko) Chrome/150.0.0.0 Safari/537.36 Edg/150.0.0.0"
76.186.41.80 - - [18/Jul/2026:01:31:20 -0600] "GET /wp-content/plugins/elementor/assets/js/shared-frontend-handlers.03caa53373b56d3bab67.bundle.min.js HTTP/2" 200 2511 "https://dfwmagic.com/magic-shows-near-me-in-frisco-texas/" "Mozilla/5.0 (Windows NT 10.0; Win64; x64) AppleWebKit/537.36 (KHTML, like Gecko) Chrome/150.0.0.0 Safari/537.36 Edg/150.0.0.0"
76.186.41.80 - - [18/Jul/2026:01:31:20 -0600] "GET /wp-content/plugins/elementor/assets/js/text-editor.45609661e409413f1cef.bundle.min.js HTTP/2" 200 592 "https://dfwmagic.com/magic-shows-near-me-in-frisco-texas/" "Mozilla/5.0 (Windows NT 10.0; Win64; x64) AppleWebKit/537.36 (KHTML, like Gecko) Chrome/150.0.0.0 Safari/537.36 Edg/150.0.0.0"
76.186.41.80 - - [18/Jul/2026:01:31:20 -0600] "GET /wp-content/uploads/2025/03/cropped-icon-32x32.png HTTP/2" 200 1815 "https://dfwmagic.com/magic-shows-near-me-in-frisco-texas/" "Mozilla/5.0 (Windows NT 10.0; Win64; x64) AppleWebKit/537.36 (KHTML, like Gecko) Chrome/150.0.0.0 Safari/537.36 Edg/150.0.0.0"
76.186.41.80 - - [18/Jul/2026:01:31:20 -0600] "GET /wp-includes/js/wp-emoji-release.min.js?ver=7.0.1 HTTP/2" 200 4974 "https://dfwmagic.com/magic-shows-near-me-in-frisco-texas/" "Mozilla/5.0 (Windows NT 10.0; Win64; x64) AppleWebKit/537.36 (KHTML, like Gecko) Chrome/150.0.0.0 Safari/537.36 Edg/150.0.0.0"
198.175.150.9 - - [18/Jul/2026:01:35:59 -0600] "POST /wp-cron.php?doing_wp_cron=1784360159.7926449775695800781250 HTTP/1.1" 200 0 "-" "WordPress/7.0.1; https://dfwmagic.com"
74.7.227.147 - - [18/Jul/2026:02:30:36 -0600] "GET /wp-sitemap.xml HTTP/2" 200 197 "-" "Mozilla/5.0 AppleWebKit/537.36 (KHTML, like Gecko; compatible; GPTBot/1.4; +https://openai.com/gptbot)"
43.173.73.64 - - [18/Jul/2026:02:36:20 -0600] "GET /ip HTTP/1.1" 404 139068 "-" "Mozilla/5.0 (Macintosh; Intel Mac OS X 10_15_7) AppleWebKit/537.36 (KHTML, like Gecko) Chrome/114.0.0.0 Safari/537.36"
51.222.168.115 - - [17/Jul/2026:23:57:05 -0600] "GET /wp-content/uploads/2023/01/nothing-beats-magic-1024x512.jpg HTTP/2" 200 43246 "-" "Mozilla/5.0 (compatible; AhrefsBot/7.0; +http://ahrefs.com/robot/)"
198.175.150.9 - - [18/Jul/2026:00:35:10 -0600] "POST /wp-cron.php?doing_wp_cron=1784356510.4124069213867187500000 HTTP/1.1" 200 0 "-" "WordPress/7.0.1; https://dfwmagic.com"
198.235.24.50 - - [18/Jul/2026:00:55:20 -0600] "GET / HTTP/1.1" 200 165582 "http://www.dfwmagic.dfw.party/" "Hello from Palo Alto Networks, find out more about our scans in https://docs-cortex.paloaltonetworks.com/r/1/Cortex-Xpanse/Scanning-activity"
185.191.171.3 - - [18/Jul/2026:01:25:08 -0600] "GET /robots.txt HTTP/1.1" 200 109 "-" "Mozilla/5.0 (compatible; SemrushBot/7~bl; +http://www.semrush.com/bot.html)"
198.175.150.9 - - [18/Jul/2026:01:35:59 -0600] "POST /wp-cron.php?doing_wp_cron=1784360159.8471159934997558593750 HTTP/1.1" 200 0 "-" "WordPress/7.0.1; https://dfwmagic.com"
198.175.150.9 - - [18/Jul/2026:01:38:53 -0600] "POST /wp-cron.php?doing_wp_cron=1784360333.6259601116180419921875 HTTP/1.1" 200 0 "-" "WordPress/7.0.1; https://dfwmagic.com"
74.7.230.38 - - [18/Jul/2026:01:54:34 -0600] "GET /robots.txt HTTP/2" 200 96 "-" "Mozilla/5.0 (Macintosh; Intel Mac OS X 10_15_7) AppleWebKit/537.36 (KHTML, like Gecko) Chrome/131.0.0.0 Safari/537.36; compatible; OAI-SearchBot/1.4; robots.txt; +https://openai.com/searchbot"
43.173.122.214 - - [18/Jul/2026:02:36:27 -0600] "GET /ip HTTP/1.1" 404 139068 "-" "Mozilla/5.0 (Macintosh; Intel Mac OS X 10_15_7) AppleWebKit/537.36 (KHTML, like Gecko) Chrome/114.0.0.0 Safari/537.36"
185.191.171.9 - - [18/Jul/2026:01:38:51 -0600] "GET /services/ HTTP/1.1" 200 34927 "-" "Mozilla/5.0 (compatible; SemrushBot/7~bl; +http://www.semrush.com/bot.html)"
74.7.227.53 - - [18/Jul/2026:01:54:34 -0600] "GET / HTTP/2" 301 0 "-" "Mozilla/5.0 AppleWebKit/537.36 (KHTML, like Gecko; compatible; GPTBot/1.4; +https://openai.com/gptbot)"
74.7.241.145 - - [18/Jul/2026:02:30:36 -0600] "GET /robots.txt HTTP/2" 200 96 "-" "Mozilla/5.0 (Macintosh; Intel Mac OS X 10_15_7) AppleWebKit/537.36 (KHTML, like Gecko) Chrome/131.0.0.0 Safari/537.36; compatible; OAI-SearchBot/1.4; robots.txt; +https://openai.com/searchbot"
148.113.128.7 - - [17/Jul/2026:23:56:01 -0600] "GET /checkers-the-magician-bringing-joy-and-laughter-to-kids-and-families-in-university-park-tx/ HTTP/2" 200 31150 "-" "Mozilla/5.0 (compatible; AhrefsBot/7.0; +http://ahrefs.com/robot/)"
87.253.120.127 - - [18/Jul/2026:00:05:07 -0600] "GET /kids-magic-shows-in-waxahachie/ HTTP/1.1" 200 36325 "-" "Mozilla/5.0 (Macintosh; Intel Mac OS X 15_3_1) AppleWebKit/537.36 (KHTML, like Gecko) Chrome/125.0.6422.176 Safari/537.36"
188.244.23.241 - - [18/Jul/2026:00:35:08 -0600] "GET /comedy-magic-for-preschool-kids/ HTTP/1.1" 404 27732 "-" "Mozilla/5.0 (Macintosh; Intel Mac OS X 14.6; rv:126.0) Gecko/20100101 Firefox/126.0"
198.175.150.9 - - [18/Jul/2026:00:38:32 -0600] "POST /wp-cron.php?doing_wp_cron=1784356712.4552268981933593750000 HTTP/1.1" 200 0 "-" "WordPress/7.0.1; https://dfwmagic.com"
54.39.203.17 - - [18/Jul/2026:00:44:49 -0600] "GET /birthday-party-magic-show-in-aledo/ HTTP/2" 200 30551 "-" "Mozilla/5.0 (compatible; AhrefsBot/7.0; +http://ahrefs.com/robot/)"
17.241.219.81 - - [18/Jul/2026:01:35:58 -0600] "GET /grapevine-birthday-party-magic-show/ HTTP/2" 200 37059 "-" "Mozilla/5.0 (Macintosh; Intel Mac OS X 10_15_7) AppleWebKit/605.1.15 (KHTML, like Gecko) Version/17.4 Safari/605.1.15 (Applebot/0.1; +http://www.apple.com/go/applebot)"
198.175.150.9 - - [18/Jul/2026:02:30:39 -0600] "POST /wp-cron.php?doing_wp_cron=1784363439.2652120590209960937500 HTTP/1.1" 200 0 "-" "WordPress/7.0.1; https://dfwmagic.com"
95.215.36.129 - - [18/Jul/2026:03:07:14 -0600] "GET /kids-magic-shows-in-fort-worth/ HTTP/2" 200 30531 "-" "Mozilla/5.0 (Windows NT 6.1; WOW64) AppleWebKit/537.36 (KHTML, like Gecko) Chrome/60.0.6629.1987 Safari/537.36"
95.215.36.129 - - [18/Jul/2026:03:07:18 -0600] "GET /wp-content/plugins/astra-addon/addons/nav-menu/assets/css/minified/magamenu-frontend.min.css?ver=4.13.5 HTTP/2" 200 0 "https://dfwmagic.com/kids-magic-shows-in-fort-worth/" "Mozilla/5.0 (Windows NT 6.1; WOW64) AppleWebKit/537.36 (KHTML, like Gecko) Chrome/60.0.6629.1987 Safari/537.36"
198.175.150.9 - - [18/Jul/2026:03:07:16 -0600] "POST /wp-cron.php?doing_wp_cron=1784365636.5599191188812255859375 HTTP/1.1" 200 0 "-" "WordPress/7.0.1; https://dfwmagic.com"
35.198.224.134 - - [18/Jul/2026:03:15:28 -0600] "GET /components/com_sppagebuilder/assets/css/sppagebuilder.css HTTP/1.1" 404 143389 "https://dfwmagic.com/" "Mozilla/5.0 (iPhone; CPU iPhone OS 17_1_1 like Mac OS X) AppleWebKit/605.1.15 (KHTML, like Gecko) Version/17.1 Mobile/15E148 Safari/604.1"
88.97.207.75 - - [18/Jul/2026:03:27:18 -0600] "GET /kids-magic-shows-in-cedar-hill/ HTTP/1.1" 200 36229 "-" "Mozilla/5.0 (Macintosh; Intel Mac OS X 14.2; rv:127.0) Gecko/20100101 Firefox/127.0"
119.8.174.187 - - [18/Jul/2026:03:29:08 -0600] "GET /ip HTTP/1.1" 403 55 "-" "Mozilla/5.0 (Macintosh; Intel Mac OS X 10_15_7) AppleWebKit/537.36 (KHTML, like Gecko) Chrome/114.0.0.0 Safari/537.36"
216.73.216.143 - - [18/Jul/2026:03:29:29 -0600] "GET /robots.txt HTTP/2" 200 96 "-" "Mozilla/5.0 AppleWebKit/537.36 (KHTML, like Gecko; compatible; ClaudeBot/1.0; +claudebot@anthropic.com)"
216.73.216.143 - - [18/Jul/2026:03:29:31 -0600] "GET /wp-sitemap.xml HTTP/2" 200 197 "-" "Mozilla/5.0 AppleWebKit/537.36 (KHTML, like Gecko; compatible; ClaudeBot/1.0; +claudebot@anthropic.com)"
46.250.175.78 - - [18/Jul/2026:03:29:08 -0600] "GET /ip HTTP/1.1" 404 139068 "-" "Mozilla/5.0 (Macintosh; Intel Mac OS X 10_15_7) AppleWebKit/537.36 (KHTML, like Gecko) Chrome/114.0.0.0 Safari/537.36"
192.36.109.114 - - [18/Jul/2026:03:29:11 -0600] "GET / HTTP/1.1" 200 34497 "http://dfwmagic.com/" "Mozilla/5.0 (Android 14; Mobile; rv:123.0) Gecko/123.0 Firefox/123"
192.36.109.117 - - [18/Jul/2026:03:29:15 -0600] "GET /about-checkers-the-magician/ HTTP/1.1" 200 33376 "-" "Mozilla/5.0 (Android 14; Mobile; rv:123.0) Gecko/123.0 Firefox/123"
189.1.229.158 - - [18/Jul/2026:03:29:08 -0600] "GET /ip HTTP/1.1" 404 139068 "-" "Mozilla/5.0 (Macintosh; Intel Mac OS X 10_15_7) AppleWebKit/537.36 (KHTML, like Gecko) Chrome/114.0.0.0 Safari/537.36"
192.36.109.98 - - [18/Jul/2026:03:29:19 -0600] "GET /kid-shows/ HTTP/1.1" 200 72873 "-" "Mozilla/5.0 (Android 14; Mobile; rv:123.0) Gecko/123.0 Firefox/123"
198.175.150.9 - - [18/Jul/2026:03:27:20 -0600] "POST /wp-cron.php?doing_wp_cron=1784366840.1447269916534423828125 HTTP/1.1" 200 0 "-" "WordPress/7.0.1; https://dfwmagic.com"
46.250.168.75 - - [18/Jul/2026:03:29:16 -0600] "GET /ip HTTP/1.1" 404 139068 "-" "Mozilla/5.0 (Macintosh; Intel Mac OS X 10_15_7) AppleWebKit/537.36 (KHTML, like Gecko) Chrome/114.0.0.0 Safari/537.36"
192.36.109.129 - - [18/Jul/2026:03:29:17 -0600] "GET /school-library-shows/ HTTP/1.1" 200 70034 "-" "Mozilla/5.0 (Android 14; Mobile; rv:123.0) Gecko/123.0 Firefox/123"
198.175.150.9 - - [18/Jul/2026:04:07:00 -0600] "POST /wp-cron.php?doing_wp_cron=1784369220.3289210796356201171875 HTTP/1.1" 200 0 "-" "WordPress/7.0.1; https://dfwmagic.com"
198.175.150.9 - - [18/Jul/2026:04:07:00 -0600] "POST /wp-cron.php?doing_wp_cron=1784369220.2627239227294921875000 HTTP/1.1" 200 0 "-" "WordPress/7.0.1; https://dfwmagic.com"
198.175.150.9 - - [18/Jul/2026:04:07:00 -0600] "POST /wp-cron.php?doing_wp_cron=1784369220.2850289344787597656250 HTTP/1.1" 200 0 "-" "WordPress/7.0.1; https://dfwmagic.com"
52.167.144.25 - - [18/Jul/2026:04:06:58 -0600] "GET /wp-sitemap-posts-post-1.xml HTTP/2" 200 2629 "-" "Mozilla/5.0 AppleWebKit/537.36 (KHTML, like Gecko; compatible; bingbot/2.0; +http://www.bing.com/bingbot.htm) Chrome/116.0.1938.76 Safari/537.36"
17.241.219.49 - - [18/Jul/2026:04:11:23 -0600] "GET /kids-magic-shows-in-sachse/ HTTP/2" 200 36400 "-" "Mozilla/5.0 (Macintosh; Intel Mac OS X 10_15_7) AppleWebKit/605.1.15 (KHTML, like Gecko) Version/17.4 Safari/605.1.15 (Applebot/0.1; +http://www.apple.com/go/applebot)"
142.111.93.219 - - [18/Jul/2026:04:18:13 -0600] "GET /magic-shows-near-me-in-plano-texas/ HTTP/1.1" 200 29931 "-" "Mozilla/5.0 (compatible; Googlebot/2.1; +http://www.google.com/bot.html)"
142.111.93.220 - - [18/Jul/2026:04:34:48 -0600] "GET /category/characters/ HTTP/1.1" 200 24129 "-" "Mozilla/5.0 (compatible; Googlebot/2.1; +http://www.google.com/bot.html)"
85.208.96.203 - - [18/Jul/2026:04:41:32 -0600] "GET /robots.txt HTTP/1.1" 200 109 "-" "Mozilla/5.0 (compatible; SemrushBot/7~bl; +http://www.semrush.com/bot.html)"
198.175.150.9 - - [18/Jul/2026:04:40:11 -0600] "POST /wp-cron.php?doing_wp_cron=1784371211.2482910156250000000000 HTTP/1.1" 200 0 "-" "WordPress/7.0.1; https://dfwmagic.com"
198.175.150.9 - - [18/Jul/2026:04:40:50 -0600] "HEAD / HTTP/1.1" 200 0 "-" "-"
85.208.96.198 - - [18/Jul/2026:04:41:34 -0600] "GET /make-your-indian-birthday-party-magical-with-checkers-the-magician-in-dallas-fort-worth/ HTTP/1.1" 200 37640 "-" "Mozilla/5.0 (compatible; SemrushBot/7~bl; +http://www.semrush.com/bot.html)"
198.175.150.9 - - [18/Jul/2026:04:34:49 -0600] "POST /wp-cron.php?doing_wp_cron=1784370889.8569459915161132812500 HTTP/1.1" 200 0 "-" "WordPress/7.0.1; https://dfwmagic.com"
198.175.150.9 - - [18/Jul/2026:04:40:34 -0600] "HEAD / HTTP/1.1" 200 0 "-" "-"
198.175.150.9 - - [18/Jul/2026:04:40:43 -0600] "POST /wp-admin/upgrade.php?step=upgrade_db HTTP/1.1" 200 21 "-" "WordPress/7.0.1; https://dfwmagic.com"
157.55.39.7 - - [18/Jul/2026:04:44:02 -0600] "GET / HTTP/2" 200 29043 "-" "Mozilla/5.0 AppleWebKit/537.36 (KHTML, like Gecko; compatible; bingbot/2.0; +http://www.bing.com/bingbot.htm) Chrome/116.0.1938.76 Safari/537.36"
58.68.199.214 - - [18/Jul/2026:04:47:21 -0600] "GET /kids-magic-shows-in-euless/ HTTP/2" 403 72 "-" "Mozilla/5.0 (iPhone; CPU iPhone OS 11_0 like Mac OS X) AppleWebKit/537.36 (KHTML, like Gecko) Chrome/46.0.7481.1920 Mobile Safari/537.36"
17.22.237.228 - - [18/Jul/2026:04:55:19 -0600] "GET /robots.txt HTTP/2" 200 109 "-" "Mozilla/5.0 (Macintosh; Intel Mac OS X 10_15_7) AppleWebKit/605.1.15 (KHTML, like Gecko) Version/17.4 Safari/605.1.15 (Applebot/0.1; +http://www.apple.com/go/applebot)"
17.22.237.228 - - [18/Jul/2026:04:55:20 -0600] "GET /checkers-the-magician-the-perfect-entertainment-for-hoa-events-and-kids-parties-in-the-dfw-metroplex-area/ HTTP/2" 200 37573 "-" "Mozilla/5.0 (Macintosh; Intel Mac OS X 10_15_7) AppleWebKit/605.1.15 (KHTML, like Gecko) Version/17.4 Safari/605.1.15 (Applebot/0.1; +http://www.apple.com/go/applebot)"
47.128.22.189 - - [18/Jul/2026:04:55:21 -0600] "GET /kids-magic-shows-in-euless/ HTTP/2" 200 30593 "-" "Mozilla/5.0 (Linux; Android 5.0) AppleWebKit/537.36 (KHTML, like Gecko) Mobile Safari/537.36 (compatible; Bytespider; spider-feedback@bytedance.com)"
47.128.22.189 - - [18/Jul/2026:04:55:25 -0600] "GET /wp-content/plugins/astra-addon/addons/nav-menu/assets/css/minified/magamenu-frontend.min.css?ver=4.13.5 HTTP/2" 200 0 "https://dfwmagic.com/kids-magic-shows-in-euless/" "Mozilla/5.0 (Linux; Android 5.0) AppleWebKit/537.36 (KHTML, like Gecko) Mobile Safari/537.36 (compatible; Bytespider; spider-feedback@bytedance.com)"
40.77.167.41 - - [18/Jul/2026:04:44:14 -0600] "GET /wp-content/uploads/elementor/css/post-380.css?ver=1784285602 HTTP/2" 200 579 "https://dfwmagic.com/" "Mozilla/5.0 AppleWebKit/537.36 (KHTML, like Gecko; compatible; bingbot/2.0; +http://www.bing.com/bingbot.htm) Chrome/136.0.0.0 Safari/537.36 AppleWebKit/537.36 (KHTML, like Gecko; compatible; bingbot/2.0; +http://www.bing.com/bingbot.htm) Chrome/116.0.1938.76 Safari/537.36"
40.77.167.41 - - [18/Jul/2026:04:44:14 -0600] "GET /wp-content/plugins/elementor/assets/css/conditionals/e-swiper.min.css?ver=4.1.5 HTTP/2" 200 699 "https://dfwmagic.com/" "Mozilla/5.0 AppleWebKit/537.36 (KHTML, like Gecko; compatible; bingbot/2.0; +http://www.bing.com/bingbot.htm) Chrome/136.0.0.0 Safari/537.36 AppleWebKit/537.36 (KHTML, like Gecko; compatible; bingbot/2.0; +http://www.bing.com/bingbot.htm) Chrome/116.0.1938.76 Safari/537.36"
40.77.167.126 - - [18/Jul/2026:04:44:21 -0600] "GET /wp-content/plugins/elementor-pro/assets/css/widget-carousel-module-base.min.css?ver=4.1.3 HTTP/2" 200 584 "https://dfwmagic.com/" "Mozilla/5.0 AppleWebKit/537.36 (KHTML, like Gecko; compatible; bingbot/2.0; +http://www.bing.com/bingbot.htm) Chrome/136.0.0.0 Safari/537.36 AppleWebKit/537.36 (KHTML, like Gecko; compatible; bingbot/2.0; +http://www.bing.com/bingbot.htm) Chrome/116.0.1938.76 Safari/537.36"
216.73.216.143 - - [18/Jul/2026:04:47:32 -0600] "GET /checkers-offers-dallas-kids-magic-entertaining-and-enchanting-shows-with-dallas-magician-checkers/ HTTP/2" 200 29918 "-" "Mozilla/5.0 AppleWebKit/537.36 (KHTML, like Gecko; compatible; ClaudeBot/1.0; +claudebot@anthropic.com)"
85.208.96.198 - - [18/Jul/2026:04:48:55 -0600] "GET /checkers-the-magician-the-best-kids-magic-show-in-grand-prairie-texas/ HTTP/1.1" 200 36641 "-" "Mozilla/5.0 (compatible; SemrushBot/7~bl; +http://www.semrush.com/bot.html)"
157.55.39.7 - - [18/Jul/2026:04:44:26 -0600] "GET /wp-content/plugins/elementor-pro/assets/css/widget-testimonial-carousel.min.css?ver=4.1.3 HTTP/2" 200 1398 "https://dfwmagic.com/" "Mozilla/5.0 AppleWebKit/537.36 (KHTML, like Gecko; compatible; bingbot/2.0; +http://www.bing.com/bingbot.htm) Chrome/136.0.0.0 Safari/537.36 AppleWebKit/537.36 (KHTML, like Gecko; compatible; bingbot/2.0; +http://www.bing.com/bingbot.htm) Chrome/116.0.1938.76 Safari/537.36"
157.55.39.7 - - [18/Jul/2026:04:44:26 -0600] "GET /wp-includes/js/wp-emoji-release.min.js?ver=7.0.2 HTTP/2" 200 4974 "https://dfwmagic.com/" "Mozilla/5.0 AppleWebKit/537.36 (KHTML, like Gecko; compatible; bingbot/2.0; +http://www.bing.com/bingbot.htm) Chrome/136.0.0.0 Safari/537.36 AppleWebKit/537.36 (KHTML, like Gecko; compatible; bingbot/2.0; +http://www.bing.com/bingbot.htm) Chrome/116.0.1938.76 Safari/537.36"
216.73.216.143 - - [18/Jul/2026:04:47:18 -0600] "GET /robots.txt HTTP/2" 200 96 "-" "Mozilla/5.0 AppleWebKit/537.36 (KHTML, like Gecko; compatible; ClaudeBot/1.0; +claudebot@anthropic.com)"
216.73.216.143 - - [18/Jul/2026:04:47:20 -0600] "GET /author/johnfite/page/15/ HTTP/2" 200 26664 "-" "Mozilla/5.0 AppleWebKit/537.36 (KHTML, like Gecko; compatible; ClaudeBot/1.0; +claudebot@anthropic.com)"
17.22.237.7 - - [18/Jul/2026:05:02:16 -0600] "GET /wp-content/plugins/elementor/assets/lib/eicons/css/elementor-icons.min.css?ver=5.50.0 HTTP/2" 200 4123 "https://dfwmagic.com/checkers-the-magician-the-perfect-entertainment-for-hoa-events-and-kids-parties-in-the-dfw-metroplex-area/" "Mozilla/5.0 (Macintosh; Intel Mac OS X 10_15_7) AppleWebKit/605.1.15 (KHTML, like Gecko) Version/17.4 Safari/605.1.15 (Applebot/0.1; +http://www.apple.com/go/applebot)"
17.22.237.7 - - [18/Jul/2026:05:02:17 -0600] "GET /wp-content/themes/astra/assets/css/minified/frontend.min.css?ver=4.13.6 HTTP/2" 200 9111 "https://dfwmagic.com/checkers-the-magician-the-perfect-entertainment-for-hoa-events-and-kids-parties-in-the-dfw-metroplex-area/" "Mozilla/5.0 (Macintosh; Intel Mac OS X 10_15_7) AppleWebKit/605.1.15 (KHTML, like Gecko) Version/17.4 Safari/605.1.15 (Applebot/0.1; +http://www.apple.com/go/applebot)"
17.22.237.7 - - [18/Jul/2026:05:02:19 -0600] "GET /wp-content/uploads/astra-addon/astra-addon-6a439d3ba7c902-10687543.css?ver=4.13.5 HTTP/2" 200 6887 "https://dfwmagic.com/checkers-the-magician-the-perfect-entertainment-for-hoa-events-and-kids-parties-in-the-dfw-metroplex-area/" "Mozilla/5.0 (Macintosh; Intel Mac OS X 10_15_7) AppleWebKit/605.1.15 (KHTML, like Gecko) Version/17.4 Safari/605.1.15 (Applebot/0.1; +http://www.apple.com/go/applebot)"
17.22.237.7 - - [18/Jul/2026:05:02:20 -0600] "GET /wp-content/plugins/ultimate-elementor/assets/min-css/uael-frontend.min.css?ver=1.45.1 HTTP/2" 200 76022 "https://dfwmagic.com/checkers-the-magician-the-perfect-entertainment-for-hoa-events-and-kids-parties-in-the-dfw-metroplex-area/" "Mozilla/5.0 (Macintosh; Intel Mac OS X 10_15_7) AppleWebKit/605.1.15 (KHTML, like Gecko) Version/17.4 Safari/605.1.15 (Applebot/0.1; +http://www.apple.com/go/applebot)"
17.22.237.7 - - [18/Jul/2026:05:02:22 -0600] "GET /wp-content/uploads/elementor/css/post-256.css?ver=1784284935 HTTP/2" 200 446 "https://dfwmagic.com/checkers-the-magician-the-perfect-entertainment-for-hoa-events-and-kids-parties-in-the-dfw-metroplex-area/" "Mozilla/5.0 (Macintosh; Intel Mac OS X 10_15_7) AppleWebKit/605.1.15 (KHTML, like Gecko) Version/17.4 Safari/605.1.15 (Applebot/0.1; +http://www.apple.com/go/applebot)"
17.22.237.7 - - [18/Jul/2026:05:02:25 -0600] "GET /wp-content/plugins/elementor/assets/lib/font-awesome/css/brands.css?ver=5.15.3 HTTP/2" 200 296 "https://dfwmagic.com/checkers-the-magician-the-perfect-entertainment-for-hoa-events-and-kids-parties-in-the-dfw-metroplex-area/" "Mozilla/5.0 (Macintosh; Intel Mac OS X 10_15_7) AppleWebKit/605.1.15 (KHTML, like Gecko) Version/17.4 Safari/605.1.15 (Applebot/0.1; +http://www.apple.com/go/applebot)"
17.22.237.7 - - [18/Jul/2026:05:02:26 -0600] "GET /wp-content/plugins/elementor/assets/lib/font-awesome/css/fontawesome.css?ver=5.15.3 HTTP/2" 200 12526 "https://dfwmagic.com/checkers-the-magician-the-perfect-entertainment-for-hoa-events-and-kids-parties-in-the-dfw-metroplex-area/" "Mozilla/5.0 (Macintosh; Intel Mac OS X 10_15_7) AppleWebKit/605.1.15 (KHTML, like Gecko) Version/17.4 Safari/605.1.15 (Applebot/0.1; +http://www.apple.com/go/applebot)"
17.22.237.7 - - [18/Jul/2026:05:02:28 -0600] "GET /wp-content/plugins/elementor/assets/lib/font-awesome/css/solid.css?ver=5.15.3 HTTP/2" 200 296 "https://dfwmagic.com/checkers-the-magician-the-perfect-entertainment-for-hoa-events-and-kids-parties-in-the-dfw-metroplex-area/" "Mozilla/5.0 (Macintosh; Intel Mac OS X 10_15_7) AppleWebKit/605.1.15 (KHTML, like Gecko) Version/17.4 Safari/605.1.15 (Applebot/0.1; +http://www.apple.com/go/applebot)"
17.22.237.7 - - [18/Jul/2026:05:02:29 -0600] "GET /wp-content/uploads/elementor/google-fonts/css/roboto.css?ver=1742235209 HTTP/2" 200 1862 "https://dfwmagic.com/checkers-the-magician-the-perfect-entertainment-for-hoa-events-and-kids-parties-in-the-dfw-metroplex-area/" "Mozilla/5.0 (Macintosh; Intel Mac OS X 10_15_7) AppleWebKit/605.1.15 (KHTML, like Gecko) Version/17.4 Safari/605.1.15 (Applebot/0.1; +http://www.apple.com/go/applebot)"
17.22.237.7 - - [18/Jul/2026:05:02:31 -0600] "GET /wp-content/plugins/elementor/assets/css/widget-social-icons.min.css?ver=3.24.0 HTTP/2" 200 1039 "https://dfwmagic.com/checkers-the-magician-the-perfect-entertainment-for-hoa-events-and-kids-parties-in-the-dfw-metroplex-area/" "Mozilla/5.0 (Macintosh; Intel Mac OS X 10_15_7) AppleWebKit/605.1.15 (KHTML, like Gecko) Version/17.4 Safari/605.1.15 (Applebot/0.1; +http://www.apple.com/go/applebot)"
17.22.237.7 - - [18/Jul/2026:05:02:32 -0600] "GET /wp-includes/js/jquery/jquery.min.js?ver=3.7.1 HTTP/2" 200 29744 "https://dfwmagic.com/checkers-the-magician-the-perfect-entertainment-for-hoa-events-and-kids-parties-in-the-dfw-metroplex-area/" "Mozilla/5.0 (Macintosh; Intel Mac OS X 10_15_7) AppleWebKit/605.1.15 (KHTML, like Gecko) Version/17.4 Safari/605.1.15 (Applebot/0.1; +http://www.apple.com/go/applebot)"
17.22.237.7 - - [18/Jul/2026:05:02:34 -0600] "GET /wp-includes/js/jquery/jquery-migrate.min.js?ver=3.4.1 HTTP/2" 200 4678 "https://dfwmagic.com/checkers-the-magician-the-perfect-entertainment-for-hoa-events-and-kids-parties-in-the-dfw-metroplex-area/" "Mozilla/5.0 (Macintosh; Intel Mac OS X 10_15_7) AppleWebKit/605.1.15 (KHTML, like Gecko) Version/17.4 Safari/605.1.15 (Applebot/0.1; +http://www.apple.com/go/applebot)"
17.22.237.7 - - [18/Jul/2026:05:02:35 -0600] "GET /wp-content/plugins/astra-addon/addons/nav-menu/assets/css/minified/magamenu-frontend.min.css?ver=4.13.5 HTTP/2" 200 0 "https://dfwmagic.com/checkers-the-magician-the-perfect-entertainment-for-hoa-events-and-kids-parties-in-the-dfw-metroplex-area/" "Mozilla/5.0 (Macintosh; Intel Mac OS X 10_15_7) AppleWebKit/605.1.15 (KHTML, like Gecko) Version/17.4 Safari/605.1.15 (Applebot/0.1; +http://www.apple.com/go/applebot)"
17.22.237.7 - - [18/Jul/2026:05:02:37 -0600] "GET /wp-content/themes/astra/assets/js/minified/frontend.min.js?ver=4.13.6 HTTP/2" 200 5693 "https://dfwmagic.com/checkers-the-magician-the-perfect-entertainment-for-hoa-events-and-kids-parties-in-the-dfw-metroplex-area/" "Mozilla/5.0 (Macintosh; Intel Mac OS X 10_15_7) AppleWebKit/605.1.15 (KHTML, like Gecko) Version/17.4 Safari/605.1.15 (Applebot/0.1; +http://www.apple.com/go/applebot)"
17.22.237.7 - - [18/Jul/2026:05:02:38 -0600] "GET /wp-content/uploads/astra-addon/astra-addon-6a439d3ba85c10-33209755.js?ver=4.13.5 HTTP/2" 200 8448 "https://dfwmagic.com/checkers-the-magician-the-perfect-entertainment-for-hoa-events-and-kids-parties-in-the-dfw-metroplex-area/" "Mozilla/5.0 (Macintosh; Intel Mac OS X 10_15_7) AppleWebKit/605.1.15 (KHTML, like Gecko) Version/17.4 Safari/605.1.15 (Applebot/0.1; +http://www.apple.com/go/applebot)"
17.22.237.7 - - [18/Jul/2026:05:02:40 -0600] "GET /wp-content/plugins/astra-addon/assets/js/minified/purify.min.js?ver=4.13.5 HTTP/2" 200 10151 "https://dfwmagic.com/checkers-the-magician-the-perfect-entertainment-for-hoa-events-and-kids-parties-in-the-dfw-metroplex-area/" "Mozilla/5.0 (Macintosh; Intel Mac OS X 10_15_7) AppleWebKit/605.1.15 (KHTML, like Gecko) Version/17.4 Safari/605.1.15 (Applebot/0.1; +http://www.apple.com/go/applebot)"
17.22.237.7 - - [18/Jul/2026:05:02:41 -0600] "GET /wp-includes/js/jquery/ui/core.min.js?ver=1.13.3 HTTP/2" 200 6812 "https://dfwmagic.com/checkers-the-magician-the-perfect-entertainment-for-hoa-events-and-kids-parties-in-the-dfw-metroplex-area/" "Mozilla/5.0 (Macintosh; Intel Mac OS X 10_15_7) AppleWebKit/605.1.15 (KHTML, like Gecko) Version/17.4 Safari/605.1.15 (Applebot/0.1; +http://www.apple.com/go/applebot)"
17.22.237.7 - - [18/Jul/2026:05:02:43 -0600] "GET /wp-includes/js/dist/hooks.min.js?ver=7496969728ca0f95732d HTTP/2" 200 1734 "https://dfwmagic.com/checkers-the-magician-the-perfect-entertainment-for-hoa-events-and-kids-parties-in-the-dfw-metroplex-area/" "Mozilla/5.0 (Macintosh; Intel Mac OS X 10_15_7) AppleWebKit/605.1.15 (KHTML, like Gecko) Version/17.4 Safari/605.1.15 (Applebot/0.1; +http://www.apple.com/go/applebot)"
17.22.237.7 - - [18/Jul/2026:05:02:44 -0600] "GET /wp-includes/js/dist/i18n.min.js?ver=781d11515ad3d91786ec HTTP/2" 200 2354 "https://dfwmagic.com/checkers-the-magician-the-perfect-entertainment-for-hoa-events-and-kids-parties-in-the-dfw-metroplex-area/" "Mozilla/5.0 (Macintosh; Intel Mac OS X 10_15_7) AppleWebKit/605.1.15 (KHTML, like Gecko) Version/17.4 Safari/605.1.15 (Applebot/0.1; +http://www.apple.com/go/applebot)"
17.22.237.7 - - [18/Jul/2026:05:02:46 -0600] "GET /wp-content/plugins/elementor/assets/js/section-frontend-handlers.d85ab872da118940910d.bundle.min.js HTTP/2" 200 229 "https://dfwmagic.com/checkers-the-magician-the-perfect-entertainment-for-hoa-events-and-kids-parties-in-the-dfw-metroplex-area/" "Mozilla/5.0 (Macintosh; Intel Mac OS X 10_15_7) AppleWebKit/605.1.15 (KHTML, like Gecko) Version/17.4 Safari/605.1.15 (Applebot/0.1; +http://www.apple.com/go/applebot)"
17.22.237.7 - - [18/Jul/2026:05:02:47 -0600] "GET /wp-content/plugins/elementor/assets/js/text-editor.45609661e409413f1cef.bundle.min.js HTTP/2" 200 592 "https://dfwmagic.com/checkers-the-magician-the-perfect-entertainment-for-hoa-events-and-kids-parties-in-the-dfw-metroplex-area/" "Mozilla/5.0 (Macintosh; Intel Mac OS X 10_15_7) AppleWebKit/605.1.15 (KHTML, like Gecko) Version/17.4 Safari/605.1.15 (Applebot/0.1; +http://www.apple.com/go/applebot)"
17.22.237.7 - - [18/Jul/2026:05:02:48 -0600] "GET /wp-content/plugins/elementor/assets/js/shared-frontend-handlers.03caa53373b56d3bab67.bundle.min.js HTTP/2" 200 2511 "https://dfwmagic.com/checkers-the-magician-the-perfect-entertainment-for-hoa-events-and-kids-parties-in-the-dfw-metroplex-area/" "Mozilla/5.0 (Macintosh; Intel Mac OS X 10_15_7) AppleWebKit/605.1.15 (KHTML, like Gecko) Version/17.4 Safari/605.1.15 (Applebot/0.1; +http://www.apple.com/go/applebot)"
17.22.237.7 - - [18/Jul/2026:05:02:50 -0600] "GET /wp-includes/js/wp-emoji-release.min.js?ver=7.0.2 HTTP/2" 200 4974 "https://dfwmagic.com/checkers-the-magician-the-perfect-entertainment-for-hoa-events-and-kids-parties-in-the-dfw-metroplex-area/" "Mozilla/5.0 (Macintosh; Intel Mac OS X 10_15_7) AppleWebKit/605.1.15 (KHTML, like Gecko) Version/17.4 Safari/605.1.15 (Applebot/0.1; +http://www.apple.com/go/applebot)"
35.211.104.3 - - [18/Jul/2026:05:02:53 -0600] "GET / HTTP/2" 200 29043 "-" "Mozilla/5.0 (Windows NT 10.0; Win64; x64) AppleWebKit/537.36 (KHTML, like Gecko) Chrome/120.0.6099.28 Safari/537.36"
35.211.104.3 - - [18/Jul/2026:05:02:56 -0600] "GET /wp-includes/js/jquery/jquery.min.js?ver=3.7.1 HTTP/2" 200 29744 "https://dfwmagic.com/" "Mozilla/5.0 (Windows NT 10.0; Win64; x64) AppleWebKit/537.36 (KHTML, like Gecko) Chrome/120.0.6099.28 Safari/537.36"
35.211.104.3 - - [18/Jul/2026:05:02:56 -0600] "GET /wp-includes/js/jquery/jquery-migrate.min.js?ver=3.4.1 HTTP/2" 200 4678 "https://dfwmagic.com/" "Mozilla/5.0 (Windows NT 10.0; Win64; x64) AppleWebKit/537.36 (KHTML, like Gecko) Chrome/120.0.6099.28 Safari/537.36"
35.211.104.3 - - [18/Jul/2026:05:02:56 -0600] "GET /wp-content/themes/astra/assets/js/minified/frontend.min.js?ver=4.13.6 HTTP/2" 200 5693 "https://dfwmagic.com/" "Mozilla/5.0 (Windows NT 10.0; Win64; x64) AppleWebKit/537.36 (KHTML, like Gecko) Chrome/120.0.6099.28 Safari/537.36"
35.211.104.3 - - [18/Jul/2026:05:02:56 -0600] "GET /wp-content/uploads/astra-addon/astra-addon-6a439d3ba85c10-33209755.js?ver=4.13.5 HTTP/2" 200 8448 "https://dfwmagic.com/" "Mozilla/5.0 (Windows NT 10.0; Win64; x64) AppleWebKit/537.36 (KHTML, like Gecko) Chrome/120.0.6099.28 Safari/537.36"
35.211.104.3 - - [18/Jul/2026:05:02:58 -0600] "GET /wp-content/plugins/elementor/assets/js/webpack.runtime.min.js?ver=4.1.5 HTTP/2" 200 2338 "https://dfwmagic.com/" "Mozilla/5.0 (Windows NT 10.0; Win64; x64) AppleWebKit/537.36 (KHTML, like Gecko) Chrome/120.0.6099.28 Safari/537.36"
35.211.104.3 - - [18/Jul/2026:05:02:58 -0600] "GET /wp-content/plugins/astra-addon/assets/js/minified/purify.min.js?ver=4.13.5 HTTP/2" 200 10151 "https://dfwmagic.com/" "Mozilla/5.0 (Windows NT 10.0; Win64; x64) AppleWebKit/537.36 (KHTML, like Gecko) Chrome/120.0.6099.28 Safari/537.36"
35.211.104.3 - - [18/Jul/2026:05:02:59 -0600] "GET /wp-content/plugins/elementor/assets/js/frontend-modules.min.js?ver=4.1.5 HTTP/2" 200 15445 "https://dfwmagic.com/" "Mozilla/5.0 (Windows NT 10.0; Win64; x64) AppleWebKit/537.36 (KHTML, like Gecko) Chrome/120.0.6099.28 Safari/537.36"
35.211.104.3 - - [18/Jul/2026:05:02:59 -0600] "GET /wp-includes/js/jquery/ui/core.min.js?ver=1.13.3 HTTP/2" 200 6812 "https://dfwmagic.com/" "Mozilla/5.0 (Windows NT 10.0; Win64; x64) AppleWebKit/537.36 (KHTML, like Gecko) Chrome/120.0.6099.28 Safari/537.36"
35.211.104.3 - - [18/Jul/2026:05:02:59 -0600] "GET /wp-content/plugins/elementor/assets/lib/swiper/v8/swiper.min.js?ver=8.4.5 HTTP/2" 200 38152 "https://dfwmagic.com/" "Mozilla/5.0 (Windows NT 10.0; Win64; x64) AppleWebKit/537.36 (KHTML, like Gecko) Chrome/120.0.6099.28 Safari/537.36"
35.211.104.3 - - [18/Jul/2026:05:02:59 -0600] "GET /wp-content/plugins/elementor-pro/assets/js/webpack-pro.runtime.min.js?ver=4.1.3 HTTP/2" 200 2606 "https://dfwmagic.com/" "Mozilla/5.0 (Windows NT 10.0; Win64; x64) AppleWebKit/537.36 (KHTML, like Gecko) Chrome/120.0.6099.28 Safari/537.36"
35.211.104.3 - - [18/Jul/2026:05:02:59 -0600] "GET /wp-includes/js/dist/hooks.min.js?ver=7496969728ca0f95732d HTTP/2" 200 1734 "https://dfwmagic.com/" "Mozilla/5.0 (Windows NT 10.0; Win64; x64) AppleWebKit/537.36 (KHTML, like Gecko) Chrome/120.0.6099.28 Safari/537.36"
35.211.104.3 - - [18/Jul/2026:05:02:59 -0600] "GET /wp-includes/js/dist/i18n.min.js?ver=781d11515ad3d91786ec HTTP/2" 200 2354 "https://dfwmagic.com/" "Mozilla/5.0 (Windows NT 10.0; Win64; x64) AppleWebKit/537.36 (KHTML, like Gecko) Chrome/120.0.6099.28 Safari/537.36"
35.211.104.3 - - [18/Jul/2026:05:02:59 -0600] "GET /wp-content/plugins/elementor/assets/js/frontend.min.js?ver=4.1.5 HTTP/2" 200 10124 "https://dfwmagic.com/" "Mozilla/5.0 (Windows NT 10.0; Win64; x64) AppleWebKit/537.36 (KHTML, like Gecko) Chrome/120.0.6099.28 Safari/537.36"
35.211.104.3 - - [18/Jul/2026:05:02:59 -0600] "GET /wp-content/plugins/elementor-pro/assets/js/frontend.min.js?ver=4.1.3 HTTP/2" 200 6191 "https://dfwmagic.com/" "Mozilla/5.0 (Windows NT 10.0; Win64; x64) AppleWebKit/537.36 (KHTML, like Gecko) Chrome/120.0.6099.28 Safari/537.36"
198.175.150.9 - - [18/Jul/2026:05:17:49 -0600] "POST /wp-cron.php?doing_wp_cron=1784373469.8663659095764160156250 HTTP/1.1" 200 0 "-" "WordPress/7.0.2; https://dfwmagic.com"
106.49.54.193 - - [18/Jul/2026:05:17:11 -0600] "GET /denton-birthday-party-magic-show/ HTTP/2" 403 72 "-" "Mozilla/5.0 (Macintosh; Intel Mac OS X 10_13_0) AppleWebKit/537.36 (KHTML, like Gecko) Chrome/52.0.8530.1014 Safari/537.36"
216.73.216.143 - - [18/Jul/2026:05:17:48 -0600] "GET /wp-sitemap.xml HTTP/2" 200 197 "-" "Mozilla/5.0 AppleWebKit/537.36 (KHTML, like Gecko; compatible; ClaudeBot/1.0; +claudebot@anthropic.com)"
198.175.150.9 - - [18/Jul/2026:05:17:49 -0600] "POST /wp-cron.php?doing_wp_cron=1784373469.8403530120849609375000 HTTP/1.1" 200 0 "-" "WordPress/7.0.2; https://dfwmagic.com"
198.235.24.179 - - [18/Jul/2026:05:31:31 -0600] "GET / HTTP/1.1" 200 165582 "-" "Hello from Palo Alto Networks, find out more about our scans in https://docs-cortex.paloaltonetworks.com/r/1/Cortex-Xpanse/Scanning-activity"
91.203.128.94 - - [18/Jul/2026:05:21:11 -0600] "GET /denton-birthday-party-magic-show/ HTTP/2" 200 31437 "-" "Mozilla/5.0 (Linux; Android 6.0; Nexus 5 Build/MRA58N) AppleWebKit/537.36 (KHTML, like Gecko) Chrome/54.0.6707.1151 Mobile Safari/537.36"
91.203.128.94 - - [18/Jul/2026:05:21:13 -0600] "GET /wp-content/uploads/2025/03/Denton-Birthday-Party-magic-Show-768x461.jpg HTTP/2" 206 500 "https://dfwmagic.com/denton-birthday-party-magic-show/" "Mozilla/5.0 (Linux; Android 6.0; Nexus 5 Build/MRA58N) AppleWebKit/537.36 (KHTML, like Gecko) Chrome/54.0.6707.1151 Mobile Safari/537.36"
91.203.128.94 - - [18/Jul/2026:05:21:13 -0600] "GET /wp-content/uploads/2025/03/Addison-Birthday-Party-Magic-Show-768x461.jpg HTTP/2" 206 500 "https://dfwmagic.com/denton-birthday-party-magic-show/" "Mozilla/5.0 (Linux; Android 6.0; Nexus 5 Build/MRA58N) AppleWebKit/537.36 (KHTML, like Gecko) Chrome/54.0.6707.1151 Mobile Safari/537.36"
91.203.128.94 - - [18/Jul/2026:05:21:13 -0600] "GET /wp-content/uploads/2025/03/Aledo-Birthday-Party-Magic-Show-768x461.jpg HTTP/2" 206 500 "https://dfwmagic.com/denton-birthday-party-magic-show/" "Mozilla/5.0 (Linux; Android 6.0; Nexus 5 Build/MRA58N) AppleWebKit/537.36 (KHTML, like Gecko) Chrome/54.0.6707.1151 Mobile Safari/537.36"
91.203.128.94 - - [18/Jul/2026:05:21:13 -0600] "GET /wp-content/plugins/astra-addon/addons/nav-menu/assets/css/minified/magamenu-frontend.min.css?ver=4.13.5 HTTP/2" 200 0 "https://dfwmagic.com/denton-birthday-party-magic-show/" "Mozilla/5.0 (Linux; Android 6.0; Nexus 5 Build/MRA58N) AppleWebKit/537.36 (KHTML, like Gecko) Chrome/54.0.6707.1151 Mobile Safari/537.36"
198.235.24.179 - - [18/Jul/2026:05:31:29 -0600] "GET / HTTP/1.1" 301 0 "-" "Hello from Palo Alto Networks, find out more about our scans in https://docs-cortex.paloaltonetworks.com/r/1/Cortex-Xpanse/Scanning-activity"
74.7.175.178 - - [18/Jul/2026:05:33:25 -0600] "GET /robots.txt HTTP/2" 200 96 "-" "Mozilla/5.0 (Macintosh; Intel Mac OS X 10_15_7) AppleWebKit/537.36 (KHTML, like Gecko) Chrome/131.0.0.0 Safari/537.36; compatible; OAI-SearchBot/1.4; robots.txt; +https://openai.com/searchbot"
74.7.227.168 - - [18/Jul/2026:05:33:26 -0600] "GET / HTTP/2" 301 0 "-" "Mozilla/5.0 AppleWebKit/537.36 (KHTML, like Gecko; compatible; GPTBot/1.4; +https://openai.com/gptbot)"
162.14.114.97 - - [18/Jul/2026:05:41:30 -0600] "GET / HTTP/1.1" 200 34496 "http://www.dfwmagic.com" "Mozilla/5.0 (iPhone; CPU iPhone OS 13_2_3 like Mac OS X) AppleWebKit/605.1.15 (KHTML, like Gecko) Version/13.0.3 Mobile/15E148 Safari/604.1"
119.73.104.21 - - [18/Jul/2026:05:37:37 -0600] "GET / HTTP/2" 403 72 "-" "Mozilla/5.0 (Macintosh; Intel Mac OS X 10_15_7) AppleWebKit/537.36 (KHTML, like Gecko) Chrome/137.0.0.0 Safari/537.36"
198.175.150.9 - - [18/Jul/2026:06:34:25 -0600] "POST /wp-cron.php?doing_wp_cron=1784378065.9462420940399169921875 HTTP/1.1" 200 0 "-" "WordPress/7.0.2; https://dfwmagic.com"
216.73.216.143 - - [18/Jul/2026:06:34:23 -0600] "GET /robots.txt HTTP/2" 200 96 "-" "Mozilla/5.0 AppleWebKit/537.36 (KHTML, like Gecko; compatible; ClaudeBot/1.0; +claudebot@anthropic.com)"
216.73.216.143 - - [18/Jul/2026:06:34:25 -0600] "GET /wp-sitemap.xml HTTP/2" 200 197 "-" "Mozilla/5.0 AppleWebKit/537.36 (KHTML, like Gecko; compatible; ClaudeBot/1.0; +claudebot@anthropic.com)"
17.22.253.197 - - [18/Jul/2026:06:17:44 -0600] "GET /bring-magic-and-laughter-to-your-event-with-checkers-the-magician-in-grapevine-texas/ HTTP/2" 200 37422 "-" "Mozilla/5.0 (Macintosh; Intel Mac OS X 10_15_7) AppleWebKit/605.1.15 (KHTML, like Gecko) Version/17.4 Safari/605.1.15 (Applebot/0.1; +http://www.apple.com/go/applebot)"
198.175.150.9 - - [18/Jul/2026:06:34:25 -0600] "POST /wp-cron.php?doing_wp_cron=1784378065.9660599231719970703125 HTTP/1.1" 200 0 "-" "WordPress/7.0.2; https://dfwmagic.com"
198.175.150.9 - - [18/Jul/2026:06:17:48 -0600] "POST /wp-cron.php?doing_wp_cron=1784377068.9394469261169433593750 HTTP/1.1" 200 0 "-" "WordPress/7.0.2; https://dfwmagic.com"
198.175.150.9 - - [18/Jul/2026:06:34:25 -0600] "POST /wp-cron.php?doing_wp_cron=1784378065.9136879444122314453125 HTTP/1.1" 200 0 "-" "WordPress/7.0.2; https://dfwmagic.com"
17.22.253.16 - - [18/Jul/2026:06:40:11 -0600] "GET /wp-content/uploads/elementor/google-fonts/css/robotoslab.css?ver=1742235216 HTTP/2" 200 698 "https://dfwmagic.com/bring-magic-and-laughter-to-your-event-with-checkers-the-magician-in-grapevine-texas/" "Mozilla/5.0 (Macintosh; Intel Mac OS X 10_15_7) AppleWebKit/605.1.15 (KHTML, like Gecko) Version/17.4 Safari/605.1.15 (Applebot/0.1; +http://www.apple.com/go/applebot)"
198.175.150.9 - - [18/Jul/2026:07:32:25 -0600] "POST /wp-cron.php?doing_wp_cron=1784381545.9057369232177734375000 HTTP/1.1" 200 0 "-" "WordPress/7.0.2; https://dfwmagic.com"
198.175.150.9 - - [18/Jul/2026:07:41:03 -0600] "POST /wp-cron.php?doing_wp_cron=1784382063.3298239707946777343750 HTTP/1.1" 200 0 "-" "WordPress/7.0.2; https://dfwmagic.com"
99.129.39.207 - - [18/Jul/2026:08:01:25 -0600] "GET / HTTP/2" 200 29066 "-" "Mozilla/5.0 (iPhone; CPU iPhone OS 18_7 like Mac OS X) AppleWebKit/605.1.15 (KHTML, like Gecko) Version/26.5 Mobile/15E148 Safari/604.1"
99.129.39.207 - - [18/Jul/2026:08:01:26 -0600] "GET /wp-content/uploads/elementor/css/post-256.css?ver=1784284935 HTTP/2" 200 446 "https://dfwmagic.com/" "Mozilla/5.0 (iPhone; CPU iPhone OS 18_7 like Mac OS X) AppleWebKit/605.1.15 (KHTML, like Gecko) Version/26.5 Mobile/15E148 Safari/604.1"
99.129.39.207 - - [18/Jul/2026:08:01:26 -0600] "GET /wp-content/plugins/elementor/assets/css/widget-social-icons.min.css?ver=3.24.0 HTTP/2" 200 1039 "https://dfwmagic.com/" "Mozilla/5.0 (iPhone; CPU iPhone OS 18_7 like Mac OS X) AppleWebKit/605.1.15 (KHTML, like Gecko) Version/26.5 Mobile/15E148 Safari/604.1"
99.129.39.207 - - [18/Jul/2026:08:01:26 -0600] "GET /wp-content/plugins/elementor/assets/lib/font-awesome/css/brands.css?ver=5.15.3 HTTP/2" 200 296 "https://dfwmagic.com/" "Mozilla/5.0 (iPhone; CPU iPhone OS 18_7 like Mac OS X) AppleWebKit/605.1.15 (KHTML, like Gecko) Version/26.5 Mobile/15E148 Safari/604.1"
99.129.39.207 - - [18/Jul/2026:08:01:26 -0600] "GET /wp-content/plugins/elementor/assets/lib/font-awesome/css/solid.css?ver=5.15.3 HTTP/2" 200 296 "https://dfwmagic.com/" "Mozilla/5.0 (iPhone; CPU iPhone OS 18_7 like Mac OS X) AppleWebKit/605.1.15 (KHTML, like Gecko) Version/26.5 Mobile/15E148 Safari/604.1"
99.129.39.207 - - [18/Jul/2026:08:01:26 -0600] "GET /wp-content/plugins/elementor/assets/css/widget-image.min.css?ver=4.1.5 HTTP/2" 200 96 "https://dfwmagic.com/" "Mozilla/5.0 (iPhone; CPU iPhone OS 18_7 like Mac OS X) AppleWebKit/605.1.15 (KHTML, like Gecko) Version/26.5 Mobile/15E148 Safari/604.1"
99.129.39.207 - - [18/Jul/2026:08:01:26 -0600] "GET /wp-content/plugins/elementor/assets/lib/swiper/v8/css/swiper.min.css?ver=8.4.5 HTTP/2" 200 4248 "https://dfwmagic.com/" "Mozilla/5.0 (iPhone; CPU iPhone OS 18_7 like Mac OS X) AppleWebKit/605.1.15 (KHTML, like Gecko) Version/26.5 Mobile/15E148 Safari/604.1"
