HEX
Server: LiteSpeed
System: Linux node612.namehero.net 4.18.0-553.121.1.lve.el8.x86_64 #1 SMP Thu Apr 30 16:40:41 UTC 2026 x86_64
User: dfwparty (1186)
PHP: 8.3.31
Disabled: NONE
Upload Files
File: /home/dfwparty/access-logs/dfwmagic.dfw.party-ssl_log
152.232.122.72 - - [17/Jul/2026:18:42:02 -0600] "GET /magic-shows-near-me-in-trophy-club-texas/ HTTP/1.1" 200 30688 "-" "Mozilla/5.0 (compatible; Googlebot/2.1; +http://www.google.com/bot.html)"
152.232.122.74 - - [17/Jul/2026:18:43:16 -0600] "GET /magic-shows-near-me-in-little-elm-texas/ HTTP/1.1" 200 29822 "-" "Mozilla/5.0 (compatible; Googlebot/2.1; +http://www.google.com/bot.html)"
198.175.150.9 - - [17/Jul/2026:18:41:25 -0600] "POST /wp-cron.php?doing_wp_cron=1784335285.3553490638732910156250 HTTP/1.1" 200 0 "-" "WordPress/7.0.1; https://dfwmagic.com"
152.232.122.73 - - [17/Jul/2026:18:42:39 -0600] "GET /magic-shows-near-me-in-university-park-texas-a-fun-experience-for-kids-and-families/ HTTP/1.1" 200 31240 "-" "Mozilla/5.0 (compatible; Googlebot/2.1; +http://www.google.com/bot.html)"
142.111.93.209 - - [17/Jul/2026:18:41:24 -0600] "GET /magic-shows-near-me-in-sachse-texas/ HTTP/1.1" 200 29697 "-" "Mozilla/5.0 (compatible; Googlebot/2.1; +http://www.google.com/bot.html)"
15.235.98.217 - - [17/Jul/2026:19:19:27 -0600] "GET /kids-magic-shows-in-highland-village/ HTTP/2" 200 30593 "-" "Mozilla/5.0 (compatible; AhrefsBot/7.0; +http://ahrefs.com/robot/)"
17.246.15.119 - - [17/Jul/2026:19:34:31 -0600] "GET /robots.txt HTTP/2" 200 109 "-" "Mozilla/5.0 (Macintosh; Intel Mac OS X 10_15_7) AppleWebKit/605.1.15 (KHTML, like Gecko) Version/17.4 Safari/605.1.15 (Applebot/0.1; +http://www.apple.com/go/applebot)"
17.246.15.119 - - [17/Jul/2026:19:34:32 -0600] "GET /kids-magic-shows-in-grand-prairie/ HTTP/2" 200 36296 "-" "Mozilla/5.0 (Macintosh; Intel Mac OS X 10_15_7) AppleWebKit/605.1.15 (KHTML, like Gecko) Version/17.4 Safari/605.1.15 (Applebot/0.1; +http://www.apple.com/go/applebot)"
198.175.150.9 - - [17/Jul/2026:19:12:44 -0600] "POST /wp-cron.php?doing_wp_cron=1784337164.4716670513153076171875 HTTP/1.1" 200 0 "-" "WordPress/7.0.1; https://dfwmagic.com"
104.223.10.118 - - [17/Jul/2026:19:17:46 -0600] "GET /allen-birthday-party-magic-show/ HTTP/2" 200 30023 "-" "Mozilla/5.0 (Macintosh; Intel Mac OS X 10_14_0) AppleWebKit/537.36 (KHTML, like Gecko) Chrome/41.0.1618.1414 Safari/537.36"
104.223.10.118 - - [17/Jul/2026:19:17:50 -0600] "GET /wp-content/uploads/2025/03/Addison-Birthday-Party-Magic-Show.jpg HTTP/2" 206 500 "https://dfwmagic.com/allen-birthday-party-magic-show/" "Mozilla/5.0 (Macintosh; Intel Mac OS X 10_14_0) AppleWebKit/537.36 (KHTML, like Gecko) Chrome/41.0.1618.1414 Safari/537.36"
104.223.10.118 - - [17/Jul/2026:19:17:50 -0600] "GET /wp-content/uploads/2025/03/Allen-Birthday-Party-magic-Show.jpg HTTP/2" 206 500 "https://dfwmagic.com/allen-birthday-party-magic-show/" "Mozilla/5.0 (Macintosh; Intel Mac OS X 10_14_0) AppleWebKit/537.36 (KHTML, like Gecko) Chrome/41.0.1618.1414 Safari/537.36"
104.223.10.118 - - [17/Jul/2026:19:17:50 -0600] "GET /wp-content/uploads/2025/03/Aledo-Birthday-Party-Magic-Show.jpg HTTP/2" 206 500 "https://dfwmagic.com/allen-birthday-party-magic-show/" "Mozilla/5.0 (Macintosh; Intel Mac OS X 10_14_0) AppleWebKit/537.36 (KHTML, like Gecko) Chrome/41.0.1618.1414 Safari/537.36"
104.223.10.118 - - [17/Jul/2026:19:17:50 -0600] "GET /wp-content/uploads/2025/03/Allen-Birthday-Party-magic-Show.jpg HTTP/2" 304 0 "https://dfwmagic.com/allen-birthday-party-magic-show/" "Mozilla/5.0 (Macintosh; Intel Mac OS X 10_14_0) AppleWebKit/537.36 (KHTML, like Gecko) Chrome/41.0.1618.1414 Safari/537.36"
104.223.10.118 - - [17/Jul/2026:19:17:50 -0600] "GET /wp-content/uploads/2025/03/Addison-Birthday-Party-Magic-Show.jpg HTTP/2" 304 0 "https://dfwmagic.com/allen-birthday-party-magic-show/" "Mozilla/5.0 (Macintosh; Intel Mac OS X 10_14_0) AppleWebKit/537.36 (KHTML, like Gecko) Chrome/41.0.1618.1414 Safari/537.36"
104.223.10.118 - - [17/Jul/2026:19:17:51 -0600] "GET /wp-content/uploads/2025/03/Aledo-Birthday-Party-Magic-Show.jpg HTTP/2" 304 0 "https://dfwmagic.com/allen-birthday-party-magic-show/" "Mozilla/5.0 (Macintosh; Intel Mac OS X 10_14_0) AppleWebKit/537.36 (KHTML, like Gecko) Chrome/41.0.1618.1414 Safari/537.36"
104.223.10.118 - - [17/Jul/2026:19:17:51 -0600] "GET /wp-content/uploads/2025/03/Allen-Birthday-Party-magic-Show.jpg HTTP/2" 206 61694 "https://dfwmagic.com/allen-birthday-party-magic-show/" "Mozilla/5.0 (Macintosh; Intel Mac OS X 10_14_0) AppleWebKit/537.36 (KHTML, like Gecko) Chrome/41.0.1618.1414 Safari/537.36"
104.223.10.118 - - [17/Jul/2026:19:17:51 -0600] "GET /wp-content/uploads/2025/03/Addison-Birthday-Party-Magic-Show.jpg HTTP/2" 206 62910 "https://dfwmagic.com/allen-birthday-party-magic-show/" "Mozilla/5.0 (Macintosh; Intel Mac OS X 10_14_0) AppleWebKit/537.36 (KHTML, like Gecko) Chrome/41.0.1618.1414 Safari/537.36"
104.223.10.118 - - [17/Jul/2026:19:17:51 -0600] "GET /wp-content/plugins/astra-addon/addons/nav-menu/assets/css/minified/magamenu-frontend.min.css?ver=4.13.5 HTTP/2" 200 0 "https://dfwmagic.com/allen-birthday-party-magic-show/" "Mozilla/5.0 (Macintosh; Intel Mac OS X 10_14_0) AppleWebKit/537.36 (KHTML, like Gecko) Chrome/41.0.1618.1414 Safari/537.36"
104.223.10.118 - - [17/Jul/2026:19:17:51 -0600] "GET /wp-content/uploads/2025/03/Aledo-Birthday-Party-Magic-Show.jpg HTTP/2" 206 62124 "https://dfwmagic.com/allen-birthday-party-magic-show/" "Mozilla/5.0 (Macintosh; Intel Mac OS X 10_14_0) AppleWebKit/537.36 (KHTML, like Gecko) Chrome/41.0.1618.1414 Safari/537.36"
142.111.93.210 - - [17/Jul/2026:19:21:41 -0600] "GET /magic-shows-near-me-in-rockwall-texas/ HTTP/1.1" 200 29908 "-" "Mozilla/5.0 (compatible; Googlebot/2.1; +http://www.google.com/bot.html)"
142.111.93.211 - - [17/Jul/2026:19:30:18 -0600] "GET /kids-magic-shows-in-southlake/ HTTP/1.1" 200 30514 "-" "Mozilla/5.0 (compatible; Googlebot/2.1; +http://www.google.com/bot.html)"
198.175.150.9 - - [17/Jul/2026:19:12:44 -0600] "POST /wp-cron.php?doing_wp_cron=1784337164.5027630329132080078125 HTTP/1.1" 200 0 "-" "WordPress/7.0.1; https://dfwmagic.com"
152.232.122.75 - - [17/Jul/2026:19:22:56 -0600] "GET /kids-magic-shows-in-melissa/ HTTP/1.1" 200 30465 "-" "Mozilla/5.0 (compatible; Googlebot/2.1; +http://www.google.com/bot.html)"
17.22.253.4 - - [17/Jul/2026:19:12:42 -0600] "GET /kids-magic-shows-in-grapevine/ HTTP/2" 200 36507 "-" "Mozilla/5.0 (Macintosh; Intel Mac OS X 10_15_7) AppleWebKit/605.1.15 (KHTML, like Gecko) Version/17.4 Safari/605.1.15 (Applebot/0.1; +http://www.apple.com/go/applebot)"
198.175.150.9 - - [17/Jul/2026:19:30:20 -0600] "POST /wp-cron.php?doing_wp_cron=1784338220.4327828884124755859375 HTTP/1.1" 200 0 "-" "WordPress/7.0.1; https://dfwmagic.com"
216.73.216.143 - - [17/Jul/2026:19:33:07 -0600] "GET /robots.txt HTTP/2" 200 96 "-" "Mozilla/5.0 AppleWebKit/537.36 (KHTML, like Gecko; compatible; ClaudeBot/1.0; +claudebot@anthropic.com)"
216.73.216.143 - - [17/Jul/2026:19:33:09 -0600] "GET /wp-sitemap.xml HTTP/2" 200 197 "-" "Mozilla/5.0 AppleWebKit/537.36 (KHTML, like Gecko; compatible; ClaudeBot/1.0; +claudebot@anthropic.com)"
17.246.23.54 - - [17/Jul/2026:19:36:38 -0600] "GET /wp-content/plugins/elementor/assets/lib/eicons/css/elementor-icons.min.css?ver=5.50.0 HTTP/2" 200 4123 "https://dfwmagic.com/kids-magic-shows-in-grand-prairie/" "Mozilla/5.0 (Macintosh; Intel Mac OS X 10_15_7) AppleWebKit/605.1.15 (KHTML, like Gecko) Version/17.4 Safari/605.1.15 (Applebot/0.1; +http://www.apple.com/go/applebot)"
17.246.23.54 - - [17/Jul/2026:19:36:39 -0600] "GET /wp-content/plugins/ultimate-elementor/assets/min-css/uael-frontend.min.css?ver=1.45.1 HTTP/2" 200 76022 "https://dfwmagic.com/kids-magic-shows-in-grand-prairie/" "Mozilla/5.0 (Macintosh; Intel Mac OS X 10_15_7) AppleWebKit/605.1.15 (KHTML, like Gecko) Version/17.4 Safari/605.1.15 (Applebot/0.1; +http://www.apple.com/go/applebot)"
17.246.23.54 - - [17/Jul/2026:19:36:40 -0600] "GET /wp-content/uploads/astra-addon/astra-addon-6a439d3ba7c902-10687543.css?ver=4.13.5 HTTP/2" 200 6887 "https://dfwmagic.com/kids-magic-shows-in-grand-prairie/" "Mozilla/5.0 (Macintosh; Intel Mac OS X 10_15_7) AppleWebKit/605.1.15 (KHTML, like Gecko) Version/17.4 Safari/605.1.15 (Applebot/0.1; +http://www.apple.com/go/applebot)"
17.246.23.54 - - [17/Jul/2026:19:36:42 -0600] "GET /wp-content/themes/astra/assets/css/minified/frontend.min.css?ver=4.13.6 HTTP/2" 200 9111 "https://dfwmagic.com/kids-magic-shows-in-grand-prairie/" "Mozilla/5.0 (Macintosh; Intel Mac OS X 10_15_7) AppleWebKit/605.1.15 (KHTML, like Gecko) Version/17.4 Safari/605.1.15 (Applebot/0.1; +http://www.apple.com/go/applebot)"
17.246.23.54 - - [17/Jul/2026:19:36:43 -0600] "GET /wp-content/plugins/elementor/assets/css/widget-social-icons.min.css?ver=3.24.0 HTTP/2" 200 1039 "https://dfwmagic.com/kids-magic-shows-in-grand-prairie/" "Mozilla/5.0 (Macintosh; Intel Mac OS X 10_15_7) AppleWebKit/605.1.15 (KHTML, like Gecko) Version/17.4 Safari/605.1.15 (Applebot/0.1; +http://www.apple.com/go/applebot)"
17.246.23.54 - - [17/Jul/2026:19:36:45 -0600] "GET /wp-content/plugins/elementor/assets/lib/font-awesome/css/brands.css?ver=5.15.3 HTTP/2" 200 296 "https://dfwmagic.com/kids-magic-shows-in-grand-prairie/" "Mozilla/5.0 (Macintosh; Intel Mac OS X 10_15_7) AppleWebKit/605.1.15 (KHTML, like Gecko) Version/17.4 Safari/605.1.15 (Applebot/0.1; +http://www.apple.com/go/applebot)"
17.246.23.54 - - [17/Jul/2026:19:36:46 -0600] "GET /wp-content/plugins/elementor/assets/lib/font-awesome/css/fontawesome.css?ver=5.15.3 HTTP/2" 200 12526 "https://dfwmagic.com/kids-magic-shows-in-grand-prairie/" "Mozilla/5.0 (Macintosh; Intel Mac OS X 10_15_7) AppleWebKit/605.1.15 (KHTML, like Gecko) Version/17.4 Safari/605.1.15 (Applebot/0.1; +http://www.apple.com/go/applebot)"
17.246.23.54 - - [17/Jul/2026:19:36:48 -0600] "GET /wp-content/plugins/elementor/assets/lib/font-awesome/css/solid.css?ver=5.15.3 HTTP/2" 200 296 "https://dfwmagic.com/kids-magic-shows-in-grand-prairie/" "Mozilla/5.0 (Macintosh; Intel Mac OS X 10_15_7) AppleWebKit/605.1.15 (KHTML, like Gecko) Version/17.4 Safari/605.1.15 (Applebot/0.1; +http://www.apple.com/go/applebot)"
17.246.23.54 - - [17/Jul/2026:19:36:49 -0600] "GET /wp-content/uploads/elementor/google-fonts/css/roboto.css?ver=1742235209 HTTP/2" 200 1862 "https://dfwmagic.com/kids-magic-shows-in-grand-prairie/" "Mozilla/5.0 (Macintosh; Intel Mac OS X 10_15_7) AppleWebKit/605.1.15 (KHTML, like Gecko) Version/17.4 Safari/605.1.15 (Applebot/0.1; +http://www.apple.com/go/applebot)"
17.246.23.54 - - [17/Jul/2026:19:36:51 -0600] "GET /wp-content/uploads/elementor/google-fonts/css/robotoslab.css?ver=1742235216 HTTP/2" 200 698 "https://dfwmagic.com/kids-magic-shows-in-grand-prairie/" "Mozilla/5.0 (Macintosh; Intel Mac OS X 10_15_7) AppleWebKit/605.1.15 (KHTML, like Gecko) Version/17.4 Safari/605.1.15 (Applebot/0.1; +http://www.apple.com/go/applebot)"
17.246.23.54 - - [17/Jul/2026:19:36:52 -0600] "GET /wp-includes/js/jquery/jquery.min.js?ver=3.7.1 HTTP/2" 200 29744 "https://dfwmagic.com/kids-magic-shows-in-grand-prairie/" "Mozilla/5.0 (Macintosh; Intel Mac OS X 10_15_7) AppleWebKit/605.1.15 (KHTML, like Gecko) Version/17.4 Safari/605.1.15 (Applebot/0.1; +http://www.apple.com/go/applebot)"
17.246.23.54 - - [17/Jul/2026:19:36:54 -0600] "GET /wp-includes/js/jquery/jquery-migrate.min.js?ver=3.4.1 HTTP/2" 200 4678 "https://dfwmagic.com/kids-magic-shows-in-grand-prairie/" "Mozilla/5.0 (Macintosh; Intel Mac OS X 10_15_7) AppleWebKit/605.1.15 (KHTML, like Gecko) Version/17.4 Safari/605.1.15 (Applebot/0.1; +http://www.apple.com/go/applebot)"
17.246.23.54 - - [17/Jul/2026:19:36:55 -0600] "GET /wp-content/plugins/astra-addon/addons/nav-menu/assets/css/minified/magamenu-frontend.min.css?ver=4.13.5 HTTP/2" 200 0 "https://dfwmagic.com/kids-magic-shows-in-grand-prairie/" "Mozilla/5.0 (Macintosh; Intel Mac OS X 10_15_7) AppleWebKit/605.1.15 (KHTML, like Gecko) Version/17.4 Safari/605.1.15 (Applebot/0.1; +http://www.apple.com/go/applebot)"
17.246.23.54 - - [17/Jul/2026:19:36:56 -0600] "GET /wp-content/themes/astra/assets/js/minified/frontend.min.js?ver=4.13.6 HTTP/2" 200 5693 "https://dfwmagic.com/kids-magic-shows-in-grand-prairie/" "Mozilla/5.0 (Macintosh; Intel Mac OS X 10_15_7) AppleWebKit/605.1.15 (KHTML, like Gecko) Version/17.4 Safari/605.1.15 (Applebot/0.1; +http://www.apple.com/go/applebot)"
17.246.23.54 - - [17/Jul/2026:19:36:58 -0600] "GET /wp-content/uploads/astra-addon/astra-addon-6a439d3ba85c10-33209755.js?ver=4.13.5 HTTP/2" 200 8448 "https://dfwmagic.com/kids-magic-shows-in-grand-prairie/" "Mozilla/5.0 (Macintosh; Intel Mac OS X 10_15_7) AppleWebKit/605.1.15 (KHTML, like Gecko) Version/17.4 Safari/605.1.15 (Applebot/0.1; +http://www.apple.com/go/applebot)"
17.246.23.54 - - [17/Jul/2026:19:36:59 -0600] "GET /wp-content/plugins/astra-addon/assets/js/minified/purify.min.js?ver=4.13.5 HTTP/2" 200 10151 "https://dfwmagic.com/kids-magic-shows-in-grand-prairie/" "Mozilla/5.0 (Macintosh; Intel Mac OS X 10_15_7) AppleWebKit/605.1.15 (KHTML, like Gecko) Version/17.4 Safari/605.1.15 (Applebot/0.1; +http://www.apple.com/go/applebot)"
17.246.23.54 - - [17/Jul/2026:19:37:01 -0600] "GET /wp-includes/js/jquery/ui/core.min.js?ver=1.13.3 HTTP/2" 200 6812 "https://dfwmagic.com/kids-magic-shows-in-grand-prairie/" "Mozilla/5.0 (Macintosh; Intel Mac OS X 10_15_7) AppleWebKit/605.1.15 (KHTML, like Gecko) Version/17.4 Safari/605.1.15 (Applebot/0.1; +http://www.apple.com/go/applebot)"
17.246.23.54 - - [17/Jul/2026:19:37:02 -0600] "GET /wp-content/plugins/elementor-pro/assets/js/webpack-pro.runtime.min.js?ver=4.1.3 HTTP/2" 200 2606 "https://dfwmagic.com/kids-magic-shows-in-grand-prairie/" "Mozilla/5.0 (Macintosh; Intel Mac OS X 10_15_7) AppleWebKit/605.1.15 (KHTML, like Gecko) Version/17.4 Safari/605.1.15 (Applebot/0.1; +http://www.apple.com/go/applebot)"
17.246.23.54 - - [17/Jul/2026:19:37:04 -0600] "GET /wp-includes/js/dist/hooks.min.js?ver=7496969728ca0f95732d HTTP/2" 200 1734 "https://dfwmagic.com/kids-magic-shows-in-grand-prairie/" "Mozilla/5.0 (Macintosh; Intel Mac OS X 10_15_7) AppleWebKit/605.1.15 (KHTML, like Gecko) Version/17.4 Safari/605.1.15 (Applebot/0.1; +http://www.apple.com/go/applebot)"
17.246.23.54 - - [17/Jul/2026:19:37:05 -0600] "GET /wp-includes/js/dist/i18n.min.js?ver=781d11515ad3d91786ec HTTP/2" 200 2354 "https://dfwmagic.com/kids-magic-shows-in-grand-prairie/" "Mozilla/5.0 (Macintosh; Intel Mac OS X 10_15_7) AppleWebKit/605.1.15 (KHTML, like Gecko) Version/17.4 Safari/605.1.15 (Applebot/0.1; +http://www.apple.com/go/applebot)"
17.246.23.54 - - [17/Jul/2026:19:37:07 -0600] "GET /wp-content/plugins/elementor-pro/assets/js/frontend.min.js?ver=4.1.3 HTTP/2" 200 6191 "https://dfwmagic.com/kids-magic-shows-in-grand-prairie/" "Mozilla/5.0 (Macintosh; Intel Mac OS X 10_15_7) AppleWebKit/605.1.15 (KHTML, like Gecko) Version/17.4 Safari/605.1.15 (Applebot/0.1; +http://www.apple.com/go/applebot)"
17.241.219.242 - - [17/Jul/2026:19:35:18 -0600] "GET /farmers-branch-birthday-party-magic-show/ HTTP/2" 200 36559 "-" "Mozilla/5.0 (Macintosh; Intel Mac OS X 10_15_7) AppleWebKit/605.1.15 (KHTML, like Gecko) Version/17.4 Safari/605.1.15 (Applebot/0.1; +http://www.apple.com/go/applebot)"
77.75.79.17 - - [17/Jul/2026:19:56:06 -0600] "GET /wp-sitemap.xml HTTP/1.1" 200 231 "-" "Mozilla/5.0 (compatible; SeznamBot/4.0; +https://o-seznam.cz/napoveda/vyhledavani/en/seznambot-crawler/)"
15.235.98.204 - - [17/Jul/2026:19:45:51 -0600] "GET /make-your-event-magical-with-checkers-the-magician-in-little-elm-texas/ HTTP/2" 200 31953 "-" "Mozilla/5.0 (compatible; AhrefsBot/7.0; +http://ahrefs.com/robot/)"
142.111.93.212 - - [17/Jul/2026:19:53:46 -0600] "GET /checkers-the-magician-the-best-kids-magic-show-in-fort-worth/ HTTP/1.1" 200 30340 "-" "Mozilla/5.0 (compatible; Googlebot/2.1; +http://www.google.com/bot.html)"
17.241.219.154 - - [17/Jul/2026:19:37:35 -0600] "GET /wp-content/plugins/elementor/assets/css/frontend.min.css?ver=4.1.5 HTTP/2" 200 6613 "https://dfwmagic.com/farmers-branch-birthday-party-magic-show/" "Mozilla/5.0 (Macintosh; Intel Mac OS X 10_15_7) AppleWebKit/605.1.15 (KHTML, like Gecko) Version/17.4 Safari/605.1.15 (Applebot/0.1; +http://www.apple.com/go/applebot)"
17.241.219.154 - - [17/Jul/2026:19:37:36 -0600] "GET /wp-content/plugins/elementor/assets/js/webpack.runtime.min.js?ver=4.1.5 HTTP/2" 200 2338 "https://dfwmagic.com/farmers-branch-birthday-party-magic-show/" "Mozilla/5.0 (Macintosh; Intel Mac OS X 10_15_7) AppleWebKit/605.1.15 (KHTML, like Gecko) Version/17.4 Safari/605.1.15 (Applebot/0.1; +http://www.apple.com/go/applebot)"
17.241.219.154 - - [17/Jul/2026:19:37:37 -0600] "GET /wp-content/plugins/elementor/assets/js/frontend-modules.min.js?ver=4.1.5 HTTP/2" 200 15445 "https://dfwmagic.com/farmers-branch-birthday-party-magic-show/" "Mozilla/5.0 (Macintosh; Intel Mac OS X 10_15_7) AppleWebKit/605.1.15 (KHTML, like Gecko) Version/17.4 Safari/605.1.15 (Applebot/0.1; +http://www.apple.com/go/applebot)"
17.241.219.154 - - [17/Jul/2026:19:37:39 -0600] "GET /wp-content/plugins/elementor/assets/js/frontend.min.js?ver=4.1.5 HTTP/2" 200 10124 "https://dfwmagic.com/farmers-branch-birthday-party-magic-show/" "Mozilla/5.0 (Macintosh; Intel Mac OS X 10_15_7) AppleWebKit/605.1.15 (KHTML, like Gecko) Version/17.4 Safari/605.1.15 (Applebot/0.1; +http://www.apple.com/go/applebot)"
17.241.219.154 - - [17/Jul/2026:19:37:40 -0600] "GET /wp-content/plugins/elementor-pro/assets/js/webpack-pro.runtime.min.js?ver=4.1.3 HTTP/2" 200 2606 "https://dfwmagic.com/farmers-branch-birthday-party-magic-show/" "Mozilla/5.0 (Macintosh; Intel Mac OS X 10_15_7) AppleWebKit/605.1.15 (KHTML, like Gecko) Version/17.4 Safari/605.1.15 (Applebot/0.1; +http://www.apple.com/go/applebot)"
17.241.219.154 - - [17/Jul/2026:19:37:42 -0600] "GET /wp-content/plugins/elementor-pro/assets/js/frontend.min.js?ver=4.1.3 HTTP/2" 200 6191 "https://dfwmagic.com/farmers-branch-birthday-party-magic-show/" "Mozilla/5.0 (Macintosh; Intel Mac OS X 10_15_7) AppleWebKit/605.1.15 (KHTML, like Gecko) Version/17.4 Safari/605.1.15 (Applebot/0.1; +http://www.apple.com/go/applebot)"
17.241.219.154 - - [17/Jul/2026:19:37:43 -0600] "GET /wp-content/plugins/elementor-pro/assets/js/elements-handlers.min.js?ver=4.1.3 HTTP/2" 200 10079 "https://dfwmagic.com/farmers-branch-birthday-party-magic-show/" "Mozilla/5.0 (Macintosh; Intel Mac OS X 10_15_7) AppleWebKit/605.1.15 (KHTML, like Gecko) Version/17.4 Safari/605.1.15 (Applebot/0.1; +http://www.apple.com/go/applebot)"
198.175.150.9 - - [17/Jul/2026:19:45:53 -0600] "POST /wp-cron.php?doing_wp_cron=1784339153.1085910797119140625000 HTTP/1.1" 200 0 "-" "WordPress/7.0.1; https://dfwmagic.com"
77.75.79.17 - - [17/Jul/2026:19:53:13 -0600] "GET /little-elm-birthday-party-magic-show/ HTTP/1.1" 200 36713 "-" "Mozilla/5.0 (compatible; SeznamBot/4.0; +https://o-seznam.cz/napoveda/vyhledavani/en/seznambot-crawler/)"
77.75.79.17 - - [17/Jul/2026:19:54:02 -0600] "GET /checkers-the-magician-bringing-walk-around-magic-and-balloon-animals-for-your-dallas-fort-worth-event/ HTTP/1.1" 200 37549 "-" "Mozilla/5.0 (compatible; SeznamBot/4.0; +https://o-seznam.cz/napoveda/vyhledavani/en/seznambot-crawler/)"
17.246.23.54 - - [17/Jul/2026:19:37:08 -0600] "GET /wp-content/plugins/elementor-pro/assets/js/elements-handlers.min.js?ver=4.1.3 HTTP/2" 200 10079 "https://dfwmagic.com/kids-magic-shows-in-grand-prairie/" "Mozilla/5.0 (Macintosh; Intel Mac OS X 10_15_7) AppleWebKit/605.1.15 (KHTML, like Gecko) Version/17.4 Safari/605.1.15 (Applebot/0.1; +http://www.apple.com/go/applebot)"
17.246.23.54 - - [17/Jul/2026:19:37:09 -0600] "GET /wp-content/plugins/elementor/assets/js/section-frontend-handlers.d85ab872da118940910d.bundle.min.js HTTP/2" 200 229 "https://dfwmagic.com/kids-magic-shows-in-grand-prairie/" "Mozilla/5.0 (Macintosh; Intel Mac OS X 10_15_7) AppleWebKit/605.1.15 (KHTML, like Gecko) Version/17.4 Safari/605.1.15 (Applebot/0.1; +http://www.apple.com/go/applebot)"
17.246.23.54 - - [17/Jul/2026:19:37:11 -0600] "GET /wp-includes/js/wp-emoji-release.min.js?ver=7.0.1 HTTP/2" 200 4974 "https://dfwmagic.com/kids-magic-shows-in-grand-prairie/" "Mozilla/5.0 (Macintosh; Intel Mac OS X 10_15_7) AppleWebKit/605.1.15 (KHTML, like Gecko) Version/17.4 Safari/605.1.15 (Applebot/0.1; +http://www.apple.com/go/applebot)"
17.246.23.54 - - [17/Jul/2026:19:37:12 -0600] "GET /wp-content/plugins/elementor/assets/js/shared-frontend-handlers.03caa53373b56d3bab67.bundle.min.js HTTP/2" 200 2511 "https://dfwmagic.com/kids-magic-shows-in-grand-prairie/" "Mozilla/5.0 (Macintosh; Intel Mac OS X 10_15_7) AppleWebKit/605.1.15 (KHTML, like Gecko) Version/17.4 Safari/605.1.15 (Applebot/0.1; +http://www.apple.com/go/applebot)"
77.75.79.17 - - [17/Jul/2026:19:55:14 -0600] "GET /school-library-shows/ HTTP/1.1" 200 70039 "-" "Mozilla/5.0 (compatible; SeznamBot/4.0; +https://o-seznam.cz/napoveda/vyhledavani/en/seznambot-crawler/)"
77.75.79.17 - - [17/Jul/2026:19:57:03 -0600] "GET /kids-magic-shows-in-grapevine/ HTTP/1.1" 200 36507 "-" "Mozilla/5.0 (compatible; SeznamBot/4.0; +https://o-seznam.cz/napoveda/vyhledavani/en/seznambot-crawler/)"
77.75.78.169 - - [17/Jul/2026:20:18:07 -0600] "GET /wp-sitemap-users-1.xml HTTP/1.1" 200 188 "-" "Mozilla/5.0 (compatible; SeznamBot/4.0; +https://o-seznam.cz/napoveda/vyhledavani/en/seznambot-crawler/)"
207.46.13.9 - - [17/Jul/2026:20:19:54 -0600] "GET /wp-content/plugins/elementor/assets/lib/font-awesome/css/fontawesome.css?ver=5.15.3 HTTP/2" 200 12526 "https://dfwmagic.com/checkers-the-magician-entertaining-dallas-kids-for-years" "Mozilla/5.0 AppleWebKit/537.36 (KHTML, like Gecko; compatible; bingbot/2.0; +http://www.bing.com/bingbot.htm) Chrome/136.0.0.0 Safari/537.36 AppleWebKit/537.36 (KHTML, like Gecko; compatible; bingbot/2.0; +http://www.bing.com/bingbot.htm) Chrome/116.0.1938.76 Safari/537.36"
207.46.13.9 - - [17/Jul/2026:20:19:54 -0600] "GET /wp-content/plugins/elementor/assets/lib/font-awesome/css/solid.css?ver=5.15.3 HTTP/2" 200 296 "https://dfwmagic.com/checkers-the-magician-entertaining-dallas-kids-for-years" "Mozilla/5.0 AppleWebKit/537.36 (KHTML, like Gecko; compatible; bingbot/2.0; +http://www.bing.com/bingbot.htm) Chrome/136.0.0.0 Safari/537.36 AppleWebKit/537.36 (KHTML, like Gecko; compatible; bingbot/2.0; +http://www.bing.com/bingbot.htm) Chrome/116.0.1938.76 Safari/537.36"
207.46.13.9 - - [17/Jul/2026:20:19:55 -0600] "GET /wp-includes/js/dist/hooks.min.js?ver=7496969728ca0f95732d HTTP/2" 200 1734 "https://dfwmagic.com/checkers-the-magician-entertaining-dallas-kids-for-years" "Mozilla/5.0 AppleWebKit/537.36 (KHTML, like Gecko; compatible; bingbot/2.0; +http://www.bing.com/bingbot.htm) Chrome/136.0.0.0 Safari/537.36 AppleWebKit/537.36 (KHTML, like Gecko; compatible; bingbot/2.0; +http://www.bing.com/bingbot.htm) Chrome/116.0.1938.76 Safari/537.36"
207.46.13.9 - - [17/Jul/2026:20:19:55 -0600] "GET /wp-includes/js/jquery/jquery.min.js?ver=3.7.1 HTTP/2" 200 29744 "https://dfwmagic.com/checkers-the-magician-entertaining-dallas-kids-for-years" "Mozilla/5.0 AppleWebKit/537.36 (KHTML, like Gecko; compatible; bingbot/2.0; +http://www.bing.com/bingbot.htm) Chrome/136.0.0.0 Safari/537.36 AppleWebKit/537.36 (KHTML, like Gecko; compatible; bingbot/2.0; +http://www.bing.com/bingbot.htm) Chrome/116.0.1938.76 Safari/537.36"
40.77.167.30 - - [17/Jul/2026:20:19:58 -0600] "GET /wp-content/uploads/elementor/google-fonts/css/robotoslab.css?ver=1742235216 HTTP/2" 200 698 "https://dfwmagic.com/checkers-the-magician-entertaining-dallas-kids-for-years" "Mozilla/5.0 AppleWebKit/537.36 (KHTML, like Gecko; compatible; bingbot/2.0; +http://www.bing.com/bingbot.htm) Chrome/136.0.0.0 Safari/537.36 AppleWebKit/537.36 (KHTML, like Gecko; compatible; bingbot/2.0; +http://www.bing.com/bingbot.htm) Chrome/116.0.1938.76 Safari/537.36"
40.77.167.30 - - [17/Jul/2026:20:20:08 -0600] "GET /wp-content/themes/astra/assets/fonts/astra.woff HTTP/2" 200 3304 "https://dfwmagic.com/checkers-the-magician-entertaining-dallas-kids-for-years" "Mozilla/5.0 AppleWebKit/537.36 (KHTML, like Gecko; compatible; bingbot/2.0; +http://www.bing.com/bingbot.htm) Chrome/136.0.0.0 Safari/537.36 AppleWebKit/537.36 (KHTML, like Gecko; compatible; bingbot/2.0; +http://www.bing.com/bingbot.htm) Chrome/116.0.1938.76 Safari/537.36"
40.77.167.30 - - [17/Jul/2026:20:20:08 -0600] "GET /wp-includes/js/dist/i18n.min.js?ver=781d11515ad3d91786ec HTTP/2" 200 2354 "https://dfwmagic.com/checkers-the-magician-entertaining-dallas-kids-for-years" "Mozilla/5.0 AppleWebKit/537.36 (KHTML, like Gecko; compatible; bingbot/2.0; +http://www.bing.com/bingbot.htm) Chrome/136.0.0.0 Safari/537.36 AppleWebKit/537.36 (KHTML, like Gecko; compatible; bingbot/2.0; +http://www.bing.com/bingbot.htm) Chrome/116.0.1938.76 Safari/537.36"
40.77.167.30 - - [17/Jul/2026:20:20:08 -0600] "GET /wp-content/themes/astra/assets/fonts/astra.ttf HTTP/2" 200 1926 "https://dfwmagic.com/checkers-the-magician-entertaining-dallas-kids-for-years" "Mozilla/5.0 AppleWebKit/537.36 (KHTML, like Gecko; compatible; bingbot/2.0; +http://www.bing.com/bingbot.htm) Chrome/136.0.0.0 Safari/537.36 AppleWebKit/537.36 (KHTML, like Gecko; compatible; bingbot/2.0; +http://www.bing.com/bingbot.htm) Chrome/116.0.1938.76 Safari/537.36"
77.75.78.169 - - [17/Jul/2026:20:09:14 -0600] "GET /checkers-the-magician-the-perfect-entertainment-for-hoa-events-and-kids-parties-in-the-dfw-metroplex-area/ HTTP/1.1" 200 37573 "-" "Mozilla/5.0 (compatible; SeznamBot/4.0; +https://o-seznam.cz/napoveda/vyhledavani/en/seznambot-crawler/)"
40.77.177.22 - - [17/Jul/2026:20:36:22 -0600] "GET /wp-content/plugins/elementor/assets/js/text-editor.45609661e409413f1cef.bundle.min.js HTTP/2" 200 592 "https://dfwmagic.com/checkers-the-magician-entertaining-dallas-kids-for-years" "Mozilla/5.0 AppleWebKit/537.36 (KHTML, like Gecko; compatible; bingbot/2.0; +http://www.bing.com/bingbot.htm) Chrome/136.0.0.0 Safari/537.36"
40.77.177.22 - - [17/Jul/2026:20:36:22 -0600] "GET /wp-content/plugins/elementor/assets/js/section-frontend-handlers.d85ab872da118940910d.bundle.min.js HTTP/2" 200 229 "https://dfwmagic.com/checkers-the-magician-entertaining-dallas-kids-for-years" "Mozilla/5.0 AppleWebKit/537.36 (KHTML, like Gecko; compatible; bingbot/2.0; +http://www.bing.com/bingbot.htm) Chrome/136.0.0.0 Safari/537.36"
104.210.140.142 - - [17/Jul/2026:20:36:27 -0600] "GET /robots.txt HTTP/2" 200 96 "-" "Mozilla/5.0 (Macintosh; Intel Mac OS X 10_15_7) AppleWebKit/537.36 (KHTML, like Gecko) Chrome/131.0.0.0 Safari/537.36; compatible; OAI-SearchBot/1.0; +https://openai.com/searchbot"
198.175.150.9 - - [17/Jul/2026:20:18:08 -0600] "POST /wp-cron.php?doing_wp_cron=1784341088.2491769790649414062500 HTTP/1.1" 200 0 "-" "WordPress/7.0.1; https://dfwmagic.com"
198.175.150.9 - - [17/Jul/2026:20:18:08 -0600] "POST /wp-cron.php?doing_wp_cron=1784341088.2694990634918212890625 HTTP/1.1" 200 0 "-" "WordPress/7.0.1; https://dfwmagic.com"
52.167.144.221 - - [17/Jul/2026:20:19:58 -0600] "GET /wp-includes/js/jquery/jquery-migrate.min.js?ver=3.4.1 HTTP/2" 200 4678 "https://dfwmagic.com/checkers-the-magician-entertaining-dallas-kids-for-years" "Mozilla/5.0 AppleWebKit/537.36 (KHTML, like Gecko; compatible; bingbot/2.0; +http://www.bing.com/bingbot.htm) Chrome/136.0.0.0 Safari/537.36 AppleWebKit/537.36 (KHTML, like Gecko; compatible; bingbot/2.0; +http://www.bing.com/bingbot.htm) Chrome/116.0.1938.76 Safari/537.36"
198.175.150.9 - - [17/Jul/2026:20:36:28 -0600] "POST /wp-cron.php?doing_wp_cron=1784342188.1085469722747802734375 HTTP/1.1" 200 0 "-" "WordPress/7.0.1; https://dfwmagic.com"
77.75.78.169 - - [17/Jul/2026:20:09:03 -0600] "GET /deposit/ HTTP/1.1" 200 34024 "-" "Mozilla/5.0 (compatible; SeznamBot/4.0; +https://o-seznam.cz/napoveda/vyhledavani/en/seznambot-crawler/)"
198.175.150.9 - - [17/Jul/2026:20:42:09 -0600] "POST /wp-cron.php?doing_wp_cron=1784342529.1443181037902832031250 HTTP/1.1" 200 0 "-" "WordPress/7.0.1; https://dfwmagic.com"
77.75.78.169 - - [17/Jul/2026:20:42:07 -0600] "GET /wp-sitemap-posts-post-1.xml HTTP/1.1" 200 2919 "-" "Mozilla/5.0 (compatible; SeznamBot/4.0; +https://o-seznam.cz/napoveda/vyhledavani/en/seznambot-crawler/)"
77.75.78.169 - - [17/Jul/2026:20:46:24 -0600] "GET /magic-is-the-best-form-of-entertainment-for-kids-parties/ HTTP/1.1" 200 35105 "-" "Mozilla/5.0 (compatible; SeznamBot/4.0; +https://o-seznam.cz/napoveda/vyhledavani/en/seznambot-crawler/)"
77.75.78.169 - - [17/Jul/2026:20:49:05 -0600] "GET /kids-magic-shows-in-arlington/ HTTP/1.1" 200 36366 "-" "Mozilla/5.0 (compatible; SeznamBot/4.0; +https://o-seznam.cz/napoveda/vyhledavani/en/seznambot-crawler/)"
77.75.78.169 - - [17/Jul/2026:20:51:04 -0600] "GET /checkers-the-magician-the-ultimate-kids-magic-show-in-mckinney-texas/ HTTP/1.1" 200 35933 "-" "Mozilla/5.0 (compatible; SeznamBot/4.0; +https://o-seznam.cz/napoveda/vyhledavani/en/seznambot-crawler/)"
77.75.78.169 - - [17/Jul/2026:20:51:08 -0600] "GET /kids-magic-shows-in-rowlett/ HTTP/1.1" 200 36545 "-" "Mozilla/5.0 (compatible; SeznamBot/4.0; +https://o-seznam.cz/napoveda/vyhledavani/en/seznambot-crawler/)"
77.75.78.169 - - [17/Jul/2026:20:59:16 -0600] "GET /checkers-the-magician-the-ultimate-kids-magic-show-experience-for-5-year-olds/ HTTP/1.1" 200 37372 "-" "Mozilla/5.0 (compatible; SeznamBot/4.0; +https://o-seznam.cz/napoveda/vyhledavani/en/seznambot-crawler/)"
77.75.78.172 - - [17/Jul/2026:21:00:21 -0600] "GET /make-your-childs-party-magical-with-checkers-the-magician-in-richardson-texas/ HTTP/1.1" 200 37404 "-" "Mozilla/5.0 (compatible; SeznamBot/4.0; +https://o-seznam.cz/napoveda/vyhledavani/en/seznambot-crawler/)"
77.75.78.169 - - [17/Jul/2026:20:56:20 -0600] "GET /category/landing/ HTTP/1.1" 200 28762 "-" "Mozilla/5.0 (compatible; SeznamBot/4.0; +https://o-seznam.cz/napoveda/vyhledavani/en/seznambot-crawler/)"
77.75.78.169 - - [17/Jul/2026:20:52:19 -0600] "GET /bring-magic-and-laughter-to-your-event-with-checkers-the-magician-in-grapevine-texas/ HTTP/1.1" 200 37422 "-" "Mozilla/5.0 (compatible; SeznamBot/4.0; +https://o-seznam.cz/napoveda/vyhledavani/en/seznambot-crawler/)"
77.75.78.169 - - [17/Jul/2026:20:53:13 -0600] "GET /checkers-the-magician-magic-shows-and-balloon-animals-for-kids-and-families-in-arlington/ HTTP/1.1" 200 37100 "-" "Mozilla/5.0 (compatible; SeznamBot/4.0; +https://o-seznam.cz/napoveda/vyhledavani/en/seznambot-crawler/)"
77.75.78.169 - - [17/Jul/2026:20:56:09 -0600] "GET /tag/troops/ HTTP/1.1" 200 28741 "-" "Mozilla/5.0 (compatible; SeznamBot/4.0; +https://o-seznam.cz/napoveda/vyhledavani/en/seznambot-crawler/)"
77.75.78.169 - - [17/Jul/2026:20:54:05 -0600] "GET /flower-mound-birthday-party-magic-show/ HTTP/1.1" 200 37205 "-" "Mozilla/5.0 (compatible; SeznamBot/4.0; +https://o-seznam.cz/napoveda/vyhledavani/en/seznambot-crawler/)"
17.246.15.68 - - [17/Jul/2026:21:01:55 -0600] "GET /kids-magic-shows-in-highland-park/ HTTP/2" 200 36397 "-" "Mozilla/5.0 (Macintosh; Intel Mac OS X 10_15_7) AppleWebKit/605.1.15 (KHTML, like Gecko) Version/17.4 Safari/605.1.15 (Applebot/0.1; +http://www.apple.com/go/applebot)"
185.191.171.9 - - [17/Jul/2026:21:23:48 -0600] "GET /checkers-the-magician-magic-shows-and-balloon-animals-for-kids-and-families-in-arlington/ HTTP/1.1" 200 37100 "-" "Mozilla/5.0 (compatible; SemrushBot/7~bl; +http://www.semrush.com/bot.html)"
198.175.150.9 - - [17/Jul/2026:21:27:38 -0600] "POST /wp-cron.php?doing_wp_cron=1784345258.3948140144348144531250 HTTP/1.1" 200 0 "-" "WordPress/7.0.1; https://dfwmagic.com"
185.191.171.17 - - [17/Jul/2026:21:44:45 -0600] "GET /forney-birthday-party-magic-show/ HTTP/1.1" 200 36654 "-" "Mozilla/5.0 (compatible; SemrushBot/7~bl; +http://www.semrush.com/bot.html)"
85.208.96.200 - - [17/Jul/2026:21:11:28 -0600] "GET /robots.txt HTTP/1.1" 200 109 "-" "Mozilla/5.0 (compatible; SemrushBot/7~bl; +http://www.semrush.com/bot.html)"
198.175.150.9 - - [17/Jul/2026:21:23:50 -0600] "POST /wp-cron.php?doing_wp_cron=1784345030.1904349327087402343750 HTTP/1.1" 200 0 "-" "WordPress/7.0.1; https://dfwmagic.com"
185.191.171.2 - - [17/Jul/2026:21:11:28 -0600] "GET /bring-laughter-and-wonder-to-your-childs-birthday-with-checkers-the-magician-in-trophy-club-texas/ HTTP/1.1" 200 37592 "-" "Mozilla/5.0 (compatible; SemrushBot/7~bl; +http://www.semrush.com/bot.html)"
216.73.216.143 - - [17/Jul/2026:21:31:58 -0600] "GET /robots.txt HTTP/2" 200 96 "-" "Mozilla/5.0 AppleWebKit/537.36 (KHTML, like Gecko; compatible; ClaudeBot/1.0; +claudebot@anthropic.com)"
216.73.216.143 - - [17/Jul/2026:21:32:00 -0600] "GET /wp-sitemap.xml HTTP/2" 200 197 "-" "Mozilla/5.0 AppleWebKit/537.36 (KHTML, like Gecko; compatible; ClaudeBot/1.0; +claudebot@anthropic.com)"
198.175.150.9 - - [17/Jul/2026:21:37:52 -0600] "POST /wp-cron.php?doing_wp_cron=1784345872.5040669441223144531250 HTTP/1.1" 200 0 "-" "WordPress/7.0.1; https://dfwmagic.com"
109.235.159.130 - - [17/Jul/2026:21:42:59 -0600] "GET /wp-sitemap.xml HTTP/1.1" 200 231 "-" "Mozilla/5.0 (Macintosh; Intel Mac OS X 14_4_0) AppleWebKit/537.36 (KHTML, like Gecko) Chrome/134.0.6998.45"
198.175.150.9 - - [17/Jul/2026:21:23:50 -0600] "POST /wp-cron.php?doing_wp_cron=1784345030.2342441082000732421875 HTTP/1.1" 200 0 "-" "WordPress/7.0.1; https://dfwmagic.com"
148.113.130.132 - - [17/Jul/2026:21:27:37 -0600] "GET /kids-magic-shows-in-fairview/ HTTP/2" 200 30529 "-" "Mozilla/5.0 (compatible; AhrefsBot/7.0; +http://ahrefs.com/robot/)"
185.191.171.17 - - [17/Jul/2026:21:37:51 -0600] "GET /school-library-shows/ HTTP/1.1" 200 70048 "-" "Mozilla/5.0 (compatible; SemrushBot/7~bl; +http://www.semrush.com/bot.html)"
31.70.86.159 - - [17/Jul/2026:21:42:25 -0600] "POST / HTTP/2" 200 0 "-" "Go-http-client/2.0"
183.199.112.116 - - [17/Jul/2026:21:52:02 -0600] "GET / HTTP/2" 403 72 "https://dfwmagic.com/" "Mozilla/5.0 (Windows NT 6.1; WOW64) AppleWebKit/537.36 (KHTML, like Gecko) Chrome/50.0.2661.102 Safari/537.36"
155.94.179.162 - - [17/Jul/2026:22:00:49 -0600] "GET /category/areas/ HTTP/2" 200 26479 "-" "Mozilla/5.0 (Macintosh; Intel Mac OS X 10_13_0) AppleWebKit/537.36 (KHTML, like Gecko) Chrome/58.0.6337.1692 Safari/537.36"
155.94.179.162 - - [17/Jul/2026:22:00:51 -0600] "GET /wp-content/themes/astra/assets/css/minified/frontend.min.css?ver=4.13.6 HTTP/2" 200 9111 "https://dfwmagic.com/category/areas/" "Mozilla/5.0 (Macintosh; Intel Mac OS X 10_13_0) AppleWebKit/537.36 (KHTML, like Gecko) Chrome/58.0.6337.1692 Safari/537.36"
155.94.179.162 - - [17/Jul/2026:22:00:51 -0600] "GET /wp-content/uploads/astra-addon/astra-addon-6a439d3ba7c902-10687543.css?ver=4.13.5 HTTP/2" 200 6887 "https://dfwmagic.com/category/areas/" "Mozilla/5.0 (Macintosh; Intel Mac OS X 10_13_0) AppleWebKit/537.36 (KHTML, like Gecko) Chrome/58.0.6337.1692 Safari/537.36"
155.94.179.162 - - [17/Jul/2026:22:00:51 -0600] "GET /wp-content/uploads/2025/03/Checkers-the-Magician-University-Park.jpg HTTP/2" 206 500 "https://dfwmagic.com/category/areas/" "Mozilla/5.0 (Macintosh; Intel Mac OS X 10_13_0) AppleWebKit/537.36 (KHTML, like Gecko) Chrome/58.0.6337.1692 Safari/537.36"
155.94.179.162 - - [17/Jul/2026:22:00:51 -0600] "GET /wp-content/uploads/2025/03/Checkers-the-Magician-Trophy-Club.jpg HTTP/2" 206 500 "https://dfwmagic.com/category/areas/" "Mozilla/5.0 (Macintosh; Intel Mac OS X 10_13_0) AppleWebKit/537.36 (KHTML, like Gecko) Chrome/58.0.6337.1692 Safari/537.36"
155.94.179.162 - - [17/Jul/2026:22:00:51 -0600] "GET /wp-content/uploads/2025/03/Checkers-the-Magician-Southlake.jpg HTTP/2" 206 500 "https://dfwmagic.com/category/areas/" "Mozilla/5.0 (Macintosh; Intel Mac OS X 10_13_0) AppleWebKit/537.36 (KHTML, like Gecko) Chrome/58.0.6337.1692 Safari/537.36"
155.94.179.162 - - [17/Jul/2026:22:00:52 -0600] "GET /wp-content/uploads/2025/03/Checkers-the-Magician-University-Park.jpg HTTP/2" 304 0 "https://dfwmagic.com/category/areas/" "Mozilla/5.0 (Macintosh; Intel Mac OS X 10_13_0) AppleWebKit/537.36 (KHTML, like Gecko) Chrome/58.0.6337.1692 Safari/537.36"
155.94.179.162 - - [17/Jul/2026:22:00:52 -0600] "GET /wp-content/uploads/2025/03/Checkers-the-Magician-Trophy-Club.jpg HTTP/2" 304 0 "https://dfwmagic.com/category/areas/" "Mozilla/5.0 (Macintosh; Intel Mac OS X 10_13_0) AppleWebKit/537.36 (KHTML, like Gecko) Chrome/58.0.6337.1692 Safari/537.36"
155.94.179.162 - - [17/Jul/2026:22:00:52 -0600] "GET /wp-content/uploads/2025/03/Checkers-the-Magician-Rockwall.jpg HTTP/2" 206 500 "https://dfwmagic.com/category/areas/" "Mozilla/5.0 (Macintosh; Intel Mac OS X 10_13_0) AppleWebKit/537.36 (KHTML, like Gecko) Chrome/58.0.6337.1692 Safari/537.36"
155.94.179.162 - - [17/Jul/2026:22:00:52 -0600] "GET /wp-content/uploads/2025/03/Checkers-the-Magician-Sachse.jpg HTTP/2" 206 500 "https://dfwmagic.com/category/areas/" "Mozilla/5.0 (Macintosh; Intel Mac OS X 10_13_0) AppleWebKit/537.36 (KHTML, like Gecko) Chrome/58.0.6337.1692 Safari/537.36"
155.94.179.162 - - [17/Jul/2026:22:00:52 -0600] "GET /wp-content/uploads/2025/03/Checkers-the-Magician-Prosper.jpg HTTP/2" 206 500 "https://dfwmagic.com/category/areas/" "Mozilla/5.0 (Macintosh; Intel Mac OS X 10_13_0) AppleWebKit/537.36 (KHTML, like Gecko) Chrome/58.0.6337.1692 Safari/537.36"
155.94.179.162 - - [17/Jul/2026:22:00:52 -0600] "GET /wp-content/plugins/astra-addon/addons/nav-menu/assets/css/minified/magamenu-frontend.min.css?ver=4.13.5 HTTP/2" 200 0 "https://dfwmagic.com/category/areas/" "Mozilla/5.0 (Macintosh; Intel Mac OS X 10_13_0) AppleWebKit/537.36 (KHTML, like Gecko) Chrome/58.0.6337.1692 Safari/537.36"
155.94.179.162 - - [17/Jul/2026:22:00:52 -0600] "GET /wp-content/uploads/2025/03/Checkers-the-Magician-University-Park.jpg HTTP/2" 206 70731 "https://dfwmagic.com/category/areas/" "Mozilla/5.0 (Macintosh; Intel Mac OS X 10_13_0) AppleWebKit/537.36 (KHTML, like Gecko) Chrome/58.0.6337.1692 Safari/537.36"
155.94.179.162 - - [17/Jul/2026:22:00:52 -0600] "GET /wp-content/uploads/2025/03/Checkers-the-Magician-Trophy-Club.jpg HTTP/2" 206 69531 "https://dfwmagic.com/category/areas/" "Mozilla/5.0 (Macintosh; Intel Mac OS X 10_13_0) AppleWebKit/537.36 (KHTML, like Gecko) Chrome/58.0.6337.1692 Safari/537.36"
155.94.179.162 - - [17/Jul/2026:22:00:52 -0600] "GET /wp-content/uploads/2025/03/Checkers-the-Magician-Southlake.jpg HTTP/2" 304 0 "https://dfwmagic.com/category/areas/" "Mozilla/5.0 (Macintosh; Intel Mac OS X 10_13_0) AppleWebKit/537.36 (KHTML, like Gecko) Chrome/58.0.6337.1692 Safari/537.36"
155.94.179.162 - - [17/Jul/2026:22:00:52 -0600] "GET /wp-content/uploads/2025/03/Checkers-the-Magician-Rockwall.jpg HTTP/2" 304 0 "https://dfwmagic.com/category/areas/" "Mozilla/5.0 (Macintosh; Intel Mac OS X 10_13_0) AppleWebKit/537.36 (KHTML, like Gecko) Chrome/58.0.6337.1692 Safari/537.36"
155.94.179.162 - - [17/Jul/2026:22:00:52 -0600] "GET /wp-content/uploads/2025/03/Checkers-the-Magician-Sachse.jpg HTTP/2" 304 0 "https://dfwmagic.com/category/areas/" "Mozilla/5.0 (Macintosh; Intel Mac OS X 10_13_0) AppleWebKit/537.36 (KHTML, like Gecko) Chrome/58.0.6337.1692 Safari/537.36"
155.94.179.162 - - [17/Jul/2026:22:00:52 -0600] "GET /wp-content/uploads/2025/03/Checkers-the-Magician-McKinney.jpg HTTP/2" 206 500 "https://dfwmagic.com/category/areas/" "Mozilla/5.0 (Macintosh; Intel Mac OS X 10_13_0) AppleWebKit/537.36 (KHTML, like Gecko) Chrome/58.0.6337.1692 Safari/537.36"
155.94.179.162 - - [17/Jul/2026:22:00:53 -0600] "GET /wp-content/uploads/2025/03/Checkers-the-Magician-Plano.jpg HTTP/2" 206 500 "https://dfwmagic.com/category/areas/" "Mozilla/5.0 (Macintosh; Intel Mac OS X 10_13_0) AppleWebKit/537.36 (KHTML, like Gecko) Chrome/58.0.6337.1692 Safari/537.36"
155.94.179.162 - - [17/Jul/2026:22:00:53 -0600] "GET /wp-content/uploads/2025/03/Checkers-the-Magician-Little-Elm.jpg HTTP/2" 206 500 "https://dfwmagic.com/category/areas/" "Mozilla/5.0 (Macintosh; Intel Mac OS X 10_13_0) AppleWebKit/537.36 (KHTML, like Gecko) Chrome/58.0.6337.1692 Safari/537.36"
155.94.179.162 - - [17/Jul/2026:22:00:53 -0600] "GET /wp-content/uploads/2025/03/Checkers-the-Magician-Lewisville.jpg HTTP/2" 206 500 "https://dfwmagic.com/category/areas/" "Mozilla/5.0 (Macintosh; Intel Mac OS X 10_13_0) AppleWebKit/537.36 (KHTML, like Gecko) Chrome/58.0.6337.1692 Safari/537.36"
155.94.179.162 - - [17/Jul/2026:22:00:53 -0600] "GET /wp-content/uploads/2025/03/Checkers-the-Magician-Prosper.jpg HTTP/2" 304 0 "https://dfwmagic.com/category/areas/" "Mozilla/5.0 (Macintosh; Intel Mac OS X 10_13_0) AppleWebKit/537.36 (KHTML, like Gecko) Chrome/58.0.6337.1692 Safari/537.36"
155.94.179.162 - - [17/Jul/2026:22:00:53 -0600] "GET /wp-content/uploads/2025/03/Checkers-the-Magician-Southlake.jpg HTTP/2" 206 68940 "https://dfwmagic.com/category/areas/" "Mozilla/5.0 (Macintosh; Intel Mac OS X 10_13_0) AppleWebKit/537.36 (KHTML, like Gecko) Chrome/58.0.6337.1692 Safari/537.36"
155.94.179.162 - - [17/Jul/2026:22:00:53 -0600] "GET /wp-content/uploads/2025/03/Checkers-the-Magician-Rockwall.jpg HTTP/2" 206 68498 "https://dfwmagic.com/category/areas/" "Mozilla/5.0 (Macintosh; Intel Mac OS X 10_13_0) AppleWebKit/537.36 (KHTML, like Gecko) Chrome/58.0.6337.1692 Safari/537.36"
155.94.179.162 - - [17/Jul/2026:22:00:53 -0600] "GET /wp-content/uploads/2025/03/Checkers-the-Magician-Sachse.jpg HTTP/2" 206 67754 "https://dfwmagic.com/category/areas/" "Mozilla/5.0 (Macintosh; Intel Mac OS X 10_13_0) AppleWebKit/537.36 (KHTML, like Gecko) Chrome/58.0.6337.1692 Safari/537.36"
155.94.179.162 - - [17/Jul/2026:22:00:53 -0600] "GET /wp-content/uploads/2025/03/Checkers-the-Magician-McKinney.jpg HTTP/2" 304 0 "https://dfwmagic.com/category/areas/" "Mozilla/5.0 (Macintosh; Intel Mac OS X 10_13_0) AppleWebKit/537.36 (KHTML, like Gecko) Chrome/58.0.6337.1692 Safari/537.36"
155.94.179.162 - - [17/Jul/2026:22:00:53 -0600] "GET /wp-content/uploads/2025/03/Checkers-the-Magician-Plano.jpg HTTP/2" 304 0 "https://dfwmagic.com/category/areas/" "Mozilla/5.0 (Macintosh; Intel Mac OS X 10_13_0) AppleWebKit/537.36 (KHTML, like Gecko) Chrome/58.0.6337.1692 Safari/537.36"
155.94.179.162 - - [17/Jul/2026:22:00:53 -0600] "GET /wp-content/uploads/2025/03/Checkers-the-Magician-Little-Elm.jpg HTTP/2" 304 0 "https://dfwmagic.com/category/areas/" "Mozilla/5.0 (Macintosh; Intel Mac OS X 10_13_0) AppleWebKit/537.36 (KHTML, like Gecko) Chrome/58.0.6337.1692 Safari/537.36"
155.94.179.162 - - [17/Jul/2026:22:00:53 -0600] "GET /wp-content/uploads/2025/03/Checkers-the-Magician-Lewisville.jpg HTTP/2" 304 0 "https://dfwmagic.com/category/areas/" "Mozilla/5.0 (Macintosh; Intel Mac OS X 10_13_0) AppleWebKit/537.36 (KHTML, like Gecko) Chrome/58.0.6337.1692 Safari/537.36"
155.94.179.162 - - [17/Jul/2026:22:00:53 -0600] "GET /wp-content/uploads/2025/03/Checkers-the-Magician-Prosper.jpg HTTP/2" 206 67781 "https://dfwmagic.com/category/areas/" "Mozilla/5.0 (Macintosh; Intel Mac OS X 10_13_0) AppleWebKit/537.36 (KHTML, like Gecko) Chrome/58.0.6337.1692 Safari/537.36"
155.94.179.162 - - [17/Jul/2026:22:00:54 -0600] "GET /wp-content/uploads/2025/03/Checkers-the-Magician-McKinney.jpg HTTP/2" 206 68935 "https://dfwmagic.com/category/areas/" "Mozilla/5.0 (Macintosh; Intel Mac OS X 10_13_0) AppleWebKit/537.36 (KHTML, like Gecko) Chrome/58.0.6337.1692 Safari/537.36"
155.94.179.162 - - [17/Jul/2026:22:00:54 -0600] "GET /wp-content/uploads/2025/03/Checkers-the-Magician-Lewisville.jpg HTTP/2" 206 68654 "https://dfwmagic.com/category/areas/" "Mozilla/5.0 (Macintosh; Intel Mac OS X 10_13_0) AppleWebKit/537.36 (KHTML, like Gecko) Chrome/58.0.6337.1692 Safari/537.36"
155.94.179.162 - - [17/Jul/2026:22:00:54 -0600] "GET /wp-content/uploads/2025/03/Checkers-the-Magician-Plano.jpg HTTP/2" 206 67012 "https://dfwmagic.com/category/areas/" "Mozilla/5.0 (Macintosh; Intel Mac OS X 10_13_0) AppleWebKit/537.36 (KHTML, like Gecko) Chrome/58.0.6337.1692 Safari/537.36"
155.94.179.162 - - [17/Jul/2026:22:00:54 -0600] "GET /wp-content/uploads/2025/03/Checkers-the-Magician-Little-Elm.jpg HTTP/2" 206 68398 "https://dfwmagic.com/category/areas/" "Mozilla/5.0 (Macintosh; Intel Mac OS X 10_13_0) AppleWebKit/537.36 (KHTML, like Gecko) Chrome/58.0.6337.1692 Safari/537.36"
201.242.51.205 - - [17/Jul/2026:22:06:00 -0600] "GET /checkers-the-magician-entertaining-dallas-kids-for-years/ HTTP/1.1" 200 36671 "-" "Mozilla/5.0 (Macintosh; Intel Mac OS X 15_3_0) AppleWebKit/537.36 (KHTML, like Gecko) Chrome/127.0.6533.72 Safari/537.36"
198.175.150.9 - - [17/Jul/2026:22:27:00 -0600] "POST /wp-cron.php?doing_wp_cron=1784348820.0116450786590576171875 HTTP/1.1" 200 0 "-" "WordPress/7.0.1; https://dfwmagic.com"
198.175.150.9 - - [17/Jul/2026:22:27:00 -0600] "POST /wp-cron.php?doing_wp_cron=1784348820.6013400554656982421875 HTTP/1.1" 200 0 "-" "WordPress/7.0.1; https://dfwmagic.com"
142.111.93.213 - - [17/Jul/2026:22:26:59 -0600] "GET /kids-magic-shows-in-waxahachie/ HTTP/1.1" 200 30542 "-" "Mozilla/5.0 (compatible; Googlebot/2.1; +http://www.google.com/bot.html)"
32.193.60.217 - - [17/Jul/2026:22:22:50 -0600] "GET /robots.txt HTTP/1.1" 200 109 "-" "Mozilla/5.0 (Macintosh; Intel Mac OS X 10_10_1) AppleWebKit/600.2.5 (KHTML, like Gecko) Version/8.0.2 Safari/600.2.5 (Gort)"
198.175.150.9 - - [17/Jul/2026:22:27:00 -0600] "POST /wp-cron.php?doing_wp_cron=1784348820.0529661178588867187500 HTTP/1.1" 200 0 "-" "WordPress/7.0.1; https://dfwmagic.com"
121.91.182.98 - - [17/Jul/2026:22:41:36 -0600] "GET /wp-content/plugins/elementor/assets/css/widget-image.min.css?ver=4.1.5 HTTP/2" 403 72 "https://dfwmagic.com/" "Mozilla/5.0 (Linux; Android 6.0; Nexus 5 Build/MRA58N) AppleWebKit/537.36 (KHTML, like Gecko) Chrome/40.0.1519.1125 Mobile Safari/537.36"
121.91.182.98 - - [17/Jul/2026:22:41:36 -0600] "GET /wp-content/plugins/astra-addon/addons/nav-menu/assets/css/minified/magamenu-frontend.min.css?ver=4.13.5 HTTP/2" 403 72 "https://dfwmagic.com/" "Mozilla/5.0 (Linux; Android 6.0; Nexus 5 Build/MRA58N) AppleWebKit/537.36 (KHTML, like Gecko) Chrome/40.0.1519.1125 Mobile Safari/537.36"
198.175.150.9 - - [17/Jul/2026:22:41:33 -0600] "POST /wp-cron.php?doing_wp_cron=1784349693.7028539180755615234375 HTTP/1.1" 200 0 "-" "WordPress/7.0.1; https://dfwmagic.com"
45.30.223.190 - - [17/Jul/2026:22:41:32 -0600] "GET / HTTP/2" 200 29044 "https://dfwmagic.com/" "Mozilla/5.0 (Windows NT 10.0; Win64; x64) AppleWebKit/537.36 (KHTML, like Gecko) Chrome/149.0.0.0 Safari/537.36"
142.111.93.214 - - [17/Jul/2026:23:03:13 -0600] "GET /robots.txt HTTP/1.1" 301 0 "-" "Googlebot"
93.115.13.183 - - [17/Jul/2026:22:58:40 -0600] "GET /category/blog/ HTTP/2" 200 25972 "-" "Mozilla/5.0 (Linux; Android 6.0; Nexus 5 Build/MRA58N) AppleWebKit/537.36 (KHTML, like Gecko) Chrome/41.0.9771.1516 Mobile Safari/537.36"
93.115.13.183 - - [17/Jul/2026:22:58:42 -0600] "GET /wp-content/plugins/astra-addon/addons/nav-menu/assets/css/minified/magamenu-frontend.min.css?ver=4.13.5 HTTP/2" 200 0 "https://dfwmagic.com/category/blog/" "Mozilla/5.0 (Linux; Android 6.0; Nexus 5 Build/MRA58N) AppleWebKit/537.36 (KHTML, like Gecko) Chrome/41.0.9771.1516 Mobile Safari/537.36"
142.111.93.214 - - [17/Jul/2026:23:03:14 -0600] "GET /robots.txt HTTP/1.1" 200 96 "https://www.dfwmagic.com/robots.txt" "Googlebot"
152.232.122.78 - - [17/Jul/2026:23:12:43 -0600] "GET / HTTP/1.1" 301 0 "-" "Mozilla/5.0 (compatible; Googlebot/2.1; +http://www.google.com/bot.html)"
152.232.122.77 - - [17/Jul/2026:23:11:04 -0600] "GET /kids-magic-shows-in-trophy-club/ HTTP/1.1" 200 30524 "-" "Mozilla/5.0 (compatible; Googlebot/2.1; +http://www.google.com/bot.html)"
142.111.93.217 - - [17/Jul/2026:23:12:10 -0600] "GET /magic-shows-near-me-in-mckinney-texas/ HTTP/1.1" 200 29962 "-" "Mozilla/5.0 (compatible; Googlebot/2.1; +http://www.google.com/bot.html)"
142.111.93.216 - - [17/Jul/2026:23:11:38 -0600] "GET /magic-shows-near-me-in-lewisville-texas/ HTTP/1.1" 200 29642 "-" "Mozilla/5.0 (compatible; Googlebot/2.1; +http://www.google.com/bot.html)"
198.175.150.9 - - [17/Jul/2026:23:34:30 -0600] "POST /wp-cron.php?doing_wp_cron=1784352870.9072239398956298828125 HTTP/1.1" 200 0 "-" "WordPress/7.0.1; https://dfwmagic.com"
198.175.150.9 - - [17/Jul/2026:23:34:30 -0600] "POST /wp-cron.php?doing_wp_cron=1784352870.9775099754333496093750 HTTP/1.1" 200 0 "-" "WordPress/7.0.1; https://dfwmagic.com"
216.73.216.143 - - [17/Jul/2026:23:34:29 -0600] "GET /robots.txt HTTP/2" 200 96 "-" "Mozilla/5.0 AppleWebKit/537.36 (KHTML, like Gecko; compatible; ClaudeBot/1.0; +claudebot@anthropic.com)"
216.73.216.143 - - [17/Jul/2026:23:34:32 -0600] "GET /wp-sitemap.xml HTTP/2" 200 197 "-" "Mozilla/5.0 AppleWebKit/537.36 (KHTML, like Gecko; compatible; ClaudeBot/1.0; +claudebot@anthropic.com)"
198.175.150.9 - - [17/Jul/2026:23:34:31 -0600] "POST /wp-cron.php?doing_wp_cron=1784352870.9996330738067626953125 HTTP/1.1" 200 0 "-" "WordPress/7.0.1; https://dfwmagic.com"
198.175.150.9 - - [17/Jul/2026:23:45:07 -0600] "POST /wp-cron.php?doing_wp_cron=1784353507.0439670085906982421875 HTTP/1.1" 200 0 "-" "WordPress/7.0.1; https://dfwmagic.com"
54.39.136.237 - - [17/Jul/2026:23:45:05 -0600] "GET /robots.txt HTTP/2" 200 96 "-" "Mozilla/5.0 (compatible; AhrefsBot/7.0; +http://ahrefs.com/robot/)"
15.235.27.43 - - [17/Jul/2026:23:45:08 -0600] "GET /forney-birthday-party-magic-show/ HTTP/2" 200 30901 "-" "Mozilla/5.0 (compatible; AhrefsBot/7.0; +http://ahrefs.com/robot/)"
198.175.150.9 - - [18/Jul/2026:00:35:09 -0600] "POST /wp-cron.php?doing_wp_cron=1784356509.5069971084594726562500 HTTP/1.1" 200 0 "-" "WordPress/7.0.1; https://dfwmagic.com"
198.175.150.9 - - [18/Jul/2026:00:35:09 -0600] "POST /wp-cron.php?doing_wp_cron=1784356509.5771930217742919921875 HTTP/1.1" 200 0 "-" "WordPress/7.0.1; https://dfwmagic.com"
152.232.122.79 - - [18/Jul/2026:00:38:31 -0600] "GET /kids-magic-shows-in-corinth/ HTTP/1.1" 200 30475 "-" "Mozilla/5.0 (compatible; Googlebot/2.1; +http://www.google.com/bot.html)"
142.111.93.218 - - [18/Jul/2026:00:48:51 -0600] "GET /kids-magic-shows-in-hurst/ HTTP/1.1" 200 30513 "-" "Mozilla/5.0 (compatible; Googlebot/2.1; +http://www.google.com/bot.html)"
20.169.78.186 - - [18/Jul/2026:01:08:17 -0600] "GET / HTTP/2" 200 29044 "-" "Mozilla/5.0 AppleWebKit/537.36 (KHTML, like Gecko); compatible; ChatGPT-User/1.0; +https://openai.com/bot"
