File: /home/dfwparty/access-logs/magicalmatty.fun.dfw.party
216.244.66.200 - - [17/Jul/2026:19:31:00 -0600] "GET /funny-dallas-clown-video-somethings-on-his-face/feed/ HTTP/1.1" 200 737 "-" "Mozilla/5.0 (compatible; DotBot/1.2; +https://opensiteexplorer.org/dotbot; help@moz.com)"
216.244.66.200 - - [17/Jul/2026:19:31:05 -0600] "GET /how-to-make-an-object-disappear-magical-matty/feed/ HTTP/1.1" 200 735 "-" "Mozilla/5.0 (compatible; DotBot/1.2; +https://opensiteexplorer.org/dotbot; help@moz.com)"
216.244.66.200 - - [17/Jul/2026:19:31:10 -0600] "GET /tag/fizzy-jokes/feed/ HTTP/1.1" 200 844 "-" "Mozilla/5.0 (compatible; DotBot/1.2; +https://opensiteexplorer.org/dotbot; help@moz.com)"
198.175.150.9 - - [17/Jul/2026:19:31:01 -0600] "POST /wp-cron.php?doing_wp_cron=1784338261.4000658988952636718750 HTTP/1.1" 200 0 "-" "WordPress/7.0.1; https://magicalmatty.fun"
216.244.66.200 - - [17/Jul/2026:19:31:13 -0600] "GET /tag/kids/feed/ HTTP/1.1" 200 837 "-" "Mozilla/5.0 (compatible; DotBot/1.2; +https://opensiteexplorer.org/dotbot; help@moz.com)"
216.244.66.200 - - [17/Jul/2026:19:31:16 -0600] "GET /tag/puppet-jokes/feed/ HTTP/1.1" 200 845 "-" "Mozilla/5.0 (compatible; DotBot/1.2; +https://opensiteexplorer.org/dotbot; help@moz.com)"
216.244.66.200 - - [17/Jul/2026:19:31:19 -0600] "GET /tag/simple-magic-trick/feed/ HTTP/1.1" 200 851 "-" "Mozilla/5.0 (compatible; DotBot/1.2; +https://opensiteexplorer.org/dotbot; help@moz.com)"
216.244.66.200 - - [17/Jul/2026:19:26:29 -0600] "GET /robots.txt HTTP/1.1" 200 117 "-" "Mozilla/5.0 (compatible; DotBot/1.2; +https://opensiteexplorer.org/dotbot; help@moz.com)"
198.175.150.9 - - [17/Jul/2026:19:31:01 -0600] "POST /wp-cron.php?doing_wp_cron=1784338261.3773651123046875000000 HTTP/1.1" 200 0 "-" "WordPress/7.0.1; https://magicalmatty.fun"
216.244.66.200 - - [17/Jul/2026:20:16:15 -0600] "GET /tag/allen/feed/ HTTP/1.1" 200 838 "-" "Mozilla/5.0 (compatible; DotBot/1.2; +https://opensiteexplorer.org/dotbot; help@moz.com)"
216.244.66.200 - - [17/Jul/2026:20:16:10 -0600] "GET /matty-mcfun-bought-a-pillow/feed/ HTTP/1.1" 200 717 "-" "Mozilla/5.0 (compatible; DotBot/1.2; +https://opensiteexplorer.org/dotbot; help@moz.com)"
216.244.66.200 - - [17/Jul/2026:20:11:28 -0600] "GET /robots.txt HTTP/1.1" 200 117 "-" "Mozilla/5.0 (compatible; DotBot/1.2; +https://opensiteexplorer.org/dotbot; help@moz.com)"
216.244.66.200 - - [17/Jul/2026:20:59:25 -0600] "GET /robots.txt HTTP/1.1" 200 117 "-" "Mozilla/5.0 (compatible; DotBot/1.2; +https://opensiteexplorer.org/dotbot; help@moz.com)"
216.244.66.200 - - [17/Jul/2026:21:06:10 -0600] "GET /electric-power-strip/feed/ HTTP/1.1" 200 710 "-" "Mozilla/5.0 (compatible; DotBot/1.2; +https://opensiteexplorer.org/dotbot; help@moz.com)"
198.175.150.9 - - [17/Jul/2026:21:46:56 -0600] "POST /wp-cron.php?doing_wp_cron=1784346416.6306169033050537109375 HTTP/1.1" 200 0 "-" "WordPress/7.0.1; https://magicalmatty.fun"
198.175.150.9 - - [17/Jul/2026:21:53:23 -0600] "POST /wp-cron.php?doing_wp_cron=1784346803.3947439193725585937500 HTTP/1.1" 200 0 "-" "WordPress/7.0.1; https://magicalmatty.fun"
216.244.66.200 - - [17/Jul/2026:21:53:22 -0600] "GET /PartyArtHome.html HTTP/1.1" 404 100536 "-" "Mozilla/5.0 (compatible; DotBot/1.2; +https://opensiteexplorer.org/dotbot; help@moz.com)"
216.244.66.200 - - [17/Jul/2026:21:53:27 -0600] "GET /pirate-plano-tx/feed/ HTTP/1.1" 200 705 "-" "Mozilla/5.0 (compatible; DotBot/1.2; +https://opensiteexplorer.org/dotbot; help@moz.com)"
216.244.66.200 - - [17/Jul/2026:21:53:39 -0600] "GET /tag/fun-birthday/feed/ HTTP/1.1" 200 845 "-" "Mozilla/5.0 (compatible; DotBot/1.2; +https://opensiteexplorer.org/dotbot; help@moz.com)"
216.244.66.200 - - [17/Jul/2026:21:53:43 -0600] "GET /tag/fun-magic/feed/ HTTP/1.1" 200 842 "-" "Mozilla/5.0 (compatible; DotBot/1.2; +https://opensiteexplorer.org/dotbot; help@moz.com)"
198.175.150.9 - - [17/Jul/2026:21:46:56 -0600] "POST /wp-cron.php?doing_wp_cron=1784346416.6515738964080810546875 HTTP/1.1" 200 0 "-" "WordPress/7.0.1; https://magicalmatty.fun"
216.244.66.200 - - [17/Jul/2026:21:53:35 -0600] "GET /product-tag/magic-book/feed/ HTTP/1.1" 200 712 "-" "Mozilla/5.0 (compatible; DotBot/1.2; +https://opensiteexplorer.org/dotbot; help@moz.com)"
216.244.66.200 - - [17/Jul/2026:21:46:56 -0600] "GET /robots.txt HTTP/1.1" 200 117 "-" "Mozilla/5.0 (compatible; DotBot/1.2; +https://opensiteexplorer.org/dotbot; help@moz.com)"
216.244.66.200 - - [17/Jul/2026:22:42:28 -0600] "GET /caricatures-garland/feed/ HTTP/1.1" 200 709 "-" "Mozilla/5.0 (compatible; DotBot/1.2; +https://opensiteexplorer.org/dotbot; help@moz.com)"
216.244.66.200 - - [17/Jul/2026:22:42:36 -0600] "GET /tag/denton/feed/ HTTP/1.1" 200 839 "-" "Mozilla/5.0 (compatible; DotBot/1.2; +https://opensiteexplorer.org/dotbot; help@moz.com)"
216.244.66.200 - - [17/Jul/2026:22:42:32 -0600] "GET /matty-mcfun-the-silly-clown-shows-you-how-magic-really-works/feed/ HTTP/1.1" 200 750 "-" "Mozilla/5.0 (compatible; DotBot/1.2; +https://opensiteexplorer.org/dotbot; help@moz.com)"
216.244.66.200 - - [17/Jul/2026:22:42:41 -0600] "GET /tag/magcial-matty/feed/ HTTP/1.1" 200 846 "-" "Mozilla/5.0 (compatible; DotBot/1.2; +https://opensiteexplorer.org/dotbot; help@moz.com)"
216.244.66.200 - - [17/Jul/2026:22:42:43 -0600] "GET /tag/silly-magic/feed/ HTTP/1.1" 200 844 "-" "Mozilla/5.0 (compatible; DotBot/1.2; +https://opensiteexplorer.org/dotbot; help@moz.com)"
216.244.66.200 - - [17/Jul/2026:22:40:16 -0600] "GET /sitemap.xml HTTP/1.1" 301 0 "-" "Mozilla/5.0 (compatible; DotBot/1.2; +https://opensiteexplorer.org/dotbot; help@moz.com)"
216.244.66.200 - - [17/Jul/2026:22:42:38 -0600] "GET /tag/elephant-jokes/feed/ HTTP/1.1" 200 847 "-" "Mozilla/5.0 (compatible; DotBot/1.2; +https://opensiteexplorer.org/dotbot; help@moz.com)"
216.244.66.200 - - [17/Jul/2026:22:35:36 -0600] "GET /robots.txt HTTP/1.1" 200 117 "-" "Mozilla/5.0 (compatible; DotBot/1.2; +https://opensiteexplorer.org/dotbot; help@moz.com)"
216.244.66.200 - - [17/Jul/2026:22:42:24 -0600] "GET /agic-cut-restore-balloon-trick-magical-matty/feed/ HTTP/1.1" 200 734 "-" "Mozilla/5.0 (compatible; DotBot/1.2; +https://opensiteexplorer.org/dotbot; help@moz.com)"
216.244.66.200 - - [17/Jul/2026:23:32:18 -0600] "GET /ColoringPages.html HTTP/1.1" 404 100536 "-" "Mozilla/5.0 (compatible; DotBot/1.2; +https://opensiteexplorer.org/dotbot; help@moz.com)"
216.244.66.200 - - [17/Jul/2026:23:32:24 -0600] "GET /fun-birthday-party-entertainment-dallas/feed/ HTTP/1.1" 200 729 "-" "Mozilla/5.0 (compatible; DotBot/1.2; +https://opensiteexplorer.org/dotbot; help@moz.com)"
216.244.66.200 - - [17/Jul/2026:23:32:28 -0600] "GET /tag/clown-balloons/feed/ HTTP/1.1" 200 847 "-" "Mozilla/5.0 (compatible; DotBot/1.2; +https://opensiteexplorer.org/dotbot; help@moz.com)"
216.244.66.200 - - [17/Jul/2026:23:32:32 -0600] "GET /tag/electrical/feed/ HTTP/1.1" 200 843 "-" "Mozilla/5.0 (compatible; DotBot/1.2; +https://opensiteexplorer.org/dotbot; help@moz.com)"
216.244.66.200 - - [17/Jul/2026:23:25:52 -0600] "GET /robots.txt HTTP/1.1" 200 117 "-" "Mozilla/5.0 (compatible; DotBot/1.2; +https://opensiteexplorer.org/dotbot; help@moz.com)"
51.195.244.242 - - [18/Jul/2026:00:44:02 -0600] "GET /robots.txt HTTP/1.1" 301 0 "-" "Mozilla/5.0 (compatible; AhrefsBot/7.0; +http://ahrefs.com/robot/)"
216.244.66.200 - - [18/Jul/2026:02:39:17 -0600] "GET /robots.txt HTTP/1.1" 200 117 "-" "Mozilla/5.0 (compatible; DotBot/1.2; +https://opensiteexplorer.org/dotbot; help@moz.com)"
198.175.150.9 - - [18/Jul/2026:00:16:01 -0600] "POST /wp-cron.php?doing_wp_cron=1784355361.9301950931549072265625 HTTP/1.1" 200 0 "-" "WordPress/7.0.1; https://magicalmatty.fun"
198.175.150.9 - - [18/Jul/2026:00:16:02 -0600] "POST /wp-cron.php?doing_wp_cron=1784355362.0190510749816894531250 HTTP/1.1" 200 0 "-" "WordPress/7.0.1; https://magicalmatty.fun"
216.244.66.200 - - [18/Jul/2026:00:22:11 -0600] "GET /product-tag/fun-story/feed/ HTTP/1.1" 200 711 "-" "Mozilla/5.0 (compatible; DotBot/1.2; +https://opensiteexplorer.org/dotbot; help@moz.com)"
216.244.66.200 - - [18/Jul/2026:00:22:15 -0600] "GET /real-magic-vs-clown-magic-balloon-trick/feed/ HTTP/1.1" 200 729 "-" "Mozilla/5.0 (compatible; DotBot/1.2; +https://opensiteexplorer.org/dotbot; help@moz.com)"
216.244.66.200 - - [18/Jul/2026:00:22:23 -0600] "GET /vote-for-matty-mcfun/feed/ HTTP/1.1" 200 710 "-" "Mozilla/5.0 (compatible; DotBot/1.2; +https://opensiteexplorer.org/dotbot; help@moz.com)"
216.244.66.200 - - [18/Jul/2026:00:24:45 -0600] "GET /santa/ HTTP/1.1" 301 0 "-" "Mozilla/5.0 (compatible; DotBot/1.2; +https://opensiteexplorer.org/dotbot; help@moz.com)"
175.27.136.83 - - [18/Jul/2026:00:27:17 -0600] "GET / HTTP/1.1" 403 72 "-" "Mozilla/5.0 (iPhone; CPU iPhone OS 13_2_3 like Mac OS X) AppleWebKit/605.1.15 (KHTML, like Gecko) Version/13.0.3 Mobile/15E148 Safari/604.1"
216.244.66.200 - - [18/Jul/2026:02:42:04 -0600] "GET / HTTP/1.1" 301 0 "-" "Mozilla/5.0 (compatible; DotBot/1.2; +https://opensiteexplorer.org/dotbot; help@moz.com)"
198.175.150.9 - - [18/Jul/2026:00:16:02 -0600] "POST /wp-cron.php?doing_wp_cron=1784355362.0303349494934082031250 HTTP/1.1" 200 0 "-" "WordPress/7.0.1; https://magicalmatty.fun"
216.244.66.200 - - [18/Jul/2026:00:16:00 -0600] "GET /robots.txt HTTP/1.1" 200 117 "-" "Mozilla/5.0 (compatible; DotBot/1.2; +https://opensiteexplorer.org/dotbot; help@moz.com)"
51.195.244.242 - - [18/Jul/2026:00:44:03 -0600] "GET /robots.txt HTTP/1.1" 200 95 "-" "Mozilla/5.0 (compatible; AhrefsBot/7.0; +http://ahrefs.com/robot/)"
142.44.220.13 - - [18/Jul/2026:00:44:05 -0600] "GET / HTTP/1.1" 301 0 "-" "Mozilla/5.0 (compatible; AhrefsBot/7.0; +http://ahrefs.com/robot/)"
174.138.7.93 - - [18/Jul/2026:01:51:18 -0600] "GET /favicon.ico HTTP/1.1" 404 4983 "http://magicalmatty.fun/" "Mozilla/5.0 (X11; Linux x86_64) AppleWebKit/537.36 (KHTML, like Gecko) Chrome/142.0.0.0 Safari/537.36"
198.175.150.9 - - [18/Jul/2026:01:03:24 -0600] "POST /wp-cron.php?doing_wp_cron=1784358204.4487049579620361328125 HTTP/1.1" 200 0 "-" "WordPress/7.0.1; https://magicalmatty.fun"
216.244.66.200 - - [18/Jul/2026:01:03:23 -0600] "GET /robots.txt HTTP/1.1" 200 117 "-" "Mozilla/5.0 (compatible; DotBot/1.2; +https://opensiteexplorer.org/dotbot; help@moz.com)"
216.244.66.200 - - [18/Jul/2026:01:09:28 -0600] "GET /tag/tx/page/2/ HTTP/1.1" 404 100536 "-" "Mozilla/5.0 (compatible; DotBot/1.2; +https://opensiteexplorer.org/dotbot; help@moz.com)"
84.38.185.203 - - [18/Jul/2026:01:33:38 -0600] "GET /wp-json/wp/v2/posts HTTP/1.1" 200 15184 "-" "Mozilla/5.0 (Windows NT 10.0; Win64; x64) AppleWebKit/537.36 (KHTML, like Gecko) Chrome/120.0.0.0 Safari/537.36"
174.138.7.93 - - [18/Jul/2026:01:51:17 -0600] "GET / HTTP/1.1" 301 0 "-" "Mozilla/5.0 (X11; Linux x86_64) AppleWebKit/537.36 (KHTML, like Gecko) Chrome/142.0.0.0 Safari/537.36"
198.235.24.129 - - [18/Jul/2026:02:43:18 -0600] "GET / HTTP/1.1" 301 0 "-" "Hello from Palo Alto Networks, find out more about our scans in https://docs-cortex.paloaltonetworks.com/r/1/Cortex-Xpanse/Scanning-activity"
216.244.66.200 - - [18/Jul/2026:05:07:25 -0600] "GET /robots.txt HTTP/1.1" 200 117 "-" "Mozilla/5.0 (compatible; DotBot/1.2; +https://opensiteexplorer.org/dotbot; help@moz.com)"
216.244.66.200 - - [18/Jul/2026:05:16:35 -0600] "GET /wp-content/uploads/2023/05/IMG_3462.jpg HTTP/1.1" 200 29097 "-" "Mozilla/5.0 (compatible; DotBot/1.2; +https://opensiteexplorer.org/dotbot; help@moz.com)"
43.162.95.192 - - [18/Jul/2026:06:14:14 -0600] "GET / HTTP/1.1" 301 0 "-" "Mozilla/5.0 (iPhone; CPU iPhone OS 13_2_3 like Mac OS X) AppleWebKit/605.1.15 (KHTML, like Gecko) Version/13.0.3 Mobile/15E148 Safari/604.1"
216.244.66.200 - - [18/Jul/2026:07:32:28 -0600] "GET /robots.txt HTTP/1.1" 200 117 "-" "Mozilla/5.0 (compatible; DotBot/1.2; +https://opensiteexplorer.org/dotbot; help@moz.com)"
216.244.66.200 - - [18/Jul/2026:07:41:17 -0600] "GET /wp-content/uploads/2023/05/IMG_3601.jpg HTTP/1.1" 200 41782 "-" "Mozilla/5.0 (compatible; DotBot/1.2; +https://opensiteexplorer.org/dotbot; help@moz.com)"
216.244.66.200 - - [18/Jul/2026:08:19:25 -0600] "GET /robots.txt HTTP/1.1" 200 117 "-" "Mozilla/5.0 (compatible; DotBot/1.2; +https://opensiteexplorer.org/dotbot; help@moz.com)"
216.244.66.200 - - [18/Jul/2026:08:21:48 -0600] "GET /amazing-kids-magic-shows-in-plano-texas/feed/ HTTP/1.1" 200 841 "-" "Mozilla/5.0 (compatible; DotBot/1.2; +https://opensiteexplorer.org/dotbot; help@moz.com)"
198.175.150.9 - - [18/Jul/2026:08:19:26 -0600] "POST /wp-cron.php?doing_wp_cron=1784384366.1998050212860107421875 HTTP/1.1" 200 0 "-" "WordPress/7.0.2; https://magicalmatty.fun"
198.175.150.9 - - [18/Jul/2026:08:19:26 -0600] "POST /wp-cron.php?doing_wp_cron=1784384366.2208070755004882812500 HTTP/1.1" 200 0 "-" "WordPress/7.0.2; https://magicalmatty.fun"